{"id":4242,"date":"2026-03-19T19:21:36","date_gmt":"2026-03-19T19:21:36","guid":{"rendered":"https:\/\/www.ogrodolszanica.pl\/?post_type=product&#038;p=4242"},"modified":"2026-03-19T19:21:37","modified_gmt":"2026-03-19T19:21:37","slug":"ziemia-uniwersalna-biovita-20l","status":"publish","type":"product","link":"https:\/\/www.ogrodolszanica.pl\/index.php\/produkt\/ziemia-uniwersalna-biovita-20l\/","title":{"rendered":"Ziemia Uniwersalna BIOVITA 20L"},"content":{"rendered":"<div class=\"mp4t_16_s mryx_16_s mr3m_1 mli2_1 mh85_56 mh85_0_l\">\n<div class=\"mg9e_8 mj7a_8 mg9e_0_s mvrt_0_s mj7a_0_s mh36_0_s mzmg_6m munh_16_l m3h2_16_l\">\n<div class=\"mp4t_0 mryx_0 munh_56 m3h2_56\">\n<div class=\"mp7g_oh\"><button class=\"mg9e_0 mvrt_0 mj7a_0 mh36_0 mp4t_0 m3h2_0 mryx_0 munh_0 mqen_m6 mpof_z0 mx7m_0 m7er_k4 mse2_k4 msts_pt\" data-analytics-interaction=\"true\" data-analytics-interaction-label=\"zoomable-image-open\" aria-disabled=\"true\"><img decoding=\"async\" class=\"msub_k4 mupj_5k mjru_k4 mse2_k4 mp7g_f6 mq1m_0 mj7u_0 m7er_k4 mqen_m6 m31c_d8 m0ux_fp lazyloaded\" src=\"https:\/\/a.allegroimg.com\/original\/1172f2\/0a4376804dd78db38c06632a320d\/Ziemia-Uniwersalna-BIOVITA-20L-ziemia-z-nawozem\" sizes=\"(min-width: 1200px) 560px, (min-width: 992px) 50vw, 100vw\" srcset=\"https:\/\/a.allegroimg.com\/s360\/1172f2\/0a4376804dd78db38c06632a320d\/Ziemia-Uniwersalna-BIOVITA-20L-ziemia-z-nawozem 360w,https:\/\/a.allegroimg.com\/s720\/1172f2\/0a4376804dd78db38c06632a320d\/Ziemia-Uniwersalna-BIOVITA-20L-ziemia-z-nawozem 720w,https:\/\/a.allegroimg.com\/s1024\/1172f2\/0a4376804dd78db38c06632a320d\/Ziemia-Uniwersalna-BIOVITA-20L-ziemia-z-nawozem 1024w,https:\/\/a.allegroimg.com\/s1440\/1172f2\/0a4376804dd78db38c06632a320d\/Ziemia-Uniwersalna-BIOVITA-20L-ziemia-z-nawozem 1440w,https:\/\/a.allegroimg.com\/original\/1172f2\/0a4376804dd78db38c06632a320d\/Ziemia-Uniwersalna-BIOVITA-20L-ziemia-z-nawozem 2560w\" alt=\"Ziemia Uniwersalna BIOVITA 20L ziemia z nawozem\" width=\"2560px\" data-srcset=\"\" \/><\/button><\/div>\n<\/div>\n<\/div>\n<\/div>\n<div class=\"mp4t_16_s mryx_16_s mr3m_1 mli2_1 mh85_56 mh85_0_l\">\n<div class=\"mgn2_16 _0d3bd_am0a-\">\n<p>Ziemia uniwersalna BIOVITA jest niezast\u0105pionym pod\u0142o\u017cem do sadzenia oraz przesadzenia ro\u015blin ozdobnych w domach, ogrodach, na balkonach i tarasach, z wyj\u0105tkiem ro\u015blin kwasolubnych. Zawiera naw\u00f3z wielosk\u0142adnikowy, dzi\u0119ki czemu nie wymaga nawo\u017cenia przez okres 4 do 6 tygodni. Zawarty w pod\u0142o\u017cu torf wysoki zwi\u0119ksza pojemno\u015b\u0107 powietrzn\u0105, poprawia struktur\u0119, stwarza korzystne warunki do rozwoju systemu korzeniowego. Odpowiednio skomponowana mieszanka sk\u0142adnik\u00f3w zapewnia bardzo dobr\u0105 pojemno\u015b\u0107 wodn\u0105, nie nale\u017cy jednak dopuszcza\u0107 do ca\u0142kowitego wysychania pod\u0142o\u017ca. Starannie dobrany sk\u0142ad chemiczny i fizyczny ziemi stwarza ro\u015blinom dogodne warunki rozwoju i wegetacji.<\/p>\n<p>Pod\u0142o\u017ce wielosk\u0142adnikowe, gotowe do u\u017cycia.<\/p>\n<h1>pH: 5,5 &#8211; 6,5<\/h1>\n<h2>Kilka przydatnych informacji :<\/h2>\n<p>&#8211; ro\u015bliny mo\u017cna sadzi\u0107 i przesadza\u0107 w czasie ca\u0142ego okresu wegetacyjnego unikaj\u0105c jednak momentu intensywnego kwitnienia i czasu spoczynku zimowego,<\/p>\n<p>&#8211; przy sadzeniu i przesadzaniu nale\u017cy uwa\u017ca\u0107, aby nie uszkodzi\u0107 systemu korzeniowego ro\u015blin,<\/p>\n<p>&#8211; bry\u0142\u0119 korzeniow\u0105 delikatnie oczy\u015bci\u0107 z obumar\u0142ych cz\u0119\u015bci, przesuszon\u0105 zanurzy\u0107 na oko\u0142o 1 min. w wodzie,<\/p>\n<p>&#8211; sadz\u0105c ro\u015blin\u0119 w pojemniku nie zapominamy o warstwie drena\u017cu, np. keramzyt Biovita,<\/p>\n<p>&#8211; nowa doniczka powinna by\u0107 nieco wi\u0119ksza od dotychczasowej,<\/p>\n<p>&#8211; po przesadzeniu podlewamy obficie,<\/p>\n<p>&#8211; sadz\u0105c ro\u015bliny w ogrodzie ziemi\u0119 z wykopu mo\u017cna cz\u0119\u015bciowo zmiesza\u0107 z gotowym pod\u0142o\u017cem Biovita.<\/p>\n<h1>Dlaczego warto kupi\u0107 produkt?<\/h1>\n<p>&#8211; produkt naturalnego pochodzenia<\/p>\n<p>&#8211; dobra pojemno\u015b\u0107 wodna<\/p>\n<p>&#8211; ziemia zawiera \u0142atwo przyswajalne makro oraz mikroelementy<\/p>\n<p>&#8211; zapewnia prawid\u0142owy rozw\u00f3j ro\u015blin<\/p>\n<h1>Zastosowanie:<\/h1>\n<p>Produkt nadaje si\u0119 do wsadzania, przesadzania, podsypywania ro\u015blin doniczkowych, ogrodowych, rabatowych oraz warzywniczych. Nie nale\u017cy stosowa\u0107 do ro\u015blin kwasolubnych.d<\/p>\n<\/div>\n<\/div>\n","protected":false},"excerpt":{"rendered":"<p>Ziemia uniwersalna BIOVITA jest niezast\u0105pionym pod\u0142o\u017cem do sadzenia oraz przesadzenia ro\u015blin ozdobnych w domach, ogrodach, na balkonach i tarasach, z wyj\u0105tkiem ro\u015blin kwasolubnych. Zawiera naw\u00f3z wielosk\u0142adnikowy, dzi\u0119ki czemu nie wymaga nawo\u017cenia przez okres 4 do 6 tygodni. Zawarty w pod\u0142o\u017cu torf wysoki zwi\u0119ksza pojemno\u015b\u0107 powietrzn\u0105, poprawia struktur\u0119, stwarza korzystne warunki do rozwoju systemu korzeniowego. Odpowiednio &hellip;<\/p>\n<p class=\"read-more\"> <a class=\"\" href=\"https:\/\/www.ogrodolszanica.pl\/index.php\/produkt\/ziemia-uniwersalna-biovita-20l\/\"> <span class=\"screen-reader-text\">Ziemia Uniwersalna BIOVITA 20L<\/span> Read More &raquo;<\/a><\/p>\n","protected":false},"featured_media":4243,"comment_status":"open","ping_status":"closed","template":"","meta":{"site-sidebar-layout":"default","site-content-layout":"default","ast-global-header-display":"","ast-main-header-display":"","ast-hfb-above-header-display":"","ast-hfb-below-header-display":"","ast-hfb-mobile-header-display":"","site-post-title":"","ast-breadcrumbs-content":"","ast-featured-img":"","footer-sml-layout":"","theme-transparent-header-meta":"default","adv-header-id-meta":"","stick-header-meta":"","header-above-stick-meta":"","header-main-stick-meta":"","header-below-stick-meta":"","spay_email":""},"product_cat":[28],"product_tag":[],"class_list":["post-4242","product","type-product","status-publish","has-post-thumbnail","hentry","product_cat-podloza"],"yoast_head":"<!-- This site is optimized with the Yoast SEO plugin v19.2 - https:\/\/yoast.com\/wordpress\/plugins\/seo\/ -->\n<title>Ziemia Uniwersalna BIOVITA 20L - Ogr&oacute;d Olszanica<\/title>\n<meta name=\"robots\" content=\"index, follow, max-snippet:-1, max-image-preview:large, max-video-preview:-1\" \/>\n<link rel=\"canonical\" href=\"https:\/\/www.ogrodolszanica.pl\/index.php\/produkt\/ziemia-uniwersalna-biovita-20l\/\" \/>\n<meta property=\"og:locale\" content=\"pl_PL\" \/>\n<meta property=\"og:type\" content=\"article\" \/>\n<meta property=\"og:title\" content=\"Ziemia Uniwersalna BIOVITA 20L - Ogr&oacute;d Olszanica\" \/>\n<meta property=\"og:description\" content=\"Ziemia uniwersalna BIOVITA jest niezast\u0105pionym pod\u0142o\u017cem do sadzenia oraz przesadzenia ro\u015blin ozdobnych w domach, ogrodach, na balkonach i tarasach, z wyj\u0105tkiem ro\u015blin kwasolubnych. Zawiera naw\u00f3z wielosk\u0142adnikowy, dzi\u0119ki czemu nie wymaga nawo\u017cenia przez okres 4 do 6 tygodni. Zawarty w pod\u0142o\u017cu torf wysoki zwi\u0119ksza pojemno\u015b\u0107 powietrzn\u0105, poprawia struktur\u0119, stwarza korzystne warunki do rozwoju systemu korzeniowego. Odpowiednio &hellip; Ziemia Uniwersalna BIOVITA 20L Read More &raquo;\" \/>\n<meta property=\"og:url\" content=\"https:\/\/www.ogrodolszanica.pl\/index.php\/produkt\/ziemia-uniwersalna-biovita-20l\/\" \/>\n<meta property=\"og:site_name\" content=\"Ogr&oacute;d Olszanica\" \/>\n<meta property=\"article:publisher\" content=\"https:\/\/www.facebook.com\/Ogrd-Olszanica-100807179225223\" \/>\n<meta property=\"article:modified_time\" content=\"2026-03-19T19:21:37+00:00\" \/>\n<meta property=\"og:image\" content=\"https:\/\/www.ogrodolszanica.pl\/wp-content\/uploads\/2026\/03\/8307469213d1de209953e73e3bf7a8ec.jpg\" \/>\n\t<meta property=\"og:image:width\" content=\"1024\" \/>\n\t<meta property=\"og:image:height\" content=\"1024\" \/>\n\t<meta property=\"og:image:type\" content=\"image\/jpeg\" \/>\n<meta name=\"author\" content=\"admin\" \/>\n<meta name=\"twitter:card\" content=\"summary_large_image\" \/>\n<meta name=\"twitter:label1\" content=\"Szacowany czas czytania\" \/>\n\t<meta name=\"twitter:data1\" content=\"1 minuta\" \/>\n<script type=\"application\/ld+json\" class=\"yoast-schema-graph\">{\"@context\":\"https:\/\/schema.org\",\"@graph\":[{\"@type\":\"Organization\",\"@id\":\"https:\/\/www.ogrodolszanica.pl\/#organization\",\"name\":\"Ogr\u00f3d Olszanica - Krakowskie Centrum Ogrodnicze\",\"url\":\"https:\/\/www.ogrodolszanica.pl\/\",\"sameAs\":[\"https:\/\/www.facebook.com\/Ogrd-Olszanica-100807179225223\"],\"logo\":{\"@type\":\"ImageObject\",\"inLanguage\":\"pl-PL\",\"@id\":\"https:\/\/www.ogrodolszanica.pl\/#\/schema\/logo\/image\/\",\"url\":\"http:\/\/www.ogrodolszanica.pl\/wp-content\/uploads\/2022\/06\/Ogrod-Olszanica1-1.png\",\"contentUrl\":\"http:\/\/www.ogrodolszanica.pl\/wp-content\/uploads\/2022\/06\/Ogrod-Olszanica1-1.png\",\"width\":180,\"height\":60,\"caption\":\"Ogr\u00f3d Olszanica - Krakowskie Centrum Ogrodnicze\"},\"image\":{\"@id\":\"https:\/\/www.ogrodolszanica.pl\/#\/schema\/logo\/image\/\"}},{\"@type\":\"WebSite\",\"@id\":\"https:\/\/www.ogrodolszanica.pl\/#website\",\"url\":\"https:\/\/www.ogrodolszanica.pl\/\",\"name\":\"Ogr&oacute;d Olszanica\",\"description\":\"Centrum Ogrodnicze Krak&oacute;w\",\"publisher\":{\"@id\":\"https:\/\/www.ogrodolszanica.pl\/#organization\"},\"potentialAction\":[{\"@type\":\"SearchAction\",\"target\":{\"@type\":\"EntryPoint\",\"urlTemplate\":\"https:\/\/www.ogrodolszanica.pl\/?s={search_term_string}\"},\"query-input\":\"required name=search_term_string\"}],\"inLanguage\":\"pl-PL\"},{\"@type\":\"ImageObject\",\"inLanguage\":\"pl-PL\",\"@id\":\"https:\/\/www.ogrodolszanica.pl\/index.php\/produkt\/ziemia-uniwersalna-biovita-20l\/#primaryimage\",\"url\":\"https:\/\/i0.wp.com\/www.ogrodolszanica.pl\/wp-content\/uploads\/2026\/03\/8307469213d1de209953e73e3bf7a8ec.jpg?fit=1024%2C1024&ssl=1\",\"contentUrl\":\"https:\/\/i0.wp.com\/www.ogrodolszanica.pl\/wp-content\/uploads\/2026\/03\/8307469213d1de209953e73e3bf7a8ec.jpg?fit=1024%2C1024&ssl=1\",\"width\":1024,\"height\":1024},{\"@type\":\"WebPage\",\"@id\":\"https:\/\/www.ogrodolszanica.pl\/index.php\/produkt\/ziemia-uniwersalna-biovita-20l\/#webpage\",\"url\":\"https:\/\/www.ogrodolszanica.pl\/index.php\/produkt\/ziemia-uniwersalna-biovita-20l\/\",\"name\":\"Ziemia Uniwersalna BIOVITA 20L - Ogr&oacute;d Olszanica\",\"isPartOf\":{\"@id\":\"https:\/\/www.ogrodolszanica.pl\/#website\"},\"primaryImageOfPage\":{\"@id\":\"https:\/\/www.ogrodolszanica.pl\/index.php\/produkt\/ziemia-uniwersalna-biovita-20l\/#primaryimage\"},\"datePublished\":\"2026-03-19T19:21:36+00:00\",\"dateModified\":\"2026-03-19T19:21:37+00:00\",\"breadcrumb\":{\"@id\":\"https:\/\/www.ogrodolszanica.pl\/index.php\/produkt\/ziemia-uniwersalna-biovita-20l\/#breadcrumb\"},\"inLanguage\":\"pl-PL\",\"potentialAction\":[{\"@type\":\"ReadAction\",\"target\":[\"https:\/\/www.ogrodolszanica.pl\/index.php\/produkt\/ziemia-uniwersalna-biovita-20l\/\"]}]},{\"@type\":\"BreadcrumbList\",\"@id\":\"https:\/\/www.ogrodolszanica.pl\/index.php\/produkt\/ziemia-uniwersalna-biovita-20l\/#breadcrumb\",\"itemListElement\":[{\"@type\":\"ListItem\",\"position\":1,\"name\":\"Strona g\u0142\u00f3wna\",\"item\":\"https:\/\/www.ogrodolszanica.pl\/\"},{\"@type\":\"ListItem\",\"position\":2,\"name\":\"Produkty\",\"item\":\"https:\/\/www.ogrodolszanica.pl\/index.php\/shop\/\"},{\"@type\":\"ListItem\",\"position\":3,\"name\":\"Ziemia Uniwersalna BIOVITA 20L\"}]}]}<\/script>\n<!-- \/ Yoast SEO plugin. -->","yoast_head_json":{"title":"Ziemia Uniwersalna BIOVITA 20L - Ogr&oacute;d Olszanica","robots":{"index":"index","follow":"follow","max-snippet":"max-snippet:-1","max-image-preview":"max-image-preview:large","max-video-preview":"max-video-preview:-1"},"canonical":"https:\/\/www.ogrodolszanica.pl\/index.php\/produkt\/ziemia-uniwersalna-biovita-20l\/","og_locale":"pl_PL","og_type":"article","og_title":"Ziemia Uniwersalna BIOVITA 20L - Ogr&oacute;d Olszanica","og_description":"Ziemia uniwersalna BIOVITA jest niezast\u0105pionym pod\u0142o\u017cem do sadzenia oraz przesadzenia ro\u015blin ozdobnych w domach, ogrodach, na balkonach i tarasach, z wyj\u0105tkiem ro\u015blin kwasolubnych. Zawiera naw\u00f3z wielosk\u0142adnikowy, dzi\u0119ki czemu nie wymaga nawo\u017cenia przez okres 4 do 6 tygodni. Zawarty w pod\u0142o\u017cu torf wysoki zwi\u0119ksza pojemno\u015b\u0107 powietrzn\u0105, poprawia struktur\u0119, stwarza korzystne warunki do rozwoju systemu korzeniowego. Odpowiednio &hellip; Ziemia Uniwersalna BIOVITA 20L Read More &raquo;","og_url":"https:\/\/www.ogrodolszanica.pl\/index.php\/produkt\/ziemia-uniwersalna-biovita-20l\/","og_site_name":"Ogr&oacute;d Olszanica","article_publisher":"https:\/\/www.facebook.com\/Ogrd-Olszanica-100807179225223","article_modified_time":"2026-03-19T19:21:37+00:00","og_image":[{"width":1024,"height":1024,"url":"https:\/\/www.ogrodolszanica.pl\/wp-content\/uploads\/2026\/03\/8307469213d1de209953e73e3bf7a8ec.jpg","type":"image\/jpeg"}],"author":"admin","twitter_card":"summary_large_image","twitter_misc":{"Szacowany czas czytania":"1 minuta"},"schema":{"@context":"https:\/\/schema.org","@graph":[{"@type":"Organization","@id":"https:\/\/www.ogrodolszanica.pl\/#organization","name":"Ogr\u00f3d Olszanica - Krakowskie Centrum Ogrodnicze","url":"https:\/\/www.ogrodolszanica.pl\/","sameAs":["https:\/\/www.facebook.com\/Ogrd-Olszanica-100807179225223"],"logo":{"@type":"ImageObject","inLanguage":"pl-PL","@id":"https:\/\/www.ogrodolszanica.pl\/#\/schema\/logo\/image\/","url":"http:\/\/www.ogrodolszanica.pl\/wp-content\/uploads\/2022\/06\/Ogrod-Olszanica1-1.png","contentUrl":"http:\/\/www.ogrodolszanica.pl\/wp-content\/uploads\/2022\/06\/Ogrod-Olszanica1-1.png","width":180,"height":60,"caption":"Ogr\u00f3d Olszanica - Krakowskie Centrum Ogrodnicze"},"image":{"@id":"https:\/\/www.ogrodolszanica.pl\/#\/schema\/logo\/image\/"}},{"@type":"WebSite","@id":"https:\/\/www.ogrodolszanica.pl\/#website","url":"https:\/\/www.ogrodolszanica.pl\/","name":"Ogr&oacute;d Olszanica","description":"Centrum Ogrodnicze Krak&oacute;w","publisher":{"@id":"https:\/\/www.ogrodolszanica.pl\/#organization"},"potentialAction":[{"@type":"SearchAction","target":{"@type":"EntryPoint","urlTemplate":"https:\/\/www.ogrodolszanica.pl\/?s={search_term_string}"},"query-input":"required name=search_term_string"}],"inLanguage":"pl-PL"},{"@type":"ImageObject","inLanguage":"pl-PL","@id":"https:\/\/www.ogrodolszanica.pl\/index.php\/produkt\/ziemia-uniwersalna-biovita-20l\/#primaryimage","url":"https:\/\/i0.wp.com\/www.ogrodolszanica.pl\/wp-content\/uploads\/2026\/03\/8307469213d1de209953e73e3bf7a8ec.jpg?fit=1024%2C1024&ssl=1","contentUrl":"https:\/\/i0.wp.com\/www.ogrodolszanica.pl\/wp-content\/uploads\/2026\/03\/8307469213d1de209953e73e3bf7a8ec.jpg?fit=1024%2C1024&ssl=1","width":1024,"height":1024},{"@type":"WebPage","@id":"https:\/\/www.ogrodolszanica.pl\/index.php\/produkt\/ziemia-uniwersalna-biovita-20l\/#webpage","url":"https:\/\/www.ogrodolszanica.pl\/index.php\/produkt\/ziemia-uniwersalna-biovita-20l\/","name":"Ziemia Uniwersalna BIOVITA 20L - Ogr&oacute;d Olszanica","isPartOf":{"@id":"https:\/\/www.ogrodolszanica.pl\/#website"},"primaryImageOfPage":{"@id":"https:\/\/www.ogrodolszanica.pl\/index.php\/produkt\/ziemia-uniwersalna-biovita-20l\/#primaryimage"},"datePublished":"2026-03-19T19:21:36+00:00","dateModified":"2026-03-19T19:21:37+00:00","breadcrumb":{"@id":"https:\/\/www.ogrodolszanica.pl\/index.php\/produkt\/ziemia-uniwersalna-biovita-20l\/#breadcrumb"},"inLanguage":"pl-PL","potentialAction":[{"@type":"ReadAction","target":["https:\/\/www.ogrodolszanica.pl\/index.php\/produkt\/ziemia-uniwersalna-biovita-20l\/"]}]},{"@type":"BreadcrumbList","@id":"https:\/\/www.ogrodolszanica.pl\/index.php\/produkt\/ziemia-uniwersalna-biovita-20l\/#breadcrumb","itemListElement":[{"@type":"ListItem","position":1,"name":"Strona g\u0142\u00f3wna","item":"https:\/\/www.ogrodolszanica.pl\/"},{"@type":"ListItem","position":2,"name":"Produkty","item":"https:\/\/www.ogrodolszanica.pl\/index.php\/shop\/"},{"@type":"ListItem","position":3,"name":"Ziemia Uniwersalna BIOVITA 20L"}]}]}},"jetpack-related-posts":[{"id":3981,"url":"https:\/\/www.ogrodolszanica.pl\/index.php\/produkt\/ziemia-uniwersalna-biovita-10l\/","url_meta":{"origin":4242,"position":0},"title":"Ziemia Uniwersalna BIOVITA 10L","date":"3 marca, 2026","format":false,"excerpt":"Ziemia uniwersalna do kwiat\u00f3w Ziemia uniwersalna BIOVITA jest niezast\u0105pionym pod\u0142o\u017cem do sadzenia oraz przesadzenia ro\u015blin ozdobnych w domach, ogrodach, na balkonach i tarasach, z wyj\u0105tkiem ro\u015blin kwasolubnych. Zawiera naw\u00f3z wielosk\u0142adnikowy, dzi\u0119ki czemu nie wymaga nawo\u017cenia przez okres 4 do 6 tygodni. Zawarty w pod\u0142o\u017cu torf wysoki zwi\u0119ksza pojemno\u015b\u0107 powietrzn\u0105, poprawia\u2026","rel":"","context":"Similar post","img":{"alt_text":"","src":"https:\/\/i0.wp.com\/www.ogrodolszanica.pl\/wp-content\/uploads\/2026\/03\/ziemia-uniwersalna.jpg?fit=768%2C900&ssl=1&resize=350%2C200","width":350,"height":200},"classes":[]},{"id":1799,"url":"https:\/\/www.ogrodolszanica.pl\/index.php\/produkt\/ziemia-uniwersalna-do-kwiatow-i-warzyw-z-nawozem\/","url_meta":{"origin":4242,"position":1},"title":"Ziemia Uniwersalna Do Kwiat\u00f3w I Warzyw Z Nawozem 80 L","date":"19 lipca, 2022","format":false,"excerpt":"Ziemia Uniwersalna Do Kwiat\u00f3w I Warzyw Z Nawozem 80 L ilo\u015b\u0107: 80 L Brak mo\u017cliwo\u015bci wysy\u0142ki\u00a0 - odbi\u00f3r tylko osobisty lub dow\u00f3z na terenie Krakowa.","rel":"","context":"Similar post","img":{"alt_text":"","src":"https:\/\/i0.wp.com\/www.ogrodolszanica.pl\/wp-content\/uploads\/2022\/07\/ziemia-uniwerslna.jpg?fit=300%2C558&ssl=1&resize=350%2C200","width":350,"height":200},"classes":[]},{"id":1805,"url":"https:\/\/www.ogrodolszanica.pl\/index.php\/produkt\/ziemia-uniwersalna-do-kwiatow-i-warzyw-z-nawozem-2\/","url_meta":{"origin":4242,"position":2},"title":"Ziemia Uniwersalna Do Kwiat\u00f3w I Warzyw Z Nawozem 50 L","date":"19 lipca, 2022","format":false,"excerpt":"Ziemia Uniwersalna Do Kwiat\u00f3w I Warzyw Z Nawozem 50 L ilo\u015b\u0107: 50 L Brak mo\u017cliwo\u015bci wysy\u0142ki\u00a0 - odbi\u00f3r tylko osobisty lub dow\u00f3z na terenie Krakowa.","rel":"","context":"Similar post","img":{"alt_text":"","src":"https:\/\/i0.wp.com\/www.ogrodolszanica.pl\/wp-content\/uploads\/2022\/07\/ziemia-uniwerslna.jpg?fit=300%2C558&ssl=1&resize=350%2C200","width":350,"height":200},"classes":[]},{"id":1812,"url":"https:\/\/www.ogrodolszanica.pl\/index.php\/produkt\/ziemia-kwiatowa\/","url_meta":{"origin":4242,"position":3},"title":"Ziemia Kwiatowa 50 L","date":"19 lipca, 2022","format":false,"excerpt":"Ziemia Kwiatowa 50 L ilo\u015b\u0107: 50 L Brak mo\u017cliwo\u015bci wysy\u0142ki\u00a0 - odbi\u00f3r tylko osobisty lub dow\u00f3z na terenie Krakowa.","rel":"","context":"Similar post","img":{"alt_text":"","src":"https:\/\/i0.wp.com\/www.ogrodolszanica.pl\/wp-content\/uploads\/2022\/07\/ziemia-kwiatowa-2.jpg?fit=300%2C558&ssl=1&resize=350%2C200","width":350,"height":200},"classes":[]},{"id":1804,"url":"https:\/\/www.ogrodolszanica.pl\/index.php\/produkt\/ziemia-do-iglakow-z-nawozem\/","url_meta":{"origin":4242,"position":4},"title":"Ziemia Do Iglak\u00f3w Z Nawozem 50 L","date":"19 lipca, 2022","format":false,"excerpt":"Ziemia Do Iglak\u00f3w Z Nawozem 50 L ilo\u015b\u0107: 50 L Brak mo\u017cliwo\u015bci wysy\u0142ki\u00a0 - odbi\u00f3r tylko osobisty lub dow\u00f3z na terenie Krakowa.","rel":"","context":"Similar post","img":{"alt_text":"","src":"https:\/\/i0.wp.com\/www.ogrodolszanica.pl\/wp-content\/uploads\/2022\/07\/ziemia-do-iglakow.jpg?fit=300%2C558&ssl=1&resize=350%2C200","width":350,"height":200},"classes":[]},{"id":1817,"url":"https:\/\/www.ogrodolszanica.pl\/index.php\/produkt\/torf\/","url_meta":{"origin":4242,"position":5},"title":"Torf 20 L","date":"19 lipca, 2022","format":false,"excerpt":"Torf 80 L ilo\u015b\u0107: 80 L \u00a0","rel":"","context":"Similar post","img":{"alt_text":"","src":"https:\/\/i0.wp.com\/www.ogrodolszanica.pl\/wp-content\/uploads\/2022\/07\/torf.jpg?fit=300%2C515&ssl=1&resize=350%2C200","width":350,"height":200},"classes":[]}],"_links":{"self":[{"href":"https:\/\/www.ogrodolszanica.pl\/index.php\/wp-json\/wp\/v2\/product\/4242","targetHints":{"allow":["GET"]}}],"collection":[{"href":"https:\/\/www.ogrodolszanica.pl\/index.php\/wp-json\/wp\/v2\/product"}],"about":[{"href":"https:\/\/www.ogrodolszanica.pl\/index.php\/wp-json\/wp\/v2\/types\/product"}],"replies":[{"embeddable":true,"href":"https:\/\/www.ogrodolszanica.pl\/index.php\/wp-json\/wp\/v2\/comments?post=4242"}],"wp:featuredmedia":[{"embeddable":true,"href":"https:\/\/www.ogrodolszanica.pl\/index.php\/wp-json\/wp\/v2\/media\/4243"}],"wp:attachment":[{"href":"https:\/\/www.ogrodolszanica.pl\/index.php\/wp-json\/wp\/v2\/media?parent=4242"}],"wp:term":[{"taxonomy":"product_cat","embeddable":true,"href":"https:\/\/www.ogrodolszanica.pl\/index.php\/wp-json\/wp\/v2\/product_cat?post=4242"},{"taxonomy":"product_tag","embeddable":true,"href":"https:\/\/www.ogrodolszanica.pl\/index.php\/wp-json\/wp\/v2\/product_tag?post=4242"}],"curies":[{"name":"wp","href":"https:\/\/api.w.org\/{rel}","templated":true}]}}