{"id":4143,"date":"2026-03-08T19:33:22","date_gmt":"2026-03-08T19:33:22","guid":{"rendered":"https:\/\/www.ogrodolszanica.pl\/?post_type=product&#038;p=4143"},"modified":"2026-03-08T19:33:22","modified_gmt":"2026-03-08T19:33:22","slug":"obrzeze-ogrodowe-bradas-50mmx10m-brazowe","status":"publish","type":"product","link":"https:\/\/www.ogrodolszanica.pl\/index.php\/produkt\/obrzeze-ogrodowe-bradas-50mmx10m-brazowe\/","title":{"rendered":"Obrze\u017ce ogrodowe Bradas 50mmx10m br\u0105zowe"},"content":{"rendered":"<div class=\"mpof_ki myre_zn myre_8v_l m389_6m_l\">\n<div class=\"mp4t_16_s mryx_16_s mr3m_1 mli2_1 mh85_56 mh85_0_l\">\n<div class=\"mgn2_16 _0d3bd_am0a-\">\n<p><b>Obrze\u017ce ogrodowe EASY BORDER SET 50mm &#8211; br\u0105zowe<\/b><\/p>\n<p><b>OBEBR5010SET<\/b><\/p>\n<\/div>\n<\/div>\n<\/div>\n<div class=\"mpof_ki myre_zn myre_8v_l m389_6m_l\">\n<div class=\"mp4t_16_s mryx_16_s mr3m_1 mli2_1 mh85_56 mh85_0_l\">\n<div class=\"mg9e_8 mj7a_8 mg9e_0_s mvrt_0_s mj7a_0_s mh36_0_s mzmg_6m munh_16_l m3h2_16_l\">\n<div class=\"mp4t_0 mryx_0 munh_56 m3h2_56\">\n<div class=\"mp7g_oh\"><button class=\"mg9e_0 mvrt_0 mj7a_0 mh36_0 mp4t_0 m3h2_0 mryx_0 munh_0 mqen_m6 mpof_z0 mx7m_0 m7er_k4 mse2_k4 msts_pt\" data-analytics-interaction=\"true\" data-analytics-interaction-label=\"zoomable-image-open\" aria-disabled=\"true\"><img decoding=\"async\" class=\"msub_k4 mupj_5k mjru_k4 mse2_k4 mp7g_f6 mq1m_0 mj7u_0 m7er_k4 mqen_m6 m31c_d8 m0ux_fp lazyloaded\" src=\"https:\/\/a.allegroimg.com\/original\/118374\/3a3bce7948efb7b9d7778099c815\/Obrzeze-ogrodowe-Bradas-50mmx10m-brazowe\" sizes=\"(min-width: 1200px) 560px, (min-width: 992px) 50vw, 100vw\" srcset=\"https:\/\/a.allegroimg.com\/s360\/118374\/3a3bce7948efb7b9d7778099c815\/Obrzeze-ogrodowe-Bradas-50mmx10m-brazowe 360w,https:\/\/a.allegroimg.com\/s720\/118374\/3a3bce7948efb7b9d7778099c815\/Obrzeze-ogrodowe-Bradas-50mmx10m-brazowe 600w,https:\/\/a.allegroimg.com\/original\/118374\/3a3bce7948efb7b9d7778099c815\/Obrzeze-ogrodowe-Bradas-50mmx10m-brazowe 600w\" alt=\"Obrze\u017ce ogrodowe Bradas 50mmx10m br\u0105zowe\" width=\"600px\" data-srcset=\"\" \/><\/button><\/div>\n<\/div>\n<\/div>\n<\/div>\n<div class=\"mp4t_16_s mryx_16_s mr3m_1 mli2_1 mh85_56 mh85_0_l\">\n<div class=\"mgn2_16 _0d3bd_am0a-\">\n<p>Obrze\u017ce trawnikowe Bradas\u00a0<b>stosowane jest przy aran\u017cacji ogrodu do oddzielenia trawnika od \u015bcie\u017cki, cz\u0119\u015bci uprawnej ogrodu, rabat kwiatowych, kory czy nawierzchni grysowej.<\/b><\/p>\n<p>Obrze\u017ce ogrodowe wykonane jest\u00a0<b>z wysokiej jako\u015bci tworzywa sztucznego<\/b>, odpornego na warunki atmosferyczne.<\/p>\n<p><b>Produkt jest niezwykle elastyczny, co umo\u017cliwia tworzenie oryginalnych i niepowtarzalnych aran\u017cacji.<\/b><\/p>\n<\/div>\n<\/div>\n<\/div>\n<div class=\"mpof_ki myre_zn myre_8v_l m389_6m_l\">\n<div class=\"mp4t_16_s mryx_16_s mr3m_1 mli2_1 mh85_56 mh85_0_l\">\n<div class=\"mgn2_16 _0d3bd_am0a-\">\n<p><b>Cechy produktu:<\/b><\/p>\n<p>D\u0142ugo\u015b\u0107 obrze\u017ca: 10m<\/p>\n<p>Wysoko\u015b\u0107: 50mm<\/p>\n<p>Ilo\u015b\u0107 kotew mocuj\u0105cych: 20 sztuk kotew<\/p>\n<p>Kolor: br\u0105zowe<\/p>\n<p><b>W\u0142a\u015bciwo\u015bci:<\/b><\/p>\n<p>&#8211; wysoka elastyczno\u015b\u0107<\/p>\n<p>&#8211; estetyczny wygl\u0105d<\/p>\n<p>&#8211; oddziela trawnik od pod\u0142o\u017ca z kory lub kamieni<\/p>\n<p>&#8211; u\u0142atwia koszenie trawy<\/p>\n<p>&#8211; \u0142atwy i szybki monta\u017c<\/p>\n<p>&#8211; mo\u017cliwo\u015b\u0107 swobodnego kszta\u0142towania<\/p>\n<p>&#8211; trwa\u0142e i odporne na czynniki atmosferyczne<\/p>\n<\/div>\n<\/div>\n<div class=\"mp4t_16_s mryx_16_s mr3m_1 mli2_1 mh85_56 mh85_0_l\">\n<div class=\"mg9e_8 mj7a_8 mg9e_0_s mvrt_0_s mj7a_0_s mh36_0_s mzmg_6m munh_16_l m3h2_16_l\">\n<div class=\"mp4t_0 mryx_0 munh_56 m3h2_56\">\n<div class=\"mp7g_oh\"><button class=\"mg9e_0 mvrt_0 mj7a_0 mh36_0 mp4t_0 m3h2_0 mryx_0 munh_0 mqen_m6 mpof_z0 mx7m_0 m7er_k4 mse2_k4 msts_pt\" data-analytics-interaction=\"true\" data-analytics-interaction-label=\"zoomable-image-open\" aria-disabled=\"true\"><img decoding=\"async\" class=\"msub_k4 mupj_5k mjru_k4 mse2_k4 mp7g_f6 mq1m_0 mj7u_0 m7er_k4 mqen_m6 m31c_d8 m0ux_fp lazyloaded\" src=\"https:\/\/a.allegroimg.com\/original\/111bd2\/582ef88d45499b9623efd811dcdc\/Obrzeze-ogrodowe-Bradas-50mmx10m-brazowe-Kod-producenta-OBEBR5010SET\" sizes=\"(min-width: 1200px) 560px, (min-width: 992px) 50vw, 100vw\" srcset=\"https:\/\/a.allegroimg.com\/s360\/111bd2\/582ef88d45499b9623efd811dcdc\/Obrzeze-ogrodowe-Bradas-50mmx10m-brazowe-Kod-producenta-OBEBR5010SET 360w,https:\/\/a.allegroimg.com\/s720\/111bd2\/582ef88d45499b9623efd811dcdc\/Obrzeze-ogrodowe-Bradas-50mmx10m-brazowe-Kod-producenta-OBEBR5010SET 600w,https:\/\/a.allegroimg.com\/original\/111bd2\/582ef88d45499b9623efd811dcdc\/Obrzeze-ogrodowe-Bradas-50mmx10m-brazowe-Kod-producenta-OBEBR5010SET 600w\" alt=\"Obrze\u017ce ogrodowe Bradas 50mmx10m br\u0105zowe Kod producenta OBEBR5010SET\" width=\"600px\" data-srcset=\"\" \/><\/button><\/div>\n<\/div>\n<\/div>\n<\/div>\n<\/div>\n","protected":false},"excerpt":{"rendered":"<p>Obrze\u017ce ogrodowe EASY BORDER SET 50mm &#8211; br\u0105zowe OBEBR5010SET Obrze\u017ce trawnikowe Bradas\u00a0stosowane jest przy aran\u017cacji ogrodu do oddzielenia trawnika od \u015bcie\u017cki, cz\u0119\u015bci uprawnej ogrodu, rabat kwiatowych, kory czy nawierzchni grysowej. Obrze\u017ce ogrodowe wykonane jest\u00a0z wysokiej jako\u015bci tworzywa sztucznego, odpornego na warunki atmosferyczne. Produkt jest niezwykle elastyczny, co umo\u017cliwia tworzenie oryginalnych i niepowtarzalnych aran\u017cacji. Cechy produktu: &hellip;<\/p>\n<p class=\"read-more\"> <a class=\"\" href=\"https:\/\/www.ogrodolszanica.pl\/index.php\/produkt\/obrzeze-ogrodowe-bradas-50mmx10m-brazowe\/\"> <span class=\"screen-reader-text\">Obrze\u017ce ogrodowe Bradas 50mmx10m br\u0105zowe<\/span> Read More &raquo;<\/a><\/p>\n","protected":false},"featured_media":4144,"comment_status":"open","ping_status":"closed","template":"","meta":{"site-sidebar-layout":"default","site-content-layout":"default","ast-global-header-display":"","ast-main-header-display":"","ast-hfb-above-header-display":"","ast-hfb-below-header-display":"","ast-hfb-mobile-header-display":"","site-post-title":"","ast-breadcrumbs-content":"","ast-featured-img":"","footer-sml-layout":"","theme-transparent-header-meta":"default","adv-header-id-meta":"","stick-header-meta":"","header-above-stick-meta":"","header-main-stick-meta":"","header-below-stick-meta":"","spay_email":""},"product_cat":[99],"product_tag":[],"class_list":["post-4143","product","type-product","status-publish","has-post-thumbnail","hentry","product_cat-obrzeza-ogrodowe"],"yoast_head":"<!-- This site is optimized with the Yoast SEO plugin v19.2 - https:\/\/yoast.com\/wordpress\/plugins\/seo\/ -->\n<title>Obrze\u017ce ogrodowe Bradas 50mmx10m br\u0105zowe - Ogr&oacute;d Olszanica<\/title>\n<meta name=\"robots\" content=\"index, follow, max-snippet:-1, max-image-preview:large, max-video-preview:-1\" \/>\n<link rel=\"canonical\" href=\"https:\/\/www.ogrodolszanica.pl\/index.php\/produkt\/obrzeze-ogrodowe-bradas-50mmx10m-brazowe\/\" \/>\n<meta property=\"og:locale\" content=\"pl_PL\" \/>\n<meta property=\"og:type\" content=\"article\" \/>\n<meta property=\"og:title\" content=\"Obrze\u017ce ogrodowe Bradas 50mmx10m br\u0105zowe - Ogr&oacute;d Olszanica\" \/>\n<meta property=\"og:description\" content=\"Obrze\u017ce ogrodowe EASY BORDER SET 50mm &#8211; br\u0105zowe OBEBR5010SET Obrze\u017ce trawnikowe Bradas\u00a0stosowane jest przy aran\u017cacji ogrodu do oddzielenia trawnika od \u015bcie\u017cki, cz\u0119\u015bci uprawnej ogrodu, rabat kwiatowych, kory czy nawierzchni grysowej. Obrze\u017ce ogrodowe wykonane jest\u00a0z wysokiej jako\u015bci tworzywa sztucznego, odpornego na warunki atmosferyczne. Produkt jest niezwykle elastyczny, co umo\u017cliwia tworzenie oryginalnych i niepowtarzalnych aran\u017cacji. Cechy produktu: &hellip; Obrze\u017ce ogrodowe Bradas 50mmx10m br\u0105zowe Read More &raquo;\" \/>\n<meta property=\"og:url\" content=\"https:\/\/www.ogrodolszanica.pl\/index.php\/produkt\/obrzeze-ogrodowe-bradas-50mmx10m-brazowe\/\" \/>\n<meta property=\"og:site_name\" content=\"Ogr&oacute;d Olszanica\" \/>\n<meta property=\"article:publisher\" content=\"https:\/\/www.facebook.com\/Ogrd-Olszanica-100807179225223\" \/>\n<meta property=\"og:image\" content=\"https:\/\/www.ogrodolszanica.pl\/wp-content\/uploads\/2026\/03\/images-5.jpg\" \/>\n\t<meta property=\"og:image:width\" content=\"225\" \/>\n\t<meta property=\"og:image:height\" content=\"225\" \/>\n\t<meta property=\"og:image:type\" content=\"image\/jpeg\" \/>\n<meta name=\"author\" content=\"admin\" \/>\n<meta name=\"twitter:card\" content=\"summary_large_image\" \/>\n<meta name=\"twitter:label1\" content=\"Szacowany czas czytania\" \/>\n\t<meta name=\"twitter:data1\" content=\"1 minuta\" \/>\n<script type=\"application\/ld+json\" class=\"yoast-schema-graph\">{\"@context\":\"https:\/\/schema.org\",\"@graph\":[{\"@type\":\"Organization\",\"@id\":\"https:\/\/www.ogrodolszanica.pl\/#organization\",\"name\":\"Ogr\u00f3d Olszanica - Krakowskie Centrum Ogrodnicze\",\"url\":\"https:\/\/www.ogrodolszanica.pl\/\",\"sameAs\":[\"https:\/\/www.facebook.com\/Ogrd-Olszanica-100807179225223\"],\"logo\":{\"@type\":\"ImageObject\",\"inLanguage\":\"pl-PL\",\"@id\":\"https:\/\/www.ogrodolszanica.pl\/#\/schema\/logo\/image\/\",\"url\":\"http:\/\/www.ogrodolszanica.pl\/wp-content\/uploads\/2022\/06\/Ogrod-Olszanica1-1.png\",\"contentUrl\":\"http:\/\/www.ogrodolszanica.pl\/wp-content\/uploads\/2022\/06\/Ogrod-Olszanica1-1.png\",\"width\":180,\"height\":60,\"caption\":\"Ogr\u00f3d Olszanica - Krakowskie Centrum Ogrodnicze\"},\"image\":{\"@id\":\"https:\/\/www.ogrodolszanica.pl\/#\/schema\/logo\/image\/\"}},{\"@type\":\"WebSite\",\"@id\":\"https:\/\/www.ogrodolszanica.pl\/#website\",\"url\":\"https:\/\/www.ogrodolszanica.pl\/\",\"name\":\"Ogr&oacute;d Olszanica\",\"description\":\"Centrum Ogrodnicze Krak&oacute;w\",\"publisher\":{\"@id\":\"https:\/\/www.ogrodolszanica.pl\/#organization\"},\"potentialAction\":[{\"@type\":\"SearchAction\",\"target\":{\"@type\":\"EntryPoint\",\"urlTemplate\":\"https:\/\/www.ogrodolszanica.pl\/?s={search_term_string}\"},\"query-input\":\"required name=search_term_string\"}],\"inLanguage\":\"pl-PL\"},{\"@type\":\"ImageObject\",\"inLanguage\":\"pl-PL\",\"@id\":\"https:\/\/www.ogrodolszanica.pl\/index.php\/produkt\/obrzeze-ogrodowe-bradas-50mmx10m-brazowe\/#primaryimage\",\"url\":\"https:\/\/i0.wp.com\/www.ogrodolszanica.pl\/wp-content\/uploads\/2026\/03\/images-5.jpg?fit=225%2C225&ssl=1\",\"contentUrl\":\"https:\/\/i0.wp.com\/www.ogrodolszanica.pl\/wp-content\/uploads\/2026\/03\/images-5.jpg?fit=225%2C225&ssl=1\",\"width\":225,\"height\":225},{\"@type\":\"WebPage\",\"@id\":\"https:\/\/www.ogrodolszanica.pl\/index.php\/produkt\/obrzeze-ogrodowe-bradas-50mmx10m-brazowe\/#webpage\",\"url\":\"https:\/\/www.ogrodolszanica.pl\/index.php\/produkt\/obrzeze-ogrodowe-bradas-50mmx10m-brazowe\/\",\"name\":\"Obrze\u017ce ogrodowe Bradas 50mmx10m br\u0105zowe - Ogr&oacute;d Olszanica\",\"isPartOf\":{\"@id\":\"https:\/\/www.ogrodolszanica.pl\/#website\"},\"primaryImageOfPage\":{\"@id\":\"https:\/\/www.ogrodolszanica.pl\/index.php\/produkt\/obrzeze-ogrodowe-bradas-50mmx10m-brazowe\/#primaryimage\"},\"datePublished\":\"2026-03-08T19:33:22+00:00\",\"dateModified\":\"2026-03-08T19:33:22+00:00\",\"breadcrumb\":{\"@id\":\"https:\/\/www.ogrodolszanica.pl\/index.php\/produkt\/obrzeze-ogrodowe-bradas-50mmx10m-brazowe\/#breadcrumb\"},\"inLanguage\":\"pl-PL\",\"potentialAction\":[{\"@type\":\"ReadAction\",\"target\":[\"https:\/\/www.ogrodolszanica.pl\/index.php\/produkt\/obrzeze-ogrodowe-bradas-50mmx10m-brazowe\/\"]}]},{\"@type\":\"BreadcrumbList\",\"@id\":\"https:\/\/www.ogrodolszanica.pl\/index.php\/produkt\/obrzeze-ogrodowe-bradas-50mmx10m-brazowe\/#breadcrumb\",\"itemListElement\":[{\"@type\":\"ListItem\",\"position\":1,\"name\":\"Strona g\u0142\u00f3wna\",\"item\":\"https:\/\/www.ogrodolszanica.pl\/\"},{\"@type\":\"ListItem\",\"position\":2,\"name\":\"Produkty\",\"item\":\"https:\/\/www.ogrodolszanica.pl\/index.php\/shop\/\"},{\"@type\":\"ListItem\",\"position\":3,\"name\":\"Obrze\u017ce ogrodowe Bradas 50mmx10m br\u0105zowe\"}]}]}<\/script>\n<!-- \/ Yoast SEO plugin. -->","yoast_head_json":{"title":"Obrze\u017ce ogrodowe Bradas 50mmx10m br\u0105zowe - Ogr&oacute;d Olszanica","robots":{"index":"index","follow":"follow","max-snippet":"max-snippet:-1","max-image-preview":"max-image-preview:large","max-video-preview":"max-video-preview:-1"},"canonical":"https:\/\/www.ogrodolszanica.pl\/index.php\/produkt\/obrzeze-ogrodowe-bradas-50mmx10m-brazowe\/","og_locale":"pl_PL","og_type":"article","og_title":"Obrze\u017ce ogrodowe Bradas 50mmx10m br\u0105zowe - Ogr&oacute;d Olszanica","og_description":"Obrze\u017ce ogrodowe EASY BORDER SET 50mm &#8211; br\u0105zowe OBEBR5010SET Obrze\u017ce trawnikowe Bradas\u00a0stosowane jest przy aran\u017cacji ogrodu do oddzielenia trawnika od \u015bcie\u017cki, cz\u0119\u015bci uprawnej ogrodu, rabat kwiatowych, kory czy nawierzchni grysowej. Obrze\u017ce ogrodowe wykonane jest\u00a0z wysokiej jako\u015bci tworzywa sztucznego, odpornego na warunki atmosferyczne. Produkt jest niezwykle elastyczny, co umo\u017cliwia tworzenie oryginalnych i niepowtarzalnych aran\u017cacji. Cechy produktu: &hellip; Obrze\u017ce ogrodowe Bradas 50mmx10m br\u0105zowe Read More &raquo;","og_url":"https:\/\/www.ogrodolszanica.pl\/index.php\/produkt\/obrzeze-ogrodowe-bradas-50mmx10m-brazowe\/","og_site_name":"Ogr&oacute;d Olszanica","article_publisher":"https:\/\/www.facebook.com\/Ogrd-Olszanica-100807179225223","og_image":[{"width":225,"height":225,"url":"https:\/\/www.ogrodolszanica.pl\/wp-content\/uploads\/2026\/03\/images-5.jpg","type":"image\/jpeg"}],"author":"admin","twitter_card":"summary_large_image","twitter_misc":{"Szacowany czas czytania":"1 minuta"},"schema":{"@context":"https:\/\/schema.org","@graph":[{"@type":"Organization","@id":"https:\/\/www.ogrodolszanica.pl\/#organization","name":"Ogr\u00f3d Olszanica - Krakowskie Centrum Ogrodnicze","url":"https:\/\/www.ogrodolszanica.pl\/","sameAs":["https:\/\/www.facebook.com\/Ogrd-Olszanica-100807179225223"],"logo":{"@type":"ImageObject","inLanguage":"pl-PL","@id":"https:\/\/www.ogrodolszanica.pl\/#\/schema\/logo\/image\/","url":"http:\/\/www.ogrodolszanica.pl\/wp-content\/uploads\/2022\/06\/Ogrod-Olszanica1-1.png","contentUrl":"http:\/\/www.ogrodolszanica.pl\/wp-content\/uploads\/2022\/06\/Ogrod-Olszanica1-1.png","width":180,"height":60,"caption":"Ogr\u00f3d Olszanica - Krakowskie Centrum Ogrodnicze"},"image":{"@id":"https:\/\/www.ogrodolszanica.pl\/#\/schema\/logo\/image\/"}},{"@type":"WebSite","@id":"https:\/\/www.ogrodolszanica.pl\/#website","url":"https:\/\/www.ogrodolszanica.pl\/","name":"Ogr&oacute;d Olszanica","description":"Centrum Ogrodnicze Krak&oacute;w","publisher":{"@id":"https:\/\/www.ogrodolszanica.pl\/#organization"},"potentialAction":[{"@type":"SearchAction","target":{"@type":"EntryPoint","urlTemplate":"https:\/\/www.ogrodolszanica.pl\/?s={search_term_string}"},"query-input":"required name=search_term_string"}],"inLanguage":"pl-PL"},{"@type":"ImageObject","inLanguage":"pl-PL","@id":"https:\/\/www.ogrodolszanica.pl\/index.php\/produkt\/obrzeze-ogrodowe-bradas-50mmx10m-brazowe\/#primaryimage","url":"https:\/\/i0.wp.com\/www.ogrodolszanica.pl\/wp-content\/uploads\/2026\/03\/images-5.jpg?fit=225%2C225&ssl=1","contentUrl":"https:\/\/i0.wp.com\/www.ogrodolszanica.pl\/wp-content\/uploads\/2026\/03\/images-5.jpg?fit=225%2C225&ssl=1","width":225,"height":225},{"@type":"WebPage","@id":"https:\/\/www.ogrodolszanica.pl\/index.php\/produkt\/obrzeze-ogrodowe-bradas-50mmx10m-brazowe\/#webpage","url":"https:\/\/www.ogrodolszanica.pl\/index.php\/produkt\/obrzeze-ogrodowe-bradas-50mmx10m-brazowe\/","name":"Obrze\u017ce ogrodowe Bradas 50mmx10m br\u0105zowe - Ogr&oacute;d Olszanica","isPartOf":{"@id":"https:\/\/www.ogrodolszanica.pl\/#website"},"primaryImageOfPage":{"@id":"https:\/\/www.ogrodolszanica.pl\/index.php\/produkt\/obrzeze-ogrodowe-bradas-50mmx10m-brazowe\/#primaryimage"},"datePublished":"2026-03-08T19:33:22+00:00","dateModified":"2026-03-08T19:33:22+00:00","breadcrumb":{"@id":"https:\/\/www.ogrodolszanica.pl\/index.php\/produkt\/obrzeze-ogrodowe-bradas-50mmx10m-brazowe\/#breadcrumb"},"inLanguage":"pl-PL","potentialAction":[{"@type":"ReadAction","target":["https:\/\/www.ogrodolszanica.pl\/index.php\/produkt\/obrzeze-ogrodowe-bradas-50mmx10m-brazowe\/"]}]},{"@type":"BreadcrumbList","@id":"https:\/\/www.ogrodolszanica.pl\/index.php\/produkt\/obrzeze-ogrodowe-bradas-50mmx10m-brazowe\/#breadcrumb","itemListElement":[{"@type":"ListItem","position":1,"name":"Strona g\u0142\u00f3wna","item":"https:\/\/www.ogrodolszanica.pl\/"},{"@type":"ListItem","position":2,"name":"Produkty","item":"https:\/\/www.ogrodolszanica.pl\/index.php\/shop\/"},{"@type":"ListItem","position":3,"name":"Obrze\u017ce ogrodowe Bradas 50mmx10m br\u0105zowe"}]}]}},"jetpack-related-posts":[{"id":4145,"url":"https:\/\/www.ogrodolszanica.pl\/index.php\/produkt\/zestaw-z-obrzezem-trawnikowym-easy-border-50mm-zielen-bradas-ogrod\/","url_meta":{"origin":4143,"position":0},"title":"Zestaw z obrze\u017cem trawnikowym EASY BORDER 50mm ziele\u0144 BRADAS OGR\u00d3D","date":"8 marca, 2026","format":false,"excerpt":"Obrze\u017ce ogrodowe EASY BORDER SET 50mm - zielone OBEGR5010SET Obrze\u017ce trawnikowe Bradas\u00a0stosowane jest przy aran\u017cacji ogrodu do oddzielenia trawnika od \u015bcie\u017cki, cz\u0119\u015bci uprawnej ogrodu, rabat kwiatowych, kory czy nawierzchni grysowej. Obrze\u017ce ogrodowe wykonane jest\u00a0z wysokiej jako\u015bci tworzywa sztucznego, odpornego na warunki atmosferyczne. Produkt jest niezwykle elastyczny, co umo\u017cliwia tworzenie oryginalnych\u2026","rel":"","context":"Similar post","img":{"alt_text":"","src":"https:\/\/i0.wp.com\/www.ogrodolszanica.pl\/wp-content\/uploads\/2026\/03\/Zestaw-z-obrzezem-trawnikowym-EASY-BORDER-50mm-zielen-BRADAS-OGROD.jpg?fit=600%2C600&ssl=1&resize=350%2C200","width":350,"height":200},"classes":[]},{"id":3183,"url":"https:\/\/www.ogrodolszanica.pl\/index.php\/produkt\/pazurki-plastikowe-ogrodowe-verkatto\/","url_meta":{"origin":4143,"position":1},"title":"Pazurki plastikowe ogrodowe Verkatto","date":"23 lutego, 2026","format":false,"excerpt":"Pazurki plastikowe ogrodowe VR-7289 Charakterystyka produktu: \u2013 przeznaczone do spulchniania i rozdrabniania gleby \u2013 wykonana z wysokiej jako\u015bci tworzyw sztucznych. \u2013 otw\u00f3r do wieszania","rel":"","context":"Similar post","img":{"alt_text":"","src":"https:\/\/i0.wp.com\/www.ogrodolszanica.pl\/wp-content\/uploads\/2026\/02\/pazurki-plastikowe-VR-7289-v3-scaled.jpg?fit=1200%2C1200&ssl=1&resize=350%2C200","width":350,"height":200},"classes":[]},{"id":3185,"url":"https:\/\/www.ogrodolszanica.pl\/index.php\/produkt\/grabki-z-drewniana-raczka-ogrodowe-male\/","url_meta":{"origin":4143,"position":2},"title":"Grabki z drewnian\u0105 r\u0105czk\u0105 ogrodowe ma\u0142e","date":"23 lutego, 2026","format":false,"excerpt":"Grabki z drewnian\u0105 r\u0105czk\u0105 ogrodowe VR-7292 Charakterystyka produktu: \u2013 wykonane z wysokiej jako\u015bci stali \u2013 wyposa\u017cone drewniany uchwyt \u2013 stosowany do grabienia i spulchniania ziemi pomi\u0119dzy g\u0119sto rosn\u0105cymi ro\u015blinami","rel":"","context":"Similar post","img":{"alt_text":"","src":"https:\/\/i0.wp.com\/www.ogrodolszanica.pl\/wp-content\/uploads\/2026\/02\/grabki-z-drewniana-raczka-VR-7292-v3-scaled.jpg?fit=1200%2C1150&ssl=1&resize=350%2C200","width":350,"height":200},"classes":[]},{"id":1871,"url":"https:\/\/www.ogrodolszanica.pl\/index.php\/produkt\/pecherznica-kalinolistna-luteus\/","url_meta":{"origin":4143,"position":3},"title":"P\u0119cherznica Kalinolistna Luteus","date":"23 lipca, 2022","format":false,"excerpt":"P\u0119cherznica Kalinolistna Luteus Szybkorosn\u0105cy krzew o zaokr\u0105glonym pokroju, z licznymi, wyprostowanymi g\u0142\u00f3wnymi p\u0119dami. P\u0119dy jasno br\u0105zowe, cz\u0119sto wygi\u0119te, lekko kanciaste. Starsze, grubsze ga\u0142\u0119zie br\u0105zowe, z du\u017cymi paskami \u0142uszcz\u0105cej si\u0119 kory. Li\u015bcie sezonowe, skr\u0119toleg\u0142e, owalne, 3 - 5 klapowe, 5-10 cm d\u0142., intensywnie \u017c\u00f3\u0142te, w cieniu zielonkawo\u017c\u00f3\u0142te. Jesieni\u0105 czerwono\u017c\u00f3\u0142te. Owoce podobne\u2026","rel":"","context":"Similar post","img":{"alt_text":"","src":"https:\/\/i0.wp.com\/www.ogrodolszanica.pl\/wp-content\/uploads\/2022\/07\/293949052_1364086084117691_7594503902351386363_n.jpg?fit=900%2C1200&ssl=1&resize=350%2C200","width":350,"height":200},"classes":[]},{"id":3193,"url":"https:\/\/www.ogrodolszanica.pl\/index.php\/produkt\/waz-ogrodowy-verkatto-1-2-50m\/","url_meta":{"origin":4143,"position":4},"title":"W\u0105\u017c ogrodowy Verkatto 1\/2&#8243; 50m","date":"23 lutego, 2026","format":false,"excerpt":"W\u0105\u017c ogrodowy Verkatto 1\/2\" 50m VR-7372 Charakterystyka produktu: \u2013 w\u0105\u017c posiada 3 warstwy \u2013 odporny na osadzanie si\u0119 glon\u00f3w wewn\u0105trz w\u0119\u017ca (system anti algae). \u2013 wsp\u00f3\u0142pracuje przy zakresie temperatur od -10\u00b0C do +50\u00b0C. \u2013 odporny na promienie UV","rel":"","context":"Similar post","img":{"alt_text":"","src":"https:\/\/i0.wp.com\/www.ogrodolszanica.pl\/wp-content\/uploads\/2026\/02\/waz-ogrodowy-standard-1.2-50m-VR-7372-scaled.jpg?fit=1125%2C1200&ssl=1&resize=350%2C200","width":350,"height":200},"classes":[]},{"id":2471,"url":"https:\/\/www.ogrodolszanica.pl\/index.php\/produkt\/miskant-graciella\/","url_meta":{"origin":4143,"position":5},"title":"Miskant Graciella","date":"28 sierpnia, 2023","format":false,"excerpt":"Miskant Graciella Zimotrwa\u0142a odmiana miskanta o zielonych li\u015bciach, kt\u00f3re jesieni\u0105 przebarwiaj\u0105 si\u0119 na kolor miedziano-pomara\u0144czowy, a zim\u0105 na jasno-br\u0105zowy. W sierpniu pojawiaj\u0105 si\u0119 efektowne, pierzaste, miedziano-br\u0105zowe kwiatostany, kt\u00f3re zdobi\u0105 ro\u015blin\u0119 do wiosny i nadaj\u0105 si\u0119 tak\u017ce do suszenia. Najlepiej ro\u015bnie na stanowiskach umiarkowanie wilgotnych i wilgotnych, przepuszczalnych. Na wiosn\u0119 nale\u017cy\u2026","rel":"","context":"Similar post","img":{"alt_text":"","src":"https:\/\/i0.wp.com\/www.ogrodolszanica.pl\/wp-content\/uploads\/2023\/08\/miscanthus-graciella_71593_1.jpg?fit=650%2C650&ssl=1&resize=350%2C200","width":350,"height":200},"classes":[]}],"_links":{"self":[{"href":"https:\/\/www.ogrodolszanica.pl\/index.php\/wp-json\/wp\/v2\/product\/4143","targetHints":{"allow":["GET"]}}],"collection":[{"href":"https:\/\/www.ogrodolszanica.pl\/index.php\/wp-json\/wp\/v2\/product"}],"about":[{"href":"https:\/\/www.ogrodolszanica.pl\/index.php\/wp-json\/wp\/v2\/types\/product"}],"replies":[{"embeddable":true,"href":"https:\/\/www.ogrodolszanica.pl\/index.php\/wp-json\/wp\/v2\/comments?post=4143"}],"wp:featuredmedia":[{"embeddable":true,"href":"https:\/\/www.ogrodolszanica.pl\/index.php\/wp-json\/wp\/v2\/media\/4144"}],"wp:attachment":[{"href":"https:\/\/www.ogrodolszanica.pl\/index.php\/wp-json\/wp\/v2\/media?parent=4143"}],"wp:term":[{"taxonomy":"product_cat","embeddable":true,"href":"https:\/\/www.ogrodolszanica.pl\/index.php\/wp-json\/wp\/v2\/product_cat?post=4143"},{"taxonomy":"product_tag","embeddable":true,"href":"https:\/\/www.ogrodolszanica.pl\/index.php\/wp-json\/wp\/v2\/product_tag?post=4143"}],"curies":[{"name":"wp","href":"https:\/\/api.w.org\/{rel}","templated":true}]}}