{"id":4132,"date":"2026-03-08T19:24:31","date_gmt":"2026-03-08T19:24:31","guid":{"rendered":"https:\/\/www.ogrodolszanica.pl\/?post_type=product&#038;p=4132"},"modified":"2026-03-10T07:19:52","modified_gmt":"2026-03-10T07:19:52","slug":"sekator-z-przekladnia-ostrze-mijajace-bradas","status":"publish","type":"product","link":"https:\/\/www.ogrodolszanica.pl\/index.php\/produkt\/sekator-z-przekladnia-ostrze-mijajace-bradas\/","title":{"rendered":"Sekator z przek\u0142adni\u0105 ostrze mijaj\u0105ce Bradas"},"content":{"rendered":"<div class=\"mpof_ki myre_zn myre_8v_l m389_6m_l\">\n<div class=\"mp4t_16_s mryx_16_s mr3m_1 mli2_1 mh85_56 mh85_0_l\">\n<div class=\"mg9e_8 mj7a_8 mg9e_0_s mvrt_0_s mj7a_0_s mh36_0_s mzmg_6m munh_16_l m3h2_16_l\">\n<div class=\"mp4t_0 mryx_0 munh_56 m3h2_56\">\n<div class=\"mp7g_oh\"><button class=\"mg9e_0 mvrt_0 mj7a_0 mh36_0 mp4t_0 m3h2_0 mryx_0 munh_0 mqen_m6 mpof_z0 mx7m_0 m7er_k4 mse2_k4 msts_pt\" data-analytics-interaction=\"true\" data-analytics-interaction-label=\"zoomable-image-open\" aria-disabled=\"true\"><img decoding=\"async\" class=\"msub_k4 mupj_5k mjru_k4 mse2_k4 mp7g_f6 mq1m_0 mj7u_0 m7er_k4 mqen_m6 m31c_d8 m0ux_fp lazyloaded\" src=\"https:\/\/a.allegroimg.com\/original\/1148c1\/f743f71f49629249ff7b2654ded4\/Sekator-z-przekladnia-ostrze-mijajace-Bradas\" sizes=\"(min-width: 1200px) 560px, (min-width: 992px) 50vw, 100vw\" srcset=\"https:\/\/a.allegroimg.com\/s360\/1148c1\/f743f71f49629249ff7b2654ded4\/Sekator-z-przekladnia-ostrze-mijajace-Bradas 360w,https:\/\/a.allegroimg.com\/s720\/1148c1\/f743f71f49629249ff7b2654ded4\/Sekator-z-przekladnia-ostrze-mijajace-Bradas 600w,https:\/\/a.allegroimg.com\/original\/1148c1\/f743f71f49629249ff7b2654ded4\/Sekator-z-przekladnia-ostrze-mijajace-Bradas 600w\" alt=\"Sekator z przek\u0142adni\u0105 ostrze mijaj\u0105ce Bradas\" width=\"600px\" data-srcset=\"\" \/><\/button><\/div>\n<\/div>\n<\/div>\n<\/div>\n<div class=\"mp4t_16_s mryx_16_s mr3m_1 mli2_1 mh85_56 mh85_0_l\">\n<div class=\"mgn2_16 _0d3bd_am0a-\">\n<p><b>Sekator z przek\u0142adni\u0105 V-SERIES ostrze mijaj\u0105ce, stal SK5<\/b><\/p>\n<p>&#8211; wysokiej jako\u015bci ostrze mijaj\u0105ce<\/p>\n<p>&#8211; ostrze wykonane z stali SK5 pokryte pow\u0142ok\u0105 ochronn\u0105<\/p>\n<p>&#8211; przek\u0142adnia zwi\u0119kszaj\u0105ca si\u0142\u0119 ci\u0119cia<\/p>\n<p>&#8211; maksymalna \u015brednica ci\u0119cia 18mm<\/p>\n<p>&#8211; wyposa\u017cony w blokad\u0119 bezpiecze\u0144stwa<\/p>\n<p>&#8211; idealny do ci\u0119cia kwiat\u00f3w i krzew\u00f3w<\/p>\n<\/div>\n<\/div>\n<\/div>\n<div class=\"mpof_ki myre_zn myre_8v_l m389_6m_l\">\n<div class=\"mp4t_16_s mryx_16_s mr3m_1 mli2_1 mh85_56 mh85_0_l\">\n<div class=\"mg9e_8 mj7a_8 mg9e_0_s mvrt_0_s mj7a_0_s mh36_0_s mzmg_6m munh_16_l m3h2_16_l\">\n<div class=\"mp4t_0 mryx_0 munh_56 m3h2_56\">\n<div class=\"mp7g_oh\"><button class=\"mg9e_0 mvrt_0 mj7a_0 mh36_0 mp4t_0 m3h2_0 mryx_0 munh_0 mqen_m6 mpof_z0 mx7m_0 m7er_k4 mse2_k4 msts_pt\" data-analytics-interaction=\"true\" data-analytics-interaction-label=\"zoomable-image-open\" aria-disabled=\"true\"><img decoding=\"async\" class=\"msub_k4 mupj_5k mjru_k4 mse2_k4 mp7g_f6 mq1m_0 mj7u_0 m7er_k4 mqen_m6 m31c_d8 m0ux_fp lazyloaded\" src=\"https:\/\/a.allegroimg.com\/original\/117b0c\/52627a5d4ee589e30a0d9048dd7f\/Sekator-z-przekladnia-ostrze-mijajace-Bradas-Kod-producenta-KT-V1024\" sizes=\"(min-width: 1200px) 560px, (min-width: 992px) 50vw, 100vw\" srcset=\"https:\/\/a.allegroimg.com\/s360\/117b0c\/52627a5d4ee589e30a0d9048dd7f\/Sekator-z-przekladnia-ostrze-mijajace-Bradas-Kod-producenta-KT-V1024 360w,https:\/\/a.allegroimg.com\/s720\/117b0c\/52627a5d4ee589e30a0d9048dd7f\/Sekator-z-przekladnia-ostrze-mijajace-Bradas-Kod-producenta-KT-V1024 600w,https:\/\/a.allegroimg.com\/original\/117b0c\/52627a5d4ee589e30a0d9048dd7f\/Sekator-z-przekladnia-ostrze-mijajace-Bradas-Kod-producenta-KT-V1024 600w\" alt=\"Sekator z przek\u0142adni\u0105 ostrze mijaj\u0105ce Bradas Kod producenta KT-V1024\" width=\"600px\" data-srcset=\"\" \/><\/button><\/div>\n<\/div>\n<\/div>\n<\/div>\n<div class=\"mp4t_16_s mryx_16_s mr3m_1 mli2_1 mh85_56 mh85_0_l\">\n<div class=\"mgn2_16 _0d3bd_am0a-\">\n<p>To jedna z najbardziej istotnych czynno\u015bci w ogrodzie, obok dbania o optymalne nawodnienie ro\u015blin czy trawnika. Dzia\u0142anie, kt\u00f3re pozwala ro\u015blinom rozwija\u0107 si\u0119, a przy okazji te\u017c zadba\u0107 o ich dobry wygl\u0105d, pewn\u0105 estetyk\u0119 i kosmetyk\u0119.\u00a0Sekator\u00a0\u2013 narz\u0119dzie tyle\u017c przydatne, co obowi\u0105zkowe na wyposa\u017ceniu ka\u017cdej osoby chc\u0105cej zadba\u0107 o sw\u00f3j ogr\u00f3d i ro\u015bliny.<\/p>\n<p>Myli si\u0119 ten, kto jest przekonany, \u017ce wyb\u00f3r sekatora to prosta sprawa, \u017ce w\u0142a\u015bciwie mo\u017cna wybra\u0107 pierwszy lepszy. Jasne, mo\u017cna.<\/p>\n<\/div>\n<\/div>\n<\/div>\n<div class=\"mpof_ki myre_zn myre_8v_l m389_6m_l\">\n<div class=\"mp4t_16_s mryx_16_s mr3m_1 mli2_1 mh85_56 mh85_0_l\">\n<div class=\"mg9e_8 mj7a_8 mg9e_0_s mvrt_0_s mj7a_0_s mh36_0_s mzmg_6m munh_16_l m3h2_16_l\">\n<div class=\"mp4t_0 mryx_0 munh_56 m3h2_56\">\n<div class=\"mp7g_oh\"><button class=\"mg9e_0 mvrt_0 mj7a_0 mh36_0 mp4t_0 m3h2_0 mryx_0 munh_0 mqen_m6 mpof_z0 mx7m_0 m7er_k4 mse2_k4 msts_pt\" data-analytics-interaction=\"true\" data-analytics-interaction-label=\"zoomable-image-open\" aria-disabled=\"true\"><img decoding=\"async\" class=\"msub_k4 mupj_5k mjru_k4 mse2_k4 mp7g_f6 mq1m_0 mj7u_0 m7er_k4 mqen_m6 m31c_d8 m0ux_fp lazyloaded\" src=\"https:\/\/a.allegroimg.com\/original\/11bda5\/f77109194d3893996a455b094acf\/Sekator-z-przekladnia-ostrze-mijajace-Bradas-Maksymalna-grubosc-cietej-galezi-18-mm\" sizes=\"(min-width: 1200px) 560px, (min-width: 992px) 50vw, 100vw\" srcset=\"https:\/\/a.allegroimg.com\/s360\/11bda5\/f77109194d3893996a455b094acf\/Sekator-z-przekladnia-ostrze-mijajace-Bradas-Maksymalna-grubosc-cietej-galezi-18-mm 270w,https:\/\/a.allegroimg.com\/s720\/11bda5\/f77109194d3893996a455b094acf\/Sekator-z-przekladnia-ostrze-mijajace-Bradas-Maksymalna-grubosc-cietej-galezi-18-mm 541w,https:\/\/a.allegroimg.com\/s1024\/11bda5\/f77109194d3893996a455b094acf\/Sekator-z-przekladnia-ostrze-mijajace-Bradas-Maksymalna-grubosc-cietej-galezi-18-mm 770w,https:\/\/a.allegroimg.com\/s1440\/11bda5\/f77109194d3893996a455b094acf\/Sekator-z-przekladnia-ostrze-mijajace-Bradas-Maksymalna-grubosc-cietej-galezi-18-mm 1083w,https:\/\/a.allegroimg.com\/original\/11bda5\/f77109194d3893996a455b094acf\/Sekator-z-przekladnia-ostrze-mijajace-Bradas-Maksymalna-grubosc-cietej-galezi-18-mm 1927w\" alt=\"Sekator z przek\u0142adni\u0105 ostrze mijaj\u0105ce Bradas Maksymalna grubo\u015b\u0107 ci\u0119tej ga\u0142\u0119zi 18 mm\" width=\"1927px\" data-srcset=\"\" \/><\/button><\/div>\n<\/div>\n<\/div>\n<\/div>\n<div class=\"mp4t_16_s mryx_16_s mr3m_1 mli2_1 mh85_56 mh85_0_l\">\n<div class=\"mg9e_8 mj7a_8 mg9e_0_s mvrt_0_s mj7a_0_s mh36_0_s mzmg_6m munh_16_l m3h2_16_l\">\n<div class=\"mp4t_0 mryx_0 munh_56 m3h2_56\">\n<div class=\"mp7g_oh\"><button class=\"mg9e_0 mvrt_0 mj7a_0 mh36_0 mp4t_0 m3h2_0 mryx_0 munh_0 mqen_m6 mpof_z0 mx7m_0 m7er_k4 mse2_k4 msts_pt\" data-analytics-interaction=\"true\" data-analytics-interaction-label=\"zoomable-image-open\" aria-disabled=\"true\"><img decoding=\"async\" class=\"msub_k4 mupj_5k mjru_k4 mse2_k4 mp7g_f6 mq1m_0 mj7u_0 m7er_k4 mqen_m6 m31c_d8 m0ux_fp lazyloaded\" src=\"https:\/\/a.allegroimg.com\/original\/11dc34\/2f03affe4055976ce6683cd9d876\/Sekator-z-przekladnia-ostrze-mijajace-Bradas-Moc-0-W\" sizes=\"(min-width: 1200px) 560px, (min-width: 992px) 50vw, 100vw\" srcset=\"https:\/\/a.allegroimg.com\/s360\/11dc34\/2f03affe4055976ce6683cd9d876\/Sekator-z-przekladnia-ostrze-mijajace-Bradas-Moc-0-W 270w,https:\/\/a.allegroimg.com\/s720\/11dc34\/2f03affe4055976ce6683cd9d876\/Sekator-z-przekladnia-ostrze-mijajace-Bradas-Moc-0-W 541w,https:\/\/a.allegroimg.com\/s1024\/11dc34\/2f03affe4055976ce6683cd9d876\/Sekator-z-przekladnia-ostrze-mijajace-Bradas-Moc-0-W 770w,https:\/\/a.allegroimg.com\/s1440\/11dc34\/2f03affe4055976ce6683cd9d876\/Sekator-z-przekladnia-ostrze-mijajace-Bradas-Moc-0-W 1083w,https:\/\/a.allegroimg.com\/original\/11dc34\/2f03affe4055976ce6683cd9d876\/Sekator-z-przekladnia-ostrze-mijajace-Bradas-Moc-0-W 1927w\" alt=\"Sekator z przek\u0142adni\u0105 ostrze mijaj\u0105ce Bradas Moc 0 W\" width=\"1927px\" data-srcset=\"\" \/><\/button><\/div>\n<\/div>\n<\/div>\n<\/div>\n<\/div>\n","protected":false},"excerpt":{"rendered":"<p>Sekator z przek\u0142adni\u0105 V-SERIES ostrze mijaj\u0105ce, stal SK5 &#8211; wysokiej jako\u015bci ostrze mijaj\u0105ce &#8211; ostrze wykonane z stali SK5 pokryte pow\u0142ok\u0105 ochronn\u0105 &#8211; przek\u0142adnia zwi\u0119kszaj\u0105ca si\u0142\u0119 ci\u0119cia &#8211; maksymalna \u015brednica ci\u0119cia 18mm &#8211; wyposa\u017cony w blokad\u0119 bezpiecze\u0144stwa &#8211; idealny do ci\u0119cia kwiat\u00f3w i krzew\u00f3w To jedna z najbardziej istotnych czynno\u015bci w ogrodzie, obok dbania o &hellip;<\/p>\n<p class=\"read-more\"> <a class=\"\" href=\"https:\/\/www.ogrodolszanica.pl\/index.php\/produkt\/sekator-z-przekladnia-ostrze-mijajace-bradas\/\"> <span class=\"screen-reader-text\">Sekator z przek\u0142adni\u0105 ostrze mijaj\u0105ce Bradas<\/span> Read More &raquo;<\/a><\/p>\n","protected":false},"featured_media":4133,"comment_status":"open","ping_status":"closed","template":"","meta":{"site-sidebar-layout":"default","site-content-layout":"default","ast-global-header-display":"","ast-main-header-display":"","ast-hfb-above-header-display":"","ast-hfb-below-header-display":"","ast-hfb-mobile-header-display":"","site-post-title":"","ast-breadcrumbs-content":"","ast-featured-img":"","footer-sml-layout":"","theme-transparent-header-meta":"default","adv-header-id-meta":"","stick-header-meta":"","header-above-stick-meta":"","header-main-stick-meta":"","header-below-stick-meta":"","spay_email":""},"product_cat":[46],"product_tag":[],"class_list":["post-4132","product","type-product","status-publish","has-post-thumbnail","hentry","product_cat-sekatory-i-nozyce"],"yoast_head":"<!-- This site is optimized with the Yoast SEO plugin v19.2 - https:\/\/yoast.com\/wordpress\/plugins\/seo\/ -->\n<title>Sekator z przek\u0142adni\u0105 ostrze mijaj\u0105ce Bradas - Ogr&oacute;d Olszanica<\/title>\n<meta name=\"robots\" content=\"index, follow, max-snippet:-1, max-image-preview:large, max-video-preview:-1\" \/>\n<link rel=\"canonical\" href=\"https:\/\/www.ogrodolszanica.pl\/index.php\/produkt\/sekator-z-przekladnia-ostrze-mijajace-bradas\/\" \/>\n<meta property=\"og:locale\" content=\"pl_PL\" \/>\n<meta property=\"og:type\" content=\"article\" \/>\n<meta property=\"og:title\" content=\"Sekator z przek\u0142adni\u0105 ostrze mijaj\u0105ce Bradas - Ogr&oacute;d Olszanica\" \/>\n<meta property=\"og:description\" content=\"Sekator z przek\u0142adni\u0105 V-SERIES ostrze mijaj\u0105ce, stal SK5 &#8211; wysokiej jako\u015bci ostrze mijaj\u0105ce &#8211; ostrze wykonane z stali SK5 pokryte pow\u0142ok\u0105 ochronn\u0105 &#8211; przek\u0142adnia zwi\u0119kszaj\u0105ca si\u0142\u0119 ci\u0119cia &#8211; maksymalna \u015brednica ci\u0119cia 18mm &#8211; wyposa\u017cony w blokad\u0119 bezpiecze\u0144stwa &#8211; idealny do ci\u0119cia kwiat\u00f3w i krzew\u00f3w To jedna z najbardziej istotnych czynno\u015bci w ogrodzie, obok dbania o &hellip; Sekator z przek\u0142adni\u0105 ostrze mijaj\u0105ce Bradas Read More &raquo;\" \/>\n<meta property=\"og:url\" content=\"https:\/\/www.ogrodolszanica.pl\/index.php\/produkt\/sekator-z-przekladnia-ostrze-mijajace-bradas\/\" \/>\n<meta property=\"og:site_name\" content=\"Ogr&oacute;d Olszanica\" \/>\n<meta property=\"article:publisher\" content=\"https:\/\/www.facebook.com\/Ogrd-Olszanica-100807179225223\" \/>\n<meta property=\"article:modified_time\" content=\"2026-03-10T07:19:52+00:00\" \/>\n<meta property=\"og:image\" content=\"https:\/\/www.ogrodolszanica.pl\/wp-content\/uploads\/2026\/03\/images.jpg\" \/>\n\t<meta property=\"og:image:width\" content=\"275\" \/>\n\t<meta property=\"og:image:height\" content=\"183\" \/>\n\t<meta property=\"og:image:type\" content=\"image\/jpeg\" \/>\n<meta name=\"author\" content=\"admin\" \/>\n<meta name=\"twitter:card\" content=\"summary_large_image\" \/>\n<meta name=\"twitter:label1\" content=\"Szacowany czas czytania\" \/>\n\t<meta name=\"twitter:data1\" content=\"1 minuta\" \/>\n<script type=\"application\/ld+json\" class=\"yoast-schema-graph\">{\"@context\":\"https:\/\/schema.org\",\"@graph\":[{\"@type\":\"Organization\",\"@id\":\"https:\/\/www.ogrodolszanica.pl\/#organization\",\"name\":\"Ogr\u00f3d Olszanica - Krakowskie Centrum Ogrodnicze\",\"url\":\"https:\/\/www.ogrodolszanica.pl\/\",\"sameAs\":[\"https:\/\/www.facebook.com\/Ogrd-Olszanica-100807179225223\"],\"logo\":{\"@type\":\"ImageObject\",\"inLanguage\":\"pl-PL\",\"@id\":\"https:\/\/www.ogrodolszanica.pl\/#\/schema\/logo\/image\/\",\"url\":\"http:\/\/www.ogrodolszanica.pl\/wp-content\/uploads\/2022\/06\/Ogrod-Olszanica1-1.png\",\"contentUrl\":\"http:\/\/www.ogrodolszanica.pl\/wp-content\/uploads\/2022\/06\/Ogrod-Olszanica1-1.png\",\"width\":180,\"height\":60,\"caption\":\"Ogr\u00f3d Olszanica - Krakowskie Centrum Ogrodnicze\"},\"image\":{\"@id\":\"https:\/\/www.ogrodolszanica.pl\/#\/schema\/logo\/image\/\"}},{\"@type\":\"WebSite\",\"@id\":\"https:\/\/www.ogrodolszanica.pl\/#website\",\"url\":\"https:\/\/www.ogrodolszanica.pl\/\",\"name\":\"Ogr&oacute;d Olszanica\",\"description\":\"Centrum Ogrodnicze Krak&oacute;w\",\"publisher\":{\"@id\":\"https:\/\/www.ogrodolszanica.pl\/#organization\"},\"potentialAction\":[{\"@type\":\"SearchAction\",\"target\":{\"@type\":\"EntryPoint\",\"urlTemplate\":\"https:\/\/www.ogrodolszanica.pl\/?s={search_term_string}\"},\"query-input\":\"required name=search_term_string\"}],\"inLanguage\":\"pl-PL\"},{\"@type\":\"ImageObject\",\"inLanguage\":\"pl-PL\",\"@id\":\"https:\/\/www.ogrodolszanica.pl\/index.php\/produkt\/sekator-z-przekladnia-ostrze-mijajace-bradas\/#primaryimage\",\"url\":\"https:\/\/i0.wp.com\/www.ogrodolszanica.pl\/wp-content\/uploads\/2026\/03\/images.jpg?fit=275%2C183&ssl=1\",\"contentUrl\":\"https:\/\/i0.wp.com\/www.ogrodolszanica.pl\/wp-content\/uploads\/2026\/03\/images.jpg?fit=275%2C183&ssl=1\",\"width\":275,\"height\":183},{\"@type\":\"WebPage\",\"@id\":\"https:\/\/www.ogrodolszanica.pl\/index.php\/produkt\/sekator-z-przekladnia-ostrze-mijajace-bradas\/#webpage\",\"url\":\"https:\/\/www.ogrodolszanica.pl\/index.php\/produkt\/sekator-z-przekladnia-ostrze-mijajace-bradas\/\",\"name\":\"Sekator z przek\u0142adni\u0105 ostrze mijaj\u0105ce Bradas - Ogr&oacute;d Olszanica\",\"isPartOf\":{\"@id\":\"https:\/\/www.ogrodolszanica.pl\/#website\"},\"primaryImageOfPage\":{\"@id\":\"https:\/\/www.ogrodolszanica.pl\/index.php\/produkt\/sekator-z-przekladnia-ostrze-mijajace-bradas\/#primaryimage\"},\"datePublished\":\"2026-03-08T19:24:31+00:00\",\"dateModified\":\"2026-03-10T07:19:52+00:00\",\"breadcrumb\":{\"@id\":\"https:\/\/www.ogrodolszanica.pl\/index.php\/produkt\/sekator-z-przekladnia-ostrze-mijajace-bradas\/#breadcrumb\"},\"inLanguage\":\"pl-PL\",\"potentialAction\":[{\"@type\":\"ReadAction\",\"target\":[\"https:\/\/www.ogrodolszanica.pl\/index.php\/produkt\/sekator-z-przekladnia-ostrze-mijajace-bradas\/\"]}]},{\"@type\":\"BreadcrumbList\",\"@id\":\"https:\/\/www.ogrodolszanica.pl\/index.php\/produkt\/sekator-z-przekladnia-ostrze-mijajace-bradas\/#breadcrumb\",\"itemListElement\":[{\"@type\":\"ListItem\",\"position\":1,\"name\":\"Strona g\u0142\u00f3wna\",\"item\":\"https:\/\/www.ogrodolszanica.pl\/\"},{\"@type\":\"ListItem\",\"position\":2,\"name\":\"Produkty\",\"item\":\"https:\/\/www.ogrodolszanica.pl\/index.php\/shop\/\"},{\"@type\":\"ListItem\",\"position\":3,\"name\":\"Sekator z przek\u0142adni\u0105 ostrze mijaj\u0105ce Bradas\"}]}]}<\/script>\n<!-- \/ Yoast SEO plugin. -->","yoast_head_json":{"title":"Sekator z przek\u0142adni\u0105 ostrze mijaj\u0105ce Bradas - Ogr&oacute;d Olszanica","robots":{"index":"index","follow":"follow","max-snippet":"max-snippet:-1","max-image-preview":"max-image-preview:large","max-video-preview":"max-video-preview:-1"},"canonical":"https:\/\/www.ogrodolszanica.pl\/index.php\/produkt\/sekator-z-przekladnia-ostrze-mijajace-bradas\/","og_locale":"pl_PL","og_type":"article","og_title":"Sekator z przek\u0142adni\u0105 ostrze mijaj\u0105ce Bradas - Ogr&oacute;d Olszanica","og_description":"Sekator z przek\u0142adni\u0105 V-SERIES ostrze mijaj\u0105ce, stal SK5 &#8211; wysokiej jako\u015bci ostrze mijaj\u0105ce &#8211; ostrze wykonane z stali SK5 pokryte pow\u0142ok\u0105 ochronn\u0105 &#8211; przek\u0142adnia zwi\u0119kszaj\u0105ca si\u0142\u0119 ci\u0119cia &#8211; maksymalna \u015brednica ci\u0119cia 18mm &#8211; wyposa\u017cony w blokad\u0119 bezpiecze\u0144stwa &#8211; idealny do ci\u0119cia kwiat\u00f3w i krzew\u00f3w To jedna z najbardziej istotnych czynno\u015bci w ogrodzie, obok dbania o &hellip; Sekator z przek\u0142adni\u0105 ostrze mijaj\u0105ce Bradas Read More &raquo;","og_url":"https:\/\/www.ogrodolszanica.pl\/index.php\/produkt\/sekator-z-przekladnia-ostrze-mijajace-bradas\/","og_site_name":"Ogr&oacute;d Olszanica","article_publisher":"https:\/\/www.facebook.com\/Ogrd-Olszanica-100807179225223","article_modified_time":"2026-03-10T07:19:52+00:00","og_image":[{"width":275,"height":183,"url":"https:\/\/www.ogrodolszanica.pl\/wp-content\/uploads\/2026\/03\/images.jpg","type":"image\/jpeg"}],"author":"admin","twitter_card":"summary_large_image","twitter_misc":{"Szacowany czas czytania":"1 minuta"},"schema":{"@context":"https:\/\/schema.org","@graph":[{"@type":"Organization","@id":"https:\/\/www.ogrodolszanica.pl\/#organization","name":"Ogr\u00f3d Olszanica - Krakowskie Centrum Ogrodnicze","url":"https:\/\/www.ogrodolszanica.pl\/","sameAs":["https:\/\/www.facebook.com\/Ogrd-Olszanica-100807179225223"],"logo":{"@type":"ImageObject","inLanguage":"pl-PL","@id":"https:\/\/www.ogrodolszanica.pl\/#\/schema\/logo\/image\/","url":"http:\/\/www.ogrodolszanica.pl\/wp-content\/uploads\/2022\/06\/Ogrod-Olszanica1-1.png","contentUrl":"http:\/\/www.ogrodolszanica.pl\/wp-content\/uploads\/2022\/06\/Ogrod-Olszanica1-1.png","width":180,"height":60,"caption":"Ogr\u00f3d Olszanica - Krakowskie Centrum Ogrodnicze"},"image":{"@id":"https:\/\/www.ogrodolszanica.pl\/#\/schema\/logo\/image\/"}},{"@type":"WebSite","@id":"https:\/\/www.ogrodolszanica.pl\/#website","url":"https:\/\/www.ogrodolszanica.pl\/","name":"Ogr&oacute;d Olszanica","description":"Centrum Ogrodnicze Krak&oacute;w","publisher":{"@id":"https:\/\/www.ogrodolszanica.pl\/#organization"},"potentialAction":[{"@type":"SearchAction","target":{"@type":"EntryPoint","urlTemplate":"https:\/\/www.ogrodolszanica.pl\/?s={search_term_string}"},"query-input":"required name=search_term_string"}],"inLanguage":"pl-PL"},{"@type":"ImageObject","inLanguage":"pl-PL","@id":"https:\/\/www.ogrodolszanica.pl\/index.php\/produkt\/sekator-z-przekladnia-ostrze-mijajace-bradas\/#primaryimage","url":"https:\/\/i0.wp.com\/www.ogrodolszanica.pl\/wp-content\/uploads\/2026\/03\/images.jpg?fit=275%2C183&ssl=1","contentUrl":"https:\/\/i0.wp.com\/www.ogrodolszanica.pl\/wp-content\/uploads\/2026\/03\/images.jpg?fit=275%2C183&ssl=1","width":275,"height":183},{"@type":"WebPage","@id":"https:\/\/www.ogrodolszanica.pl\/index.php\/produkt\/sekator-z-przekladnia-ostrze-mijajace-bradas\/#webpage","url":"https:\/\/www.ogrodolszanica.pl\/index.php\/produkt\/sekator-z-przekladnia-ostrze-mijajace-bradas\/","name":"Sekator z przek\u0142adni\u0105 ostrze mijaj\u0105ce Bradas - Ogr&oacute;d Olszanica","isPartOf":{"@id":"https:\/\/www.ogrodolszanica.pl\/#website"},"primaryImageOfPage":{"@id":"https:\/\/www.ogrodolszanica.pl\/index.php\/produkt\/sekator-z-przekladnia-ostrze-mijajace-bradas\/#primaryimage"},"datePublished":"2026-03-08T19:24:31+00:00","dateModified":"2026-03-10T07:19:52+00:00","breadcrumb":{"@id":"https:\/\/www.ogrodolszanica.pl\/index.php\/produkt\/sekator-z-przekladnia-ostrze-mijajace-bradas\/#breadcrumb"},"inLanguage":"pl-PL","potentialAction":[{"@type":"ReadAction","target":["https:\/\/www.ogrodolszanica.pl\/index.php\/produkt\/sekator-z-przekladnia-ostrze-mijajace-bradas\/"]}]},{"@type":"BreadcrumbList","@id":"https:\/\/www.ogrodolszanica.pl\/index.php\/produkt\/sekator-z-przekladnia-ostrze-mijajace-bradas\/#breadcrumb","itemListElement":[{"@type":"ListItem","position":1,"name":"Strona g\u0142\u00f3wna","item":"https:\/\/www.ogrodolszanica.pl\/"},{"@type":"ListItem","position":2,"name":"Produkty","item":"https:\/\/www.ogrodolszanica.pl\/index.php\/shop\/"},{"@type":"ListItem","position":3,"name":"Sekator z przek\u0142adni\u0105 ostrze mijaj\u0105ce Bradas"}]}]}},"jetpack-related-posts":[{"id":4134,"url":"https:\/\/www.ogrodolszanica.pl\/index.php\/produkt\/sekator-ogrodniczy-bradas-v-series-kt-v3-ostrze-mijajace-15mm-jednoreczny\/","url_meta":{"origin":4132,"position":0},"title":"Sekator ogrodniczy Bradas V-SERIES KT-V3 ostrze mijaj\u0105ce 15mm jednor\u0119czny","date":"8 marca, 2026","format":false,"excerpt":"BRADAS Sekator V-SERIES ostrze mijaj\u0105ce 15 mm KT-V3 Specyfikacja: Ostrze:\u00a0mijaj\u0105ce \u015arednica ci\u0119cia:\u00a015 mm Rodzaj:\u00a0no\u017cycowy Typ:\u00a0jednor\u0119czne Zastosowanie: do ci\u0119cia kwiat\u00f3w i krzew\u00f3w Sekator r\u0119czny Bradas, to idealny nabytek dla wszystkich mi\u0142o\u015bnik\u00f3w ogrodnictwa. Je\u015bli zale\u017cy Pa\u0144stwu na oszcz\u0119dno\u015bci w\u0142asnego czasu i energii to ten sekator jest czym\u015b dla was. Sekator ogrodniczy \"V-SERIES\"\u2026","rel":"","context":"Similar post","img":{"alt_text":"","src":"https:\/\/i0.wp.com\/www.ogrodolszanica.pl\/wp-content\/uploads\/2026\/03\/images-1.jpg?fit=225%2C225&ssl=1&resize=350%2C200","width":350,"height":200},"classes":[]},{"id":4138,"url":"https:\/\/www.ogrodolszanica.pl\/index.php\/produkt\/sekator-tradycyjny-bradas-carbon-steel-8\/","url_meta":{"origin":4132,"position":1},"title":"Sekator tradycyjny Bradas Carbon-Steel 8&#8243;","date":"8 marca, 2026","format":false,"excerpt":"ZESTAW SEKATOR\u00d3W KWIAT\u00d3W ORAZ P\u0118D\u00d3W Zestaw zawiera: - Sekator profesjonalny 8\" do kwiat\u00f3w i p\u0119d\u00f3w. Wykonany ze specjalnej stali karbonowej. - 2x profesjonalny, ergonomiczny sekator ogrodniczy CARBON-STEEL do kwiat\u00f3w i p\u0119d\u00f3w Produkty oferowane w zestawie wykonane s\u0105 z wysokiej jako\u015bci ostrza oraz wyposa\u017cone s\u0105 w antypo\u015blizgowe uchwyty. Sekator do ga\u0142\u0119zi,\u2026","rel":"","context":"Similar post","img":{"alt_text":"","src":"https:\/\/i0.wp.com\/www.ogrodolszanica.pl\/wp-content\/uploads\/2026\/03\/images-3.jpg?fit=225%2C225&ssl=1&resize=350%2C200","width":350,"height":200},"classes":[]},{"id":4136,"url":"https:\/\/www.ogrodolszanica.pl\/index.php\/produkt\/sekator-ostrze-mijajace-stal-nierdzewna-srednica-ciecia-6mm-kt-vwl1011\/","url_meta":{"origin":4132,"position":2},"title":"Sekator Ostrze mijaj\u0105ce &#8211; stal nierdzewna \u015arednica ci\u0119cia 6mm KT-VWL1011","date":"8 marca, 2026","format":false,"excerpt":"KT-VWL1011 Sekator V-SERIES Ostrze mijaj\u0105ce - stal nierdzewna \/ \u015arednica ci\u0119cia: 6 mm Sekator V-SERIES z ostrzem mijaj\u0105cym to por\u0119czne narz\u0119dzie, kt\u00f3re zapewnia precyzyjne i czyste ci\u0119cie delikatnych ro\u015blin w ka\u017cdym ogrodzie. Dzi\u0119ki kompaktowej konstrukcji i blokadzie bezpiecze\u0144stwa \u015bwietnie sprawdzi si\u0119 zar\u00f3wno u pocz\u0105tkuj\u0105cych, jak i bardziej wymagaj\u0105cych ogrodnik\u00f3w. Specyfikacja\u2026","rel":"","context":"Similar post","img":{"alt_text":"","src":"https:\/\/i0.wp.com\/www.ogrodolszanica.pl\/wp-content\/uploads\/2026\/03\/images-2.jpg?fit=200%2C200&ssl=1&resize=350%2C200","width":350,"height":200},"classes":[]},{"id":3177,"url":"https:\/\/www.ogrodolszanica.pl\/index.php\/produkt\/sekator-ogrodowy-maly-verkatto-205mm\/","url_meta":{"origin":4132,"position":3},"title":"Sekator ogrodowy ma\u0142y Verkatto 205mm","date":"23 lutego, 2026","format":false,"excerpt":"Sekator ogrodowy 205mm Verkatto VR-7260 Charakterystyka produktu: \u2013 ostrze wykonane z wytrzyma\u0142ej stali \u2013 rozmiar 205 mm \u2013 maksymalna \u015brednica ci\u0119tych ga\u0142\u0119zi: 19 mm","rel":"","context":"Similar post","img":{"alt_text":"","src":"https:\/\/i0.wp.com\/www.ogrodolszanica.pl\/wp-content\/uploads\/2026\/02\/VR-7260.jpg?fit=1024%2C768&ssl=1&resize=350%2C200","width":350,"height":200},"classes":[]},{"id":3179,"url":"https:\/\/www.ogrodolszanica.pl\/index.php\/produkt\/nozyce-do-zywoplotu-z-ostrzem-falowanym\/","url_meta":{"origin":4132,"position":4},"title":"No\u017cyce do \u017cywop\u0142otu z ostrzem falowanym","date":"23 lutego, 2026","format":false,"excerpt":"No\u017cyce do \u017cywop\u0142otu z ostrzem falowanym VR-7270 Charakterystyka produktu: \u2013 przeznaczone do piel\u0119gnacji krzew\u00f3w oraz formowania \u017cywop\u0142ot\u00f3w \u2013 d\u017awigniowa przek\u0142adnia zwi\u0119ksza si\u0142\u0119 ci\u0119cia \u2013 ostrze wykonane z wytrzyma\u0142ej stali \u2013 produkt wyposa\u017cony jest w teleskopowe ramiona","rel":"","context":"Similar post","img":{"alt_text":"","src":"https:\/\/i0.wp.com\/www.ogrodolszanica.pl\/wp-content\/uploads\/2026\/02\/VR-7270.jpg?fit=507%2C380&ssl=1&resize=350%2C200","width":350,"height":200},"classes":[]},{"id":3178,"url":"https:\/\/www.ogrodolszanica.pl\/index.php\/produkt\/sekator-kowadelkowy-z-aluminiowa-raczka\/","url_meta":{"origin":4132,"position":5},"title":"Sekator kowade\u0142kowy z aluminiow\u0105 r\u0105czk\u0105","date":"23 lutego, 2026","format":false,"excerpt":"Sekator kowade\u0142kowy z aluminiow\u0105 r\u0105czk\u0105 VR-7265 Charakterystyka produktu: \u2013 stosowany do przycinania kwiat\u00f3w, p\u0119d\u00f3w drzew i krzew\u00f3w \u2013 aluminiowa r\u0105czka pokryta antypo\u015blizgow\u0105 pow\u0142ok\u0105 \u2013 otw\u00f3r do zamocowania zawieszki na nadgarstek","rel":"","context":"Similar post","img":{"alt_text":"","src":"https:\/\/i0.wp.com\/www.ogrodolszanica.pl\/wp-content\/uploads\/2026\/02\/VR-7265.jpg?fit=1024%2C768&ssl=1&resize=350%2C200","width":350,"height":200},"classes":[]}],"_links":{"self":[{"href":"https:\/\/www.ogrodolszanica.pl\/index.php\/wp-json\/wp\/v2\/product\/4132","targetHints":{"allow":["GET"]}}],"collection":[{"href":"https:\/\/www.ogrodolszanica.pl\/index.php\/wp-json\/wp\/v2\/product"}],"about":[{"href":"https:\/\/www.ogrodolszanica.pl\/index.php\/wp-json\/wp\/v2\/types\/product"}],"replies":[{"embeddable":true,"href":"https:\/\/www.ogrodolszanica.pl\/index.php\/wp-json\/wp\/v2\/comments?post=4132"}],"wp:featuredmedia":[{"embeddable":true,"href":"https:\/\/www.ogrodolszanica.pl\/index.php\/wp-json\/wp\/v2\/media\/4133"}],"wp:attachment":[{"href":"https:\/\/www.ogrodolszanica.pl\/index.php\/wp-json\/wp\/v2\/media?parent=4132"}],"wp:term":[{"taxonomy":"product_cat","embeddable":true,"href":"https:\/\/www.ogrodolszanica.pl\/index.php\/wp-json\/wp\/v2\/product_cat?post=4132"},{"taxonomy":"product_tag","embeddable":true,"href":"https:\/\/www.ogrodolszanica.pl\/index.php\/wp-json\/wp\/v2\/product_tag?post=4132"}],"curies":[{"name":"wp","href":"https:\/\/api.w.org\/{rel}","templated":true}]}}