{"id":4042,"date":"2026-03-04T20:12:41","date_gmt":"2026-03-04T20:12:41","guid":{"rendered":"https:\/\/www.ogrodolszanica.pl\/?post_type=product&#038;p=4042"},"modified":"2026-03-04T20:12:41","modified_gmt":"2026-03-04T20:12:41","slug":"kalosze-meskie-wellington-czarne-43","status":"publish","type":"product","link":"https:\/\/www.ogrodolszanica.pl\/index.php\/produkt\/kalosze-meskie-wellington-czarne-43\/","title":{"rendered":"Kalosze m\u0119skie Wellington czarne 43"},"content":{"rendered":"<div>\n<div class=\"section-container\" data-testid=\"description-section-container\">\n<div class=\"section\">\n<div class=\"item item-12\">\n<div class=\"text-item\">\n<div>\n<div class=\"text-content\">\n<h1>Kalosze m\u0119skie Wellington czarne 43<\/h1>\n<\/div>\n<\/div>\n<\/div>\n<\/div>\n<\/div>\n<\/div>\n<\/div>\n<div>\n<div class=\"section-container\" data-testid=\"description-section-container\">\n<div class=\"section\">\n<div class=\"item item-12\">\n<div class=\"image-item-container\">\n<div class=\"image-item\"><img decoding=\"async\" src=\"https:\/\/a.allegroimg.com\/s1440\/11f991\/358d3fe44be9b6137649454fa408\" alt=\"\" \/><\/div>\n<\/div>\n<\/div>\n<\/div>\n<\/div>\n<\/div>\n<div>\n<div class=\"section-container\" data-testid=\"description-section-container\">\n<div class=\"section\">\n<div class=\"item item-12\">\n<div class=\"text-item\">\n<div>\n<div class=\"text-content\">\n<p>\u2705 Buty z tworzywa sztucznego PVC sprawdz\u0105 si\u0119 do chodzenia po grz\u0105skim, podmok\u0142ym gruncie.<\/p>\n<p>\u2705 Wysokiej jako\u015bci materia\u0142 PVC<\/p>\n<p>\u2705 Wodoodporne<\/p>\n<p>\u2705 Komfortowe<\/p>\n<p>\u2705 Prosty, uniwersalny wz\u00f3r<\/p>\n<p>\u2705 \u0141atwe czyszczenie<\/p>\n<p>\u2705 Produkt polski<\/p>\n<\/div>\n<\/div>\n<\/div>\n<\/div>\n<\/div>\n<\/div>\n<\/div>\n<div>\n<div class=\"section-container\" data-testid=\"description-section-container\">\n<div class=\"section\">\n<div class=\"item item-12\">\n<div class=\"text-item\">\n<div>\n<div class=\"text-content\">\n<p>\u25b6\ufe0f\u00a0<b>Typ produktu:<\/b>\u00a0Kalosze<\/p>\n<p>\u25b6\ufe0f\u00a0<b>Rodzaj opakowania:<\/b>\u00a0Para<\/p>\n<p>\u25b6\ufe0f\u00a0<b>Kolor:<\/b>\u00a0Czarny<\/p>\n<p>\u25b6\ufe0f\u00a0<b>Rozmiar obuwia (EU):<\/b>\u00a043<\/p>\n<p>\u25b6\ufe0f\u00a0<b>Dopasowanie obuwia:<\/b>\u00a0Standardowy fason<\/p>\n<p>\u25b6\ufe0f\u00a0<b>Materia\u0142 cholewki:<\/b>\u00a0PVC<\/p>\n<p>\u25b6\ufe0f\u00a0<b>Materia\u0142 podeszwy:<\/b>\u00a0Polichlorek winylu (PCV)<\/p>\n<p>\u25b6\ufe0f\u00a0<b>Podeszwa antystatyczna:<\/b>\u00a0Podeszwa bez w\u0142a\u015bciwo\u015bci antystatycznych<\/p>\n<p>\u25b6\ufe0f\u00a0<b>Materia\u0142 podeszwy \u015brodkowej:<\/b>\u00a0Brak ochronnej podeszwy \u015brodkowej<\/p>\n<p>\u25b6\ufe0f\u00a0<b>Opis podszewki:<\/b>\u00a0Bez podszewki<\/p>\n<p>\u25b6\ufe0f\u00a0<b>Budowa podnoska:<\/b>\u00a0Bez ochrony<\/p>\n<p>\u25b6\ufe0f\u00a0<b>Klasa ochrony obuwia:<\/b>\u00a0Brak klasy ochrony<\/p>\n<p>\u25b6\ufe0f\u00a0<b>Ocena odporno\u015bci na po\u015blizg:<\/b>\u00a0Nie dotyczy tego produktu<\/p>\n<p>\u25b6\ufe0f\u00a0<b>Odporno\u015b\u0107 na substancje chemiczne:<\/b>\u00a0Brak odporno\u015bci na substancje chemiczne<\/p>\n<p>\u25b6\ufe0f\u00a0<b>Odporno\u015b\u0107 na wod\u0119:<\/b>\u00a0Wodoodporno\u015b\u0107<\/p>\n<p>\u25b6\ufe0f\u00a0<b>Odporno\u015b\u0107 na czynniki pogodowe:<\/b>\u00a0Odporny na czynniki pogodowe<\/p>\n<p>\u25b6\ufe0f\u00a0<b>Odporno\u015b\u0107 na zarysowanie:<\/b>\u00a0Brak odporno\u015bci na zarysowania<\/p>\n<p>\u25b6\ufe0f\u00a0<b>Odporno\u015b\u0107 na wstrz\u0105sy:<\/b>\u00a0Brak odporno\u015bci na wstrz\u0105sy<\/p>\n<p>\u25b6\ufe0f\u00a0<b>Przeznaczenie:<\/b>\u00a0Kalosze ogrodowe: chroni stopy przed zamoczeniem<\/p>\n<p>\u25b6\ufe0f\u00a0<b>Informacje dotycz\u0105ce konserwacji:<\/b>\u00a0My\u0107 ciep\u0142\u0105 wod\u0105 z dodatkiem \u0142agodnych \u015brodk\u00f3w myj\u0105cych. Suszy\u0107 w temperaturze pokojowej. Nie u\u017cywa\u0107 ostrych narz\u0119dzi ani rozpuszczalnik\u00f3w.<\/p>\n<p>\u25b6\ufe0f\u00a0<b>Waga produktu:<\/b>\u00a01500g<\/p>\n<p>\u25b6\ufe0f\u00a0<b>Szczeg\u00f3\u0142y gwarancji:<\/b>\u00a0Wady produkcyjne<\/p>\n<p>\u25b6\ufe0f\u00a0<b>Kod EAN:<\/b>\u00a05904050766709<\/p>\n<\/div>\n<\/div>\n<\/div>\n<\/div>\n<\/div>\n<\/div>\n<\/div>\n<div>\n<div class=\"section-container\" data-testid=\"description-section-container\">\n<div class=\"section\">\n<div class=\"item item-6\">\n<div class=\"image-item-container\">\n<div class=\"image-item\"><img decoding=\"async\" src=\"https:\/\/a.allegroimg.com\/s1440\/116b56\/7b3c5aac4a6598be0aea3d25727f\" alt=\"\" \/><\/div>\n<\/div>\n<\/div>\n<div class=\"item item-6\">\n<div class=\"image-item-container\">\n<div class=\"image-item\"><img decoding=\"async\" src=\"https:\/\/a.allegroimg.com\/s1440\/1167ac\/d5bb344e47b8a9f6a86b07301b52\" alt=\"\" \/><\/div>\n<\/div>\n<\/div>\n<\/div>\n<\/div>\n<\/div>\n","protected":false},"excerpt":{"rendered":"<p>Kalosze m\u0119skie Wellington czarne 43 \u2705 Buty z tworzywa sztucznego PVC sprawdz\u0105 si\u0119 do chodzenia po grz\u0105skim, podmok\u0142ym gruncie. \u2705 Wysokiej jako\u015bci materia\u0142 PVC \u2705 Wodoodporne \u2705 Komfortowe \u2705 Prosty, uniwersalny wz\u00f3r \u2705 \u0141atwe czyszczenie \u2705 Produkt polski \u25b6\ufe0f\u00a0Typ produktu:\u00a0Kalosze \u25b6\ufe0f\u00a0Rodzaj opakowania:\u00a0Para \u25b6\ufe0f\u00a0Kolor:\u00a0Czarny \u25b6\ufe0f\u00a0Rozmiar obuwia (EU):\u00a043 \u25b6\ufe0f\u00a0Dopasowanie obuwia:\u00a0Standardowy fason \u25b6\ufe0f\u00a0Materia\u0142 cholewki:\u00a0PVC \u25b6\ufe0f\u00a0Materia\u0142 podeszwy:\u00a0Polichlorek winylu (PCV) &hellip;<\/p>\n<p class=\"read-more\"> <a class=\"\" href=\"https:\/\/www.ogrodolszanica.pl\/index.php\/produkt\/kalosze-meskie-wellington-czarne-43\/\"> <span class=\"screen-reader-text\">Kalosze m\u0119skie Wellington czarne 43<\/span> Read More &raquo;<\/a><\/p>\n","protected":false},"featured_media":4039,"comment_status":"open","ping_status":"closed","template":"","meta":{"site-sidebar-layout":"default","site-content-layout":"default","ast-global-header-display":"","ast-main-header-display":"","ast-hfb-above-header-display":"","ast-hfb-below-header-display":"","ast-hfb-mobile-header-display":"","site-post-title":"","ast-breadcrumbs-content":"","ast-featured-img":"","footer-sml-layout":"","theme-transparent-header-meta":"default","adv-header-id-meta":"","stick-header-meta":"","header-above-stick-meta":"","header-main-stick-meta":"","header-below-stick-meta":"","spay_email":""},"product_cat":[50],"product_tag":[],"class_list":["post-4042","product","type-product","status-publish","has-post-thumbnail","hentry","product_cat-gumowce"],"yoast_head":"<!-- This site is optimized with the Yoast SEO plugin v19.2 - https:\/\/yoast.com\/wordpress\/plugins\/seo\/ -->\n<title>Kalosze m\u0119skie Wellington czarne 43 - Ogr&oacute;d Olszanica<\/title>\n<meta name=\"robots\" content=\"index, follow, max-snippet:-1, max-image-preview:large, max-video-preview:-1\" \/>\n<link rel=\"canonical\" href=\"https:\/\/www.ogrodolszanica.pl\/index.php\/produkt\/kalosze-meskie-wellington-czarne-43\/\" \/>\n<meta property=\"og:locale\" content=\"pl_PL\" \/>\n<meta property=\"og:type\" content=\"article\" \/>\n<meta property=\"og:title\" content=\"Kalosze m\u0119skie Wellington czarne 43 - Ogr&oacute;d Olszanica\" \/>\n<meta property=\"og:description\" content=\"Kalosze m\u0119skie Wellington czarne 43 \u2705 Buty z tworzywa sztucznego PVC sprawdz\u0105 si\u0119 do chodzenia po grz\u0105skim, podmok\u0142ym gruncie. \u2705 Wysokiej jako\u015bci materia\u0142 PVC \u2705 Wodoodporne \u2705 Komfortowe \u2705 Prosty, uniwersalny wz\u00f3r \u2705 \u0141atwe czyszczenie \u2705 Produkt polski \u25b6\ufe0f\u00a0Typ produktu:\u00a0Kalosze \u25b6\ufe0f\u00a0Rodzaj opakowania:\u00a0Para \u25b6\ufe0f\u00a0Kolor:\u00a0Czarny \u25b6\ufe0f\u00a0Rozmiar obuwia (EU):\u00a043 \u25b6\ufe0f\u00a0Dopasowanie obuwia:\u00a0Standardowy fason \u25b6\ufe0f\u00a0Materia\u0142 cholewki:\u00a0PVC \u25b6\ufe0f\u00a0Materia\u0142 podeszwy:\u00a0Polichlorek winylu (PCV) &hellip; Kalosze m\u0119skie Wellington czarne 43 Read More &raquo;\" \/>\n<meta property=\"og:url\" content=\"https:\/\/www.ogrodolszanica.pl\/index.php\/produkt\/kalosze-meskie-wellington-czarne-43\/\" \/>\n<meta property=\"og:site_name\" content=\"Ogr&oacute;d Olszanica\" \/>\n<meta property=\"article:publisher\" content=\"https:\/\/www.facebook.com\/Ogrd-Olszanica-100807179225223\" \/>\n<meta property=\"og:image\" content=\"https:\/\/www.ogrodolszanica.pl\/wp-content\/uploads\/2026\/03\/IMG20260303164344-scaled.jpg\" \/>\n\t<meta property=\"og:image:width\" content=\"1928\" \/>\n\t<meta property=\"og:image:height\" content=\"2560\" \/>\n\t<meta property=\"og:image:type\" content=\"image\/jpeg\" \/>\n<meta name=\"author\" content=\"admin\" \/>\n<meta name=\"twitter:card\" content=\"summary_large_image\" \/>\n<meta name=\"twitter:label1\" content=\"Szacowany czas czytania\" \/>\n\t<meta name=\"twitter:data1\" content=\"1 minuta\" \/>\n<script type=\"application\/ld+json\" class=\"yoast-schema-graph\">{\"@context\":\"https:\/\/schema.org\",\"@graph\":[{\"@type\":\"Organization\",\"@id\":\"https:\/\/www.ogrodolszanica.pl\/#organization\",\"name\":\"Ogr\u00f3d Olszanica - Krakowskie Centrum Ogrodnicze\",\"url\":\"https:\/\/www.ogrodolszanica.pl\/\",\"sameAs\":[\"https:\/\/www.facebook.com\/Ogrd-Olszanica-100807179225223\"],\"logo\":{\"@type\":\"ImageObject\",\"inLanguage\":\"pl-PL\",\"@id\":\"https:\/\/www.ogrodolszanica.pl\/#\/schema\/logo\/image\/\",\"url\":\"http:\/\/www.ogrodolszanica.pl\/wp-content\/uploads\/2022\/06\/Ogrod-Olszanica1-1.png\",\"contentUrl\":\"http:\/\/www.ogrodolszanica.pl\/wp-content\/uploads\/2022\/06\/Ogrod-Olszanica1-1.png\",\"width\":180,\"height\":60,\"caption\":\"Ogr\u00f3d Olszanica - Krakowskie Centrum Ogrodnicze\"},\"image\":{\"@id\":\"https:\/\/www.ogrodolszanica.pl\/#\/schema\/logo\/image\/\"}},{\"@type\":\"WebSite\",\"@id\":\"https:\/\/www.ogrodolszanica.pl\/#website\",\"url\":\"https:\/\/www.ogrodolszanica.pl\/\",\"name\":\"Ogr&oacute;d Olszanica\",\"description\":\"Centrum Ogrodnicze Krak&oacute;w\",\"publisher\":{\"@id\":\"https:\/\/www.ogrodolszanica.pl\/#organization\"},\"potentialAction\":[{\"@type\":\"SearchAction\",\"target\":{\"@type\":\"EntryPoint\",\"urlTemplate\":\"https:\/\/www.ogrodolszanica.pl\/?s={search_term_string}\"},\"query-input\":\"required name=search_term_string\"}],\"inLanguage\":\"pl-PL\"},{\"@type\":\"ImageObject\",\"inLanguage\":\"pl-PL\",\"@id\":\"https:\/\/www.ogrodolszanica.pl\/index.php\/produkt\/kalosze-meskie-wellington-czarne-43\/#primaryimage\",\"url\":\"https:\/\/i0.wp.com\/www.ogrodolszanica.pl\/wp-content\/uploads\/2026\/03\/IMG20260303164344-scaled.jpg?fit=1928%2C2560&ssl=1\",\"contentUrl\":\"https:\/\/i0.wp.com\/www.ogrodolszanica.pl\/wp-content\/uploads\/2026\/03\/IMG20260303164344-scaled.jpg?fit=1928%2C2560&ssl=1\",\"width\":1928,\"height\":2560},{\"@type\":\"WebPage\",\"@id\":\"https:\/\/www.ogrodolszanica.pl\/index.php\/produkt\/kalosze-meskie-wellington-czarne-43\/#webpage\",\"url\":\"https:\/\/www.ogrodolszanica.pl\/index.php\/produkt\/kalosze-meskie-wellington-czarne-43\/\",\"name\":\"Kalosze m\u0119skie Wellington czarne 43 - Ogr&oacute;d Olszanica\",\"isPartOf\":{\"@id\":\"https:\/\/www.ogrodolszanica.pl\/#website\"},\"primaryImageOfPage\":{\"@id\":\"https:\/\/www.ogrodolszanica.pl\/index.php\/produkt\/kalosze-meskie-wellington-czarne-43\/#primaryimage\"},\"datePublished\":\"2026-03-04T20:12:41+00:00\",\"dateModified\":\"2026-03-04T20:12:41+00:00\",\"breadcrumb\":{\"@id\":\"https:\/\/www.ogrodolszanica.pl\/index.php\/produkt\/kalosze-meskie-wellington-czarne-43\/#breadcrumb\"},\"inLanguage\":\"pl-PL\",\"potentialAction\":[{\"@type\":\"ReadAction\",\"target\":[\"https:\/\/www.ogrodolszanica.pl\/index.php\/produkt\/kalosze-meskie-wellington-czarne-43\/\"]}]},{\"@type\":\"BreadcrumbList\",\"@id\":\"https:\/\/www.ogrodolszanica.pl\/index.php\/produkt\/kalosze-meskie-wellington-czarne-43\/#breadcrumb\",\"itemListElement\":[{\"@type\":\"ListItem\",\"position\":1,\"name\":\"Strona g\u0142\u00f3wna\",\"item\":\"https:\/\/www.ogrodolszanica.pl\/\"},{\"@type\":\"ListItem\",\"position\":2,\"name\":\"Produkty\",\"item\":\"https:\/\/www.ogrodolszanica.pl\/index.php\/shop\/\"},{\"@type\":\"ListItem\",\"position\":3,\"name\":\"Kalosze m\u0119skie Wellington czarne 43\"}]}]}<\/script>\n<!-- \/ Yoast SEO plugin. -->","yoast_head_json":{"title":"Kalosze m\u0119skie Wellington czarne 43 - Ogr&oacute;d Olszanica","robots":{"index":"index","follow":"follow","max-snippet":"max-snippet:-1","max-image-preview":"max-image-preview:large","max-video-preview":"max-video-preview:-1"},"canonical":"https:\/\/www.ogrodolszanica.pl\/index.php\/produkt\/kalosze-meskie-wellington-czarne-43\/","og_locale":"pl_PL","og_type":"article","og_title":"Kalosze m\u0119skie Wellington czarne 43 - Ogr&oacute;d Olszanica","og_description":"Kalosze m\u0119skie Wellington czarne 43 \u2705 Buty z tworzywa sztucznego PVC sprawdz\u0105 si\u0119 do chodzenia po grz\u0105skim, podmok\u0142ym gruncie. \u2705 Wysokiej jako\u015bci materia\u0142 PVC \u2705 Wodoodporne \u2705 Komfortowe \u2705 Prosty, uniwersalny wz\u00f3r \u2705 \u0141atwe czyszczenie \u2705 Produkt polski \u25b6\ufe0f\u00a0Typ produktu:\u00a0Kalosze \u25b6\ufe0f\u00a0Rodzaj opakowania:\u00a0Para \u25b6\ufe0f\u00a0Kolor:\u00a0Czarny \u25b6\ufe0f\u00a0Rozmiar obuwia (EU):\u00a043 \u25b6\ufe0f\u00a0Dopasowanie obuwia:\u00a0Standardowy fason \u25b6\ufe0f\u00a0Materia\u0142 cholewki:\u00a0PVC \u25b6\ufe0f\u00a0Materia\u0142 podeszwy:\u00a0Polichlorek winylu (PCV) &hellip; Kalosze m\u0119skie Wellington czarne 43 Read More &raquo;","og_url":"https:\/\/www.ogrodolszanica.pl\/index.php\/produkt\/kalosze-meskie-wellington-czarne-43\/","og_site_name":"Ogr&oacute;d Olszanica","article_publisher":"https:\/\/www.facebook.com\/Ogrd-Olszanica-100807179225223","og_image":[{"width":1928,"height":2560,"url":"https:\/\/www.ogrodolszanica.pl\/wp-content\/uploads\/2026\/03\/IMG20260303164344-scaled.jpg","type":"image\/jpeg"}],"author":"admin","twitter_card":"summary_large_image","twitter_misc":{"Szacowany czas czytania":"1 minuta"},"schema":{"@context":"https:\/\/schema.org","@graph":[{"@type":"Organization","@id":"https:\/\/www.ogrodolszanica.pl\/#organization","name":"Ogr\u00f3d Olszanica - Krakowskie Centrum Ogrodnicze","url":"https:\/\/www.ogrodolszanica.pl\/","sameAs":["https:\/\/www.facebook.com\/Ogrd-Olszanica-100807179225223"],"logo":{"@type":"ImageObject","inLanguage":"pl-PL","@id":"https:\/\/www.ogrodolszanica.pl\/#\/schema\/logo\/image\/","url":"http:\/\/www.ogrodolszanica.pl\/wp-content\/uploads\/2022\/06\/Ogrod-Olszanica1-1.png","contentUrl":"http:\/\/www.ogrodolszanica.pl\/wp-content\/uploads\/2022\/06\/Ogrod-Olszanica1-1.png","width":180,"height":60,"caption":"Ogr\u00f3d Olszanica - Krakowskie Centrum Ogrodnicze"},"image":{"@id":"https:\/\/www.ogrodolszanica.pl\/#\/schema\/logo\/image\/"}},{"@type":"WebSite","@id":"https:\/\/www.ogrodolszanica.pl\/#website","url":"https:\/\/www.ogrodolszanica.pl\/","name":"Ogr&oacute;d Olszanica","description":"Centrum Ogrodnicze Krak&oacute;w","publisher":{"@id":"https:\/\/www.ogrodolszanica.pl\/#organization"},"potentialAction":[{"@type":"SearchAction","target":{"@type":"EntryPoint","urlTemplate":"https:\/\/www.ogrodolszanica.pl\/?s={search_term_string}"},"query-input":"required name=search_term_string"}],"inLanguage":"pl-PL"},{"@type":"ImageObject","inLanguage":"pl-PL","@id":"https:\/\/www.ogrodolszanica.pl\/index.php\/produkt\/kalosze-meskie-wellington-czarne-43\/#primaryimage","url":"https:\/\/i0.wp.com\/www.ogrodolszanica.pl\/wp-content\/uploads\/2026\/03\/IMG20260303164344-scaled.jpg?fit=1928%2C2560&ssl=1","contentUrl":"https:\/\/i0.wp.com\/www.ogrodolszanica.pl\/wp-content\/uploads\/2026\/03\/IMG20260303164344-scaled.jpg?fit=1928%2C2560&ssl=1","width":1928,"height":2560},{"@type":"WebPage","@id":"https:\/\/www.ogrodolszanica.pl\/index.php\/produkt\/kalosze-meskie-wellington-czarne-43\/#webpage","url":"https:\/\/www.ogrodolszanica.pl\/index.php\/produkt\/kalosze-meskie-wellington-czarne-43\/","name":"Kalosze m\u0119skie Wellington czarne 43 - Ogr&oacute;d Olszanica","isPartOf":{"@id":"https:\/\/www.ogrodolszanica.pl\/#website"},"primaryImageOfPage":{"@id":"https:\/\/www.ogrodolszanica.pl\/index.php\/produkt\/kalosze-meskie-wellington-czarne-43\/#primaryimage"},"datePublished":"2026-03-04T20:12:41+00:00","dateModified":"2026-03-04T20:12:41+00:00","breadcrumb":{"@id":"https:\/\/www.ogrodolszanica.pl\/index.php\/produkt\/kalosze-meskie-wellington-czarne-43\/#breadcrumb"},"inLanguage":"pl-PL","potentialAction":[{"@type":"ReadAction","target":["https:\/\/www.ogrodolszanica.pl\/index.php\/produkt\/kalosze-meskie-wellington-czarne-43\/"]}]},{"@type":"BreadcrumbList","@id":"https:\/\/www.ogrodolszanica.pl\/index.php\/produkt\/kalosze-meskie-wellington-czarne-43\/#breadcrumb","itemListElement":[{"@type":"ListItem","position":1,"name":"Strona g\u0142\u00f3wna","item":"https:\/\/www.ogrodolszanica.pl\/"},{"@type":"ListItem","position":2,"name":"Produkty","item":"https:\/\/www.ogrodolszanica.pl\/index.php\/shop\/"},{"@type":"ListItem","position":3,"name":"Kalosze m\u0119skie Wellington czarne 43"}]}]}},"jetpack-related-posts":[{"id":4041,"url":"https:\/\/www.ogrodolszanica.pl\/index.php\/produkt\/kalosze-meskie-wellington-czarne-42\/","url_meta":{"origin":4042,"position":0},"title":"Kalosze m\u0119skie Wellington czarne 42","date":"4 marca, 2026","format":false,"excerpt":"Kalosze m\u0119skie Wellington czarne 42 \u2705 Buty z tworzywa sztucznego PVC sprawdz\u0105 si\u0119 do chodzenia po grz\u0105skim, podmok\u0142ym gruncie. \u2705 Wysokiej jako\u015bci materia\u0142 PVC \u2705 Wodoodporne \u2705 Komfortowe \u2705 Prosty, uniwersalny wz\u00f3r \u2705 \u0141atwe czyszczenie \u2705 Produkt polski \u25b6\ufe0f\u00a0Typ produktu:\u00a0Kalosze \u25b6\ufe0f\u00a0Rodzaj opakowania:\u00a0Para \u25b6\ufe0f\u00a0Kolor:\u00a0Czarny \u25b6\ufe0f\u00a0Rozmiar obuwia (EU):\u00a042 \u25b6\ufe0f\u00a0Rozmiar obuwia:\u00a08,5 \u25b6\ufe0f\u00a0Dopasowanie obuwia:\u00a0Standardowy\u2026","rel":"","context":"Similar post","img":{"alt_text":"","src":"https:\/\/i0.wp.com\/www.ogrodolszanica.pl\/wp-content\/uploads\/2026\/03\/IMG20260303164344-scaled.jpg?fit=904%2C1200&ssl=1&resize=350%2C200","width":350,"height":200},"classes":[]},{"id":4068,"url":"https:\/\/www.ogrodolszanica.pl\/index.php\/produkt\/kalosze-meskie-wellington-czarne-45\/","url_meta":{"origin":4042,"position":1},"title":"Kalosze m\u0119skie Wellington czarne 45","date":"4 marca, 2026","format":false,"excerpt":"Kalosze m\u0119skie Wellington czarne 45 \u2705 Buty z tworzywa sztucznego PVC sprawdz\u0105 si\u0119 do chodzenia po grz\u0105skim, podmok\u0142ym gruncie. \u2705 Wysokiej jako\u015bci materia\u0142 PVC \u2705 Wodoodporne \u2705 Komfortowe \u2705 Prosty, uniwersalny wz\u00f3r \u2705 \u0141atwe czyszczenie \u2705 Produkt polski \u25b6\ufe0f\u00a0Typ produktu:\u00a0Kalosze \u25b6\ufe0f\u00a0Rodzaj opakowania:\u00a0Para \u25b6\ufe0f\u00a0Kolor:\u00a0Czarny \u25b6\ufe0f\u00a0Rozmiar obuwia (EU):\u00a045 \u25b6\ufe0f\u00a0Dopasowanie obuwia:\u00a0Standardowy fason \u25b6\ufe0f\u00a0Materia\u0142\u2026","rel":"","context":"Similar post","img":{"alt_text":"","src":"https:\/\/i0.wp.com\/www.ogrodolszanica.pl\/wp-content\/uploads\/2026\/03\/IMG20260303164344-scaled.jpg?fit=904%2C1200&ssl=1&resize=350%2C200","width":350,"height":200},"classes":[]},{"id":4043,"url":"https:\/\/www.ogrodolszanica.pl\/index.php\/produkt\/kalosze-meskie-wellington-czarne-44\/","url_meta":{"origin":4042,"position":2},"title":"Kalosze m\u0119skie Wellington czarne 44","date":"4 marca, 2026","format":false,"excerpt":"Kalosze m\u0119skie Wellington czarne 44 \u2705 Buty z tworzywa sztucznego PVC sprawdz\u0105 si\u0119 do chodzenia po grz\u0105skim, podmok\u0142ym gruncie. \u2705 Wysokiej jako\u015bci materia\u0142 PVC \u2705 Wodoodporne \u2705 Komfortowe \u2705 Prosty, uniwersalny wz\u00f3r \u2705 \u0141atwe czyszczenie \u2705 Produkt polski \u25b6\ufe0f\u00a0Typ produktu:\u00a0Kalosze \u25b6\ufe0f\u00a0Rodzaj opakowania:\u00a0Para \u25b6\ufe0f\u00a0Kolor:\u00a0Czarny \u25b6\ufe0f\u00a0Rozmiar obuwia (EU):\u00a044 \u25b6\ufe0f\u00a0Dopasowanie obuwia:\u00a0Standardowy fason \u25b6\ufe0f\u00a0Materia\u0142\u2026","rel":"","context":"Similar post","img":{"alt_text":"","src":"https:\/\/i0.wp.com\/www.ogrodolszanica.pl\/wp-content\/uploads\/2026\/03\/IMG20260303164344-scaled.jpg?fit=904%2C1200&ssl=1&resize=350%2C200","width":350,"height":200},"classes":[]},{"id":4037,"url":"https:\/\/www.ogrodolszanica.pl\/index.php\/produkt\/kalosze-meskie-wysokie-rozmiar-41\/","url_meta":{"origin":4042,"position":3},"title":"Kalosze m\u0119skie wysokie rozmiar 41","date":"4 marca, 2026","format":false,"excerpt":"Kalosze m\u0119skie Wellington czarne 41 \u2705 Buty z tworzywa sztucznego PVC sprawdz\u0105 si\u0119 do chodzenia po grz\u0105skim, podmok\u0142ym gruncie. \u2705 Wysokiej jako\u015bci materia\u0142 PVC \u2705 Wodoodporne \u2705 Komfortowe \u2705 Prosty, uniwersalny wz\u00f3r \u2705 \u0141atwe czyszczenie \u2705 Produkt polski \u25b6\ufe0f\u00a0Typ produktu:\u00a0Kalosze \u25b6\ufe0f\u00a0Rodzaj opakowania:\u00a0Para \u25b6\ufe0f\u00a0Kolor:\u00a0Czarny \u25b6\ufe0f\u00a0Rozmiar obuwia (EU):\u00a041 \u25b6\ufe0f\u00a0Rozmiar obuwia:\u00a07 \u25b6\ufe0f\u00a0Dopasowanie obuwia:\u00a0Standardowy\u2026","rel":"","context":"Similar post","img":{"alt_text":"","src":"https:\/\/i0.wp.com\/www.ogrodolszanica.pl\/wp-content\/uploads\/2026\/03\/IMG20260303164344-scaled.jpg?fit=904%2C1200&ssl=1&resize=350%2C200","width":350,"height":200},"classes":[]},{"id":4159,"url":"https:\/\/www.ogrodolszanica.pl\/index.php\/produkt\/dysza-do-zraszania-bradas-le-05500-34k\/","url_meta":{"origin":4042,"position":4},"title":"Dysza do zraszania Bradas LE-05500-34K","date":"8 marca, 2026","format":false,"excerpt":"BRADAS Zestaw zraszaj\u0105cy LIME LINE 4-elementowy NIEZAWODNY ZESTAW ZRASZAJ\u0104CY \u2705Doskona\u0142e dopasowanie do element\u00f3w \u27054 elementy funkcjonalne \u2705Materia\u0142y najwy\u017cszej jako\u015bci \u2705Szczelno\u015b\u0107 WYSOKA JAKO\u015a\u0106 I DOSKONA\u0141E DOPASOWANIE \u2705Wykonany z\u00a0wysokiej jako\u015bci materia\u0142\u00f3w, zapewniaj\u0105cych trwa\u0142o\u015b\u0107 i wytrzyma\u0142o\u015b\u0107, nawet przy intensywnym u\u017cytkowaniu. \u2705Ka\u017cdy element zestawu charakteryzuje si\u0119 precyzyjnie dopasowanym kszta\u0142tem, co umo\u017cliwia \u0142atw\u0105 instalacj\u0119 i\u2026","rel":"","context":"Similar post","img":{"alt_text":"","src":"https:\/\/i0.wp.com\/www.ogrodolszanica.pl\/wp-content\/uploads\/2026\/03\/images-7.jpg?fit=225%2C225&ssl=1&resize=350%2C200","width":350,"height":200},"classes":[]},{"id":4026,"url":"https:\/\/www.ogrodolszanica.pl\/index.php\/produkt\/buty-gumowo-filcowe-rozmiar-43\/","url_meta":{"origin":4042,"position":5},"title":"Buty gumowo-filcowe rozmiar 43","date":"4 marca, 2026","format":false,"excerpt":"Buty gumowo-filcowe rozmiar 43 Buty gumowo-filcowe sprawdz\u0105 si\u0119 podczas zaj\u0119\u0107 w ogrodzie, grzybobrania w lesie czy ca\u0142odziennej pracy w polu. Zewn\u0119trzna warstwa w kolorze czarnym wykonana jest z wytrzyma\u0142ego PVC. Wn\u0119trze, dzi\u0119ki filcowi, pozostaje wygodne i ciep\u0142e. Buty, z uwagi na ich budow\u0119 oraz antypo\u015blizgow\u0105 podeszw\u0119, mo\u017cesz u\u017cytkowa\u0107 praktycznie przez\u2026","rel":"","context":"Similar post","img":{"alt_text":"","src":"https:\/\/i0.wp.com\/www.ogrodolszanica.pl\/wp-content\/uploads\/2026\/03\/IMG20260303164523-scaled.jpg?fit=904%2C1200&ssl=1&resize=350%2C200","width":350,"height":200},"classes":[]}],"_links":{"self":[{"href":"https:\/\/www.ogrodolszanica.pl\/index.php\/wp-json\/wp\/v2\/product\/4042","targetHints":{"allow":["GET"]}}],"collection":[{"href":"https:\/\/www.ogrodolszanica.pl\/index.php\/wp-json\/wp\/v2\/product"}],"about":[{"href":"https:\/\/www.ogrodolszanica.pl\/index.php\/wp-json\/wp\/v2\/types\/product"}],"replies":[{"embeddable":true,"href":"https:\/\/www.ogrodolszanica.pl\/index.php\/wp-json\/wp\/v2\/comments?post=4042"}],"wp:featuredmedia":[{"embeddable":true,"href":"https:\/\/www.ogrodolszanica.pl\/index.php\/wp-json\/wp\/v2\/media\/4039"}],"wp:attachment":[{"href":"https:\/\/www.ogrodolszanica.pl\/index.php\/wp-json\/wp\/v2\/media?parent=4042"}],"wp:term":[{"taxonomy":"product_cat","embeddable":true,"href":"https:\/\/www.ogrodolszanica.pl\/index.php\/wp-json\/wp\/v2\/product_cat?post=4042"},{"taxonomy":"product_tag","embeddable":true,"href":"https:\/\/www.ogrodolszanica.pl\/index.php\/wp-json\/wp\/v2\/product_tag?post=4042"}],"curies":[{"name":"wp","href":"https:\/\/api.w.org\/{rel}","templated":true}]}}