{"id":4008,"date":"2026-03-04T19:47:32","date_gmt":"2026-03-04T19:47:32","guid":{"rendered":"https:\/\/www.ogrodolszanica.pl\/?post_type=product&#038;p=4008"},"modified":"2026-03-04T19:47:32","modified_gmt":"2026-03-04T19:47:32","slug":"rdest-himalajski-lisan","status":"publish","type":"product","link":"https:\/\/www.ogrodolszanica.pl\/index.php\/produkt\/rdest-himalajski-lisan\/","title":{"rendered":"Rdest himalajski Lisan"},"content":{"rendered":"<div>\n<div class=\"section-container\" data-testid=\"description-section-container\">\n<div class=\"section\">\n<div class=\"item item-6\">\n<div class=\"text-item\">\n<div>\n<div class=\"text-content\">\n<h1>Rdest himalajski 'Lisan&#8217;<\/h1>\n<p>Rdest himalajski jest bylin\u0105, kt\u00f3ra pochodzi z Himalaj\u00f3w. Ceniona jest za \u0142atwo\u015b\u0107 w uprawie, niewielkie wymagania oraz atrakcyjne\u00a0kwitnienie. Tworzy k\u0119pki zielonych, lancetowatych li\u015bci z wyra\u017anie zaznaczonym nerwem g\u0142\u00f3wnym oraz unosz\u0105ce si\u0119 ponad nimi k\u0142osowate kwiatostany.<\/p>\n<p>Rdest himalajski 'Lisan&#8217; wyr\u00f3\u017cnia si\u0119 atrakcyjnym, zwartym pokrojem oraz obfitym, niezwykle widowiskowym kwitnieniem. Ro\u015blina tworzy zgrabne, bujne k\u0119py, kt\u00f3re maksymalnie dorastaj\u0105 do oko\u0142o 50-70 cm wysoko\u015bci. Posiada okaza\u0142e, szeroko-lancetowate, ostro zako\u0144czone, soczy\u015bcie zielone li\u015bcie, kt\u00f3re stanowi\u0105 doskona\u0142e t\u0142o dla pojawiaj\u0105cych si\u0119 latem kwiat\u00f3w. Rdest himalajski 'Lisan&#8217; najpi\u0119kniej prezentuje si\u0119 w\u0142a\u015bnie w okresie kwitnienia, kt\u00f3re zachwyca swoj\u0105 intensywno\u015bci\u0105 i trwa od lipca a\u017c do pa\u017adziernika. Na szczytach wzniesionych, smuk\u0142ych \u0142ody\u017cek pojawiaj\u0105 si\u0119 w\u00f3wczas urocze, k\u0142osowate kwiatostany o \u015blicznej, wyrazistej, r\u00f3\u017cowoczerwonej barwie. Dodatkowym atutem byliny jest to, \u017ce jej li\u015bcie pi\u0119knie przebarwiaj\u0105 si\u0119 jesieni\u0105, przybieraj\u0105c ciep\u0142e odcienie czerwieni i pomara\u0144czu. Rdest himalajski 'Lisan&#8217; doskonale sprawdzi si\u0119 na rabatach, w za\u0142o\u017ceniach naturalistycznych, nad brzegiem zbiornik\u00f3w wodnych. Wspaniale prezentuje si\u0119 w zestawieniu z kwitn\u0105cymi bylinami oraz trawami ozdobnymi. Bylina jest niewymagaj\u0105ca, \u0142atwa w uprawie, niezwykle odporna.<\/p>\n<ul>\n<li>Rodzaj:\u00a0<b>rdest<\/b><\/li>\n<li>Stanowisko:\u00a0<b>s\u0142oneczne<\/b>\u00a0\u2600\ufe0f<b>, p\u00f3\u0142cieniste<\/b><\/li>\n<li>Podlewanie:\u00a0<b>przeci\u0119tne<\/b><\/li>\n<li>Barwa kwiatu:\u00a0<b>r\u00f3\u017cowoczerwona<\/b><\/li>\n<li>Barwa li\u015bci:\u00a0<b>zielone<\/b><\/li>\n<li>Szeroko\u015b\u0107 \u2b05\ufe0f\u27a1\ufe0f:\u00a0<b>25-45 cm<\/b><\/li>\n<li>Wysoko\u015b\u0107 kwitnienia \u2b06\ufe0f:\u00a0<b>50-80 cm<\/b><\/li>\n<li>Okres kwitnienia \u27a1\ufe0f\u2b05\ufe0f:\u00a0<b>lipiec \u00f7 pa\u017adziernik<\/b><\/li>\n<li>Mrozoodporno\u015b\u0107:\u00a0<b>tak<\/b><\/li>\n<li>Ro\u015blina wieloletnia:\u00a0<b>tak<\/b><\/li>\n<\/ul>\n<\/div>\n<\/div>\n<\/div>\n<\/div>\n<div class=\"item item-6\">\n<div class=\"image-item-container\">\n<div class=\"image-item\"><img decoding=\"async\" src=\"https:\/\/a.allegroimg.com\/s1440\/114e3e\/e59401354f91b31f2af380f4815e\" alt=\"\" \/><\/div>\n<\/div>\n<\/div>\n<\/div>\n<\/div>\n<\/div>\n<div>\n<div class=\"section-container\" data-testid=\"description-section-container\">\n<div class=\"section\">\n<div class=\"item item-12\">\n<div class=\"text-item\">\n<div>\n<div class=\"text-content\">\n<h1>Uwaga \u2757\u2757\u2757<\/h1>\n<p><b>Jedno zdj\u0119cie przedstawia ro\u015blin\u0119 w pe\u0142ni rozwini\u0119t\u0105, a drugie sadzonk\u0119 kt\u00f3ra jest w sprzeda\u017cy.<\/b><\/p>\n<p><b>Jednak \u017ce s\u0105 to \u017cywe ro\u015bliny i z tygodnia na tydzie\u0144 zmieniaj\u0105 sw\u00f3j wygl\u0105d. Mog\u0105 by\u0107 przyci\u0119te, a w okresie kwitnienia mog\u0105 by\u0107 wi\u0119ksze oraz z kwiatami.<\/b><\/p>\n<\/div>\n<\/div>\n<\/div>\n<\/div>\n<\/div>\n<\/div>\n<\/div>\n<div>\n<div class=\"section-container\" data-testid=\"description-section-container\">\n<div class=\"section\">\n<div class=\"item item-6\">\n<div class=\"image-item-container\">\n<div class=\"image-item\"><img decoding=\"async\" src=\"https:\/\/a.allegroimg.com\/s1440\/11e971\/7609fde94b21b07d59a007edd12c\" alt=\"\" \/><\/div>\n<\/div>\n<\/div>\n<div class=\"item item-6\">\n<div class=\"image-item-container\">\n<div class=\"image-item\"><img decoding=\"async\" src=\"https:\/\/a.allegroimg.com\/s1440\/1127f3\/d902cf86478b8db320aad9ad0d2f\" alt=\"\" \/><\/div>\n<\/div>\n<\/div>\n<\/div>\n<\/div>\n<\/div>\n","protected":false},"excerpt":{"rendered":"<p>Rdest himalajski 'Lisan&#8217; Rdest himalajski jest bylin\u0105, kt\u00f3ra pochodzi z Himalaj\u00f3w. Ceniona jest za \u0142atwo\u015b\u0107 w uprawie, niewielkie wymagania oraz atrakcyjne\u00a0kwitnienie. Tworzy k\u0119pki zielonych, lancetowatych li\u015bci z wyra\u017anie zaznaczonym nerwem g\u0142\u00f3wnym oraz unosz\u0105ce si\u0119 ponad nimi k\u0142osowate kwiatostany. Rdest himalajski 'Lisan&#8217; wyr\u00f3\u017cnia si\u0119 atrakcyjnym, zwartym pokrojem oraz obfitym, niezwykle widowiskowym kwitnieniem. Ro\u015blina tworzy zgrabne, bujne &hellip;<\/p>\n<p class=\"read-more\"> <a class=\"\" href=\"https:\/\/www.ogrodolszanica.pl\/index.php\/produkt\/rdest-himalajski-lisan\/\"> <span class=\"screen-reader-text\">Rdest himalajski Lisan<\/span> Read More &raquo;<\/a><\/p>\n","protected":false},"featured_media":4013,"comment_status":"open","ping_status":"closed","template":"","meta":{"site-sidebar-layout":"default","site-content-layout":"default","ast-global-header-display":"","ast-main-header-display":"","ast-hfb-above-header-display":"","ast-hfb-below-header-display":"","ast-hfb-mobile-header-display":"","site-post-title":"","ast-breadcrumbs-content":"","ast-featured-img":"","footer-sml-layout":"","theme-transparent-header-meta":"default","adv-header-id-meta":"","stick-header-meta":"","header-above-stick-meta":"","header-main-stick-meta":"","header-below-stick-meta":"","spay_email":""},"product_cat":[29],"product_tag":[],"class_list":["post-4008","product","type-product","status-publish","has-post-thumbnail","hentry","product_cat-byliny"],"yoast_head":"<!-- This site is optimized with the Yoast SEO plugin v19.2 - https:\/\/yoast.com\/wordpress\/plugins\/seo\/ -->\n<title>Rdest himalajski Lisan - Ogr&oacute;d Olszanica<\/title>\n<meta name=\"robots\" content=\"index, follow, max-snippet:-1, max-image-preview:large, max-video-preview:-1\" \/>\n<link rel=\"canonical\" href=\"https:\/\/www.ogrodolszanica.pl\/index.php\/produkt\/rdest-himalajski-lisan\/\" \/>\n<meta property=\"og:locale\" content=\"pl_PL\" \/>\n<meta property=\"og:type\" content=\"article\" \/>\n<meta property=\"og:title\" content=\"Rdest himalajski Lisan - Ogr&oacute;d Olszanica\" \/>\n<meta property=\"og:description\" content=\"Rdest himalajski &#039;Lisan&#8217; Rdest himalajski jest bylin\u0105, kt\u00f3ra pochodzi z Himalaj\u00f3w. Ceniona jest za \u0142atwo\u015b\u0107 w uprawie, niewielkie wymagania oraz atrakcyjne\u00a0kwitnienie. Tworzy k\u0119pki zielonych, lancetowatych li\u015bci z wyra\u017anie zaznaczonym nerwem g\u0142\u00f3wnym oraz unosz\u0105ce si\u0119 ponad nimi k\u0142osowate kwiatostany. Rdest himalajski &#039;Lisan&#8217; wyr\u00f3\u017cnia si\u0119 atrakcyjnym, zwartym pokrojem oraz obfitym, niezwykle widowiskowym kwitnieniem. Ro\u015blina tworzy zgrabne, bujne &hellip; Rdest himalajski Lisan Read More &raquo;\" \/>\n<meta property=\"og:url\" content=\"https:\/\/www.ogrodolszanica.pl\/index.php\/produkt\/rdest-himalajski-lisan\/\" \/>\n<meta property=\"og:site_name\" content=\"Ogr&oacute;d Olszanica\" \/>\n<meta property=\"article:publisher\" content=\"https:\/\/www.facebook.com\/Ogrd-Olszanica-100807179225223\" \/>\n<meta property=\"og:image\" content=\"https:\/\/www.ogrodolszanica.pl\/wp-content\/uploads\/2026\/03\/rdest-himalajski-lisan-persicaria-amplexicaulius-3.jpg\" \/>\n\t<meta property=\"og:image:width\" content=\"846\" \/>\n\t<meta property=\"og:image:height\" content=\"900\" \/>\n\t<meta property=\"og:image:type\" content=\"image\/jpeg\" \/>\n<meta name=\"author\" content=\"admin\" \/>\n<meta name=\"twitter:card\" content=\"summary_large_image\" \/>\n<meta name=\"twitter:label1\" content=\"Szacowany czas czytania\" \/>\n\t<meta name=\"twitter:data1\" content=\"2 minuty\" \/>\n<script type=\"application\/ld+json\" class=\"yoast-schema-graph\">{\"@context\":\"https:\/\/schema.org\",\"@graph\":[{\"@type\":\"Organization\",\"@id\":\"https:\/\/www.ogrodolszanica.pl\/#organization\",\"name\":\"Ogr\u00f3d Olszanica - Krakowskie Centrum Ogrodnicze\",\"url\":\"https:\/\/www.ogrodolszanica.pl\/\",\"sameAs\":[\"https:\/\/www.facebook.com\/Ogrd-Olszanica-100807179225223\"],\"logo\":{\"@type\":\"ImageObject\",\"inLanguage\":\"pl-PL\",\"@id\":\"https:\/\/www.ogrodolszanica.pl\/#\/schema\/logo\/image\/\",\"url\":\"http:\/\/www.ogrodolszanica.pl\/wp-content\/uploads\/2022\/06\/Ogrod-Olszanica1-1.png\",\"contentUrl\":\"http:\/\/www.ogrodolszanica.pl\/wp-content\/uploads\/2022\/06\/Ogrod-Olszanica1-1.png\",\"width\":180,\"height\":60,\"caption\":\"Ogr\u00f3d Olszanica - Krakowskie Centrum Ogrodnicze\"},\"image\":{\"@id\":\"https:\/\/www.ogrodolszanica.pl\/#\/schema\/logo\/image\/\"}},{\"@type\":\"WebSite\",\"@id\":\"https:\/\/www.ogrodolszanica.pl\/#website\",\"url\":\"https:\/\/www.ogrodolszanica.pl\/\",\"name\":\"Ogr&oacute;d Olszanica\",\"description\":\"Centrum Ogrodnicze Krak&oacute;w\",\"publisher\":{\"@id\":\"https:\/\/www.ogrodolszanica.pl\/#organization\"},\"potentialAction\":[{\"@type\":\"SearchAction\",\"target\":{\"@type\":\"EntryPoint\",\"urlTemplate\":\"https:\/\/www.ogrodolszanica.pl\/?s={search_term_string}\"},\"query-input\":\"required name=search_term_string\"}],\"inLanguage\":\"pl-PL\"},{\"@type\":\"ImageObject\",\"inLanguage\":\"pl-PL\",\"@id\":\"https:\/\/www.ogrodolszanica.pl\/index.php\/produkt\/rdest-himalajski-lisan\/#primaryimage\",\"url\":\"https:\/\/i0.wp.com\/www.ogrodolszanica.pl\/wp-content\/uploads\/2026\/03\/rdest-himalajski-lisan-persicaria-amplexicaulius-3.jpg?fit=846%2C900&ssl=1\",\"contentUrl\":\"https:\/\/i0.wp.com\/www.ogrodolszanica.pl\/wp-content\/uploads\/2026\/03\/rdest-himalajski-lisan-persicaria-amplexicaulius-3.jpg?fit=846%2C900&ssl=1\",\"width\":846,\"height\":900},{\"@type\":\"WebPage\",\"@id\":\"https:\/\/www.ogrodolszanica.pl\/index.php\/produkt\/rdest-himalajski-lisan\/#webpage\",\"url\":\"https:\/\/www.ogrodolszanica.pl\/index.php\/produkt\/rdest-himalajski-lisan\/\",\"name\":\"Rdest himalajski Lisan - Ogr&oacute;d Olszanica\",\"isPartOf\":{\"@id\":\"https:\/\/www.ogrodolszanica.pl\/#website\"},\"primaryImageOfPage\":{\"@id\":\"https:\/\/www.ogrodolszanica.pl\/index.php\/produkt\/rdest-himalajski-lisan\/#primaryimage\"},\"datePublished\":\"2026-03-04T19:47:32+00:00\",\"dateModified\":\"2026-03-04T19:47:32+00:00\",\"breadcrumb\":{\"@id\":\"https:\/\/www.ogrodolszanica.pl\/index.php\/produkt\/rdest-himalajski-lisan\/#breadcrumb\"},\"inLanguage\":\"pl-PL\",\"potentialAction\":[{\"@type\":\"ReadAction\",\"target\":[\"https:\/\/www.ogrodolszanica.pl\/index.php\/produkt\/rdest-himalajski-lisan\/\"]}]},{\"@type\":\"BreadcrumbList\",\"@id\":\"https:\/\/www.ogrodolszanica.pl\/index.php\/produkt\/rdest-himalajski-lisan\/#breadcrumb\",\"itemListElement\":[{\"@type\":\"ListItem\",\"position\":1,\"name\":\"Strona g\u0142\u00f3wna\",\"item\":\"https:\/\/www.ogrodolszanica.pl\/\"},{\"@type\":\"ListItem\",\"position\":2,\"name\":\"Produkty\",\"item\":\"https:\/\/www.ogrodolszanica.pl\/index.php\/shop\/\"},{\"@type\":\"ListItem\",\"position\":3,\"name\":\"Rdest himalajski Lisan\"}]}]}<\/script>\n<!-- \/ Yoast SEO plugin. -->","yoast_head_json":{"title":"Rdest himalajski Lisan - Ogr&oacute;d Olszanica","robots":{"index":"index","follow":"follow","max-snippet":"max-snippet:-1","max-image-preview":"max-image-preview:large","max-video-preview":"max-video-preview:-1"},"canonical":"https:\/\/www.ogrodolszanica.pl\/index.php\/produkt\/rdest-himalajski-lisan\/","og_locale":"pl_PL","og_type":"article","og_title":"Rdest himalajski Lisan - Ogr&oacute;d Olszanica","og_description":"Rdest himalajski 'Lisan&#8217; Rdest himalajski jest bylin\u0105, kt\u00f3ra pochodzi z Himalaj\u00f3w. Ceniona jest za \u0142atwo\u015b\u0107 w uprawie, niewielkie wymagania oraz atrakcyjne\u00a0kwitnienie. Tworzy k\u0119pki zielonych, lancetowatych li\u015bci z wyra\u017anie zaznaczonym nerwem g\u0142\u00f3wnym oraz unosz\u0105ce si\u0119 ponad nimi k\u0142osowate kwiatostany. Rdest himalajski 'Lisan&#8217; wyr\u00f3\u017cnia si\u0119 atrakcyjnym, zwartym pokrojem oraz obfitym, niezwykle widowiskowym kwitnieniem. Ro\u015blina tworzy zgrabne, bujne &hellip; Rdest himalajski Lisan Read More &raquo;","og_url":"https:\/\/www.ogrodolszanica.pl\/index.php\/produkt\/rdest-himalajski-lisan\/","og_site_name":"Ogr&oacute;d Olszanica","article_publisher":"https:\/\/www.facebook.com\/Ogrd-Olszanica-100807179225223","og_image":[{"width":846,"height":900,"url":"https:\/\/www.ogrodolszanica.pl\/wp-content\/uploads\/2026\/03\/rdest-himalajski-lisan-persicaria-amplexicaulius-3.jpg","type":"image\/jpeg"}],"author":"admin","twitter_card":"summary_large_image","twitter_misc":{"Szacowany czas czytania":"2 minuty"},"schema":{"@context":"https:\/\/schema.org","@graph":[{"@type":"Organization","@id":"https:\/\/www.ogrodolszanica.pl\/#organization","name":"Ogr\u00f3d Olszanica - Krakowskie Centrum Ogrodnicze","url":"https:\/\/www.ogrodolszanica.pl\/","sameAs":["https:\/\/www.facebook.com\/Ogrd-Olszanica-100807179225223"],"logo":{"@type":"ImageObject","inLanguage":"pl-PL","@id":"https:\/\/www.ogrodolszanica.pl\/#\/schema\/logo\/image\/","url":"http:\/\/www.ogrodolszanica.pl\/wp-content\/uploads\/2022\/06\/Ogrod-Olszanica1-1.png","contentUrl":"http:\/\/www.ogrodolszanica.pl\/wp-content\/uploads\/2022\/06\/Ogrod-Olszanica1-1.png","width":180,"height":60,"caption":"Ogr\u00f3d Olszanica - Krakowskie Centrum Ogrodnicze"},"image":{"@id":"https:\/\/www.ogrodolszanica.pl\/#\/schema\/logo\/image\/"}},{"@type":"WebSite","@id":"https:\/\/www.ogrodolszanica.pl\/#website","url":"https:\/\/www.ogrodolszanica.pl\/","name":"Ogr&oacute;d Olszanica","description":"Centrum Ogrodnicze Krak&oacute;w","publisher":{"@id":"https:\/\/www.ogrodolszanica.pl\/#organization"},"potentialAction":[{"@type":"SearchAction","target":{"@type":"EntryPoint","urlTemplate":"https:\/\/www.ogrodolszanica.pl\/?s={search_term_string}"},"query-input":"required name=search_term_string"}],"inLanguage":"pl-PL"},{"@type":"ImageObject","inLanguage":"pl-PL","@id":"https:\/\/www.ogrodolszanica.pl\/index.php\/produkt\/rdest-himalajski-lisan\/#primaryimage","url":"https:\/\/i0.wp.com\/www.ogrodolszanica.pl\/wp-content\/uploads\/2026\/03\/rdest-himalajski-lisan-persicaria-amplexicaulius-3.jpg?fit=846%2C900&ssl=1","contentUrl":"https:\/\/i0.wp.com\/www.ogrodolszanica.pl\/wp-content\/uploads\/2026\/03\/rdest-himalajski-lisan-persicaria-amplexicaulius-3.jpg?fit=846%2C900&ssl=1","width":846,"height":900},{"@type":"WebPage","@id":"https:\/\/www.ogrodolszanica.pl\/index.php\/produkt\/rdest-himalajski-lisan\/#webpage","url":"https:\/\/www.ogrodolszanica.pl\/index.php\/produkt\/rdest-himalajski-lisan\/","name":"Rdest himalajski Lisan - Ogr&oacute;d Olszanica","isPartOf":{"@id":"https:\/\/www.ogrodolszanica.pl\/#website"},"primaryImageOfPage":{"@id":"https:\/\/www.ogrodolszanica.pl\/index.php\/produkt\/rdest-himalajski-lisan\/#primaryimage"},"datePublished":"2026-03-04T19:47:32+00:00","dateModified":"2026-03-04T19:47:32+00:00","breadcrumb":{"@id":"https:\/\/www.ogrodolszanica.pl\/index.php\/produkt\/rdest-himalajski-lisan\/#breadcrumb"},"inLanguage":"pl-PL","potentialAction":[{"@type":"ReadAction","target":["https:\/\/www.ogrodolszanica.pl\/index.php\/produkt\/rdest-himalajski-lisan\/"]}]},{"@type":"BreadcrumbList","@id":"https:\/\/www.ogrodolszanica.pl\/index.php\/produkt\/rdest-himalajski-lisan\/#breadcrumb","itemListElement":[{"@type":"ListItem","position":1,"name":"Strona g\u0142\u00f3wna","item":"https:\/\/www.ogrodolszanica.pl\/"},{"@type":"ListItem","position":2,"name":"Produkty","item":"https:\/\/www.ogrodolszanica.pl\/index.php\/shop\/"},{"@type":"ListItem","position":3,"name":"Rdest himalajski Lisan"}]}]}},"jetpack-related-posts":[{"id":1797,"url":"https:\/\/www.ogrodolszanica.pl\/index.php\/produkt\/rdest-himalajski\/","url_meta":{"origin":4008,"position":0},"title":"Rdest himalajski 'JS Keep Smiling&#8217; persicaria amplexicaulius","date":"19 lipca, 2022","format":false,"excerpt":"Rdest himalajski JS Keep Smiling Persicaria amplexicaulius Rdest himalajski jest bylin\u0105, kt\u00f3ra pochodzi z Himalaj\u00f3w. Ceniona jest za \u0142atwo\u015b\u0107 w uprawie, niewielkie wymagania oraz atrakcyjne kwitnienie. Tworzy k\u0119pki zielonych, lancetowatych li\u015bci z wyra\u017anie zaznaczonym nerwem g\u0142\u00f3wnym oraz unosz\u0105ce si\u0119 ponad nimi k\u0142osowate kwiatostany.\u00a0Atrakcyjny, wzniesiony pokr\u00f3j, dekoracyjne ulistnienie oraz cudowne, k\u0142osokszta\u0142tne\u2026","rel":"","context":"Similar post","img":{"alt_text":"","src":"https:\/\/i0.wp.com\/www.ogrodolszanica.pl\/wp-content\/uploads\/2022\/07\/Rdest-himalajski-JS-Keep-Smiling-persicaria-amplexicaulius-scaled.jpg?fit=904%2C1200&ssl=1&resize=350%2C200","width":350,"height":200},"classes":[]},{"id":1522,"url":"https:\/\/www.ogrodolszanica.pl\/index.php\/produkt\/zawilec-prinz-heinrich\/","url_meta":{"origin":4008,"position":1},"title":"Zawilec Prinz Heinrich","date":"8 lipca, 2022","format":false,"excerpt":"Zawilec japo\u0144ski Prinz Heinrich Anemone hupehensis Cudowna odmiana, kt\u00f3ra hipnotyzuje okaza\u0142ymi, intensywnie wybarwionymi kwiatami. Zosta\u0142a ona wyselekcjonowana przez Wilhelma Pfitzera w 1902 roku. Zawilec japo\u0144ski 'Prinz Heinrich' w czasie kwitnienia osi\u0105ga oko\u0142o 60-80 cm wysoko\u015bci. Bylina tworzy bujne k\u0119py du\u017cych, odziomkowych, tr\u00f3jdzielnie z\u0142o\u017conych, nieregularnie klapowanych, ciemnozielonych li\u015bci o z\u0105bkowanych brzegach,\u2026","rel":"","context":"Similar post","img":{"alt_text":"","src":"https:\/\/i0.wp.com\/www.ogrodolszanica.pl\/wp-content\/uploads\/2022\/07\/anemone-prinz-heinrich_5.jpg?fit=488%2C650&ssl=1&resize=350%2C200","width":350,"height":200},"classes":[]},{"id":2581,"url":"https:\/\/www.ogrodolszanica.pl\/index.php\/produkt\/brunera-silver-heatrt\/","url_meta":{"origin":4008,"position":2},"title":"Brunnera wielkolistna Silver Heart Brunnera","date":"24 stycznia, 2024","format":false,"excerpt":"Brunnera wielkolistna Silver Heart Brunnera macrophylla Brunnera wielkolistna 'Silver Heart' zachwyca pokrojem oraz dekoracyjnym, srebrzystym ulistnieniem. Zosta\u0142a ona wyselekcjonowana z odmiany 'Looking Glass' i uwa\u017cana jest za jedn\u0105 z najodporniejszych odmian brunnery -wyr\u00f3\u017cnia si\u0119 znacznie wi\u0119ksz\u0105 tolerancj\u0105 na s\u0142o\u0144ce. Bylina tworzy atrakcyjne, bujne k\u0119py, kt\u00f3re maksymalnie osi\u0105gaj\u0105 oko\u0142o 30-45 cm\u2026","rel":"","context":"Similar post","img":{"alt_text":"","src":"https:\/\/i0.wp.com\/www.ogrodolszanica.pl\/wp-content\/uploads\/2024\/01\/Brunnera-wielkolistna-Silver-Heart-Brunnera-scaled.jpg?fit=904%2C1200&ssl=1&resize=350%2C200","width":350,"height":200},"classes":[]},{"id":3363,"url":"https:\/\/www.ogrodolszanica.pl\/index.php\/produkt\/barwinek-pospolity-variegata-vinca-minor\/","url_meta":{"origin":4008,"position":3},"title":"Barwinek pospolity Variegata Vinca minor","date":"24 lutego, 2026","format":false,"excerpt":"Barwinek pospolity Variegata Vinca minor Barwinek pospolity 'Variegata' to niezawodna ro\u015blina okrywowa o bardzo dekoracyjnym, zimozielonym ulistnieniu, kt\u00f3re wiosn\u0105 ozdobione jest dodatkowo \u015blicznymi, niebiesko-fioletowymi kwiatami. Tworzy p\u0142o\u017c\u0105ce si\u0119 k\u0119py, osi\u0105gaj\u0105ce oko\u0142o 10-15 cm wysoko\u015bci i rozprzestrzeniaj\u0105ce si\u0119 do oko\u0142o 60-80 cm. Atrakcyjne, eliptyczne, sk\u00f3rzaste, ciemnozielone li\u015bcie o charakterystycznej, nieregularnej, kremowej\u2026","rel":"","context":"Similar post","img":{"alt_text":"","src":"https:\/\/i0.wp.com\/www.ogrodolszanica.pl\/wp-content\/uploads\/2026\/02\/Barwinek-pospolity-Variegata-Vinca-minor-v1-scaled.jpg?fit=904%2C1200&ssl=1&resize=350%2C200","width":350,"height":200},"classes":[]},{"id":2443,"url":"https:\/\/www.ogrodolszanica.pl\/index.php\/produkt\/zurawka-lime-swizzle\/","url_meta":{"origin":4008,"position":4},"title":"\u017burawka Lime Swizzle","date":"26 sierpnia, 2023","format":false,"excerpt":"\u017burawka Lime Swizzle Heuchera \u017burawka 'Lime Swizzle' to przepi\u0119kna odmiana pochodz\u0105ca z serii 'Baby Bells'. Wyr\u00f3\u017cnia si\u0119 zwartym, kr\u0119pym pokrojem oraz ciekawym ubarwieniem. Tworzy zgrabne, g\u0119ste, nastroszone k\u0119py, kt\u00f3re osi\u0105gaj\u0105 oko\u0142o 15-30 cm wysoko\u015bci. Ozdob\u0105 ro\u015bliny s\u0105 przede wszystkim mocno pofalowane, limonkowo-zielone li\u015bcie, pokryte srebrzyst\u0105 pow\u0142ok\u0105 i zdobione wyra\u017anym, ciemnozielonym\u2026","rel":"","context":"Similar post","img":{"alt_text":"","src":"https:\/\/i0.wp.com\/www.ogrodolszanica.pl\/wp-content\/uploads\/2023\/08\/Zurawka-Lime-Swizzle-scaled.jpg?fit=904%2C1200&ssl=1&resize=350%2C200","width":350,"height":200},"classes":[]},{"id":2641,"url":"https:\/\/www.ogrodolszanica.pl\/index.php\/produkt\/jezowka-echinacea-purpurea-sunmagic-vintage-pink\/","url_meta":{"origin":4008,"position":5},"title":"Je\u017c\u00f3wka SunMagic Vintage Pink","date":"29 stycznia, 2024","format":false,"excerpt":"Je\u017c\u00f3wka SunMagic Vintage Pink Echinacea Je\u017c\u00f3wka 'Vintage Pink' hipnotyzuje kwiatostanami o niesamowitym, wyrazistym, r\u00f3\u017cowoczerwonym ubarwieniu. Nale\u017cy do serii SunMagic, kt\u00f3ra skupia odmiany o kompaktowym wzro\u015bcie, unikalnej kolorystyce oraz d\u0142ugim, obfitym kwitnieniu. Bylina tworzy zwarte, bujne, dobrze rozkrzewione k\u0119py, kt\u00f3re dorastaj\u0105 do oko\u0142o 40 cm wysoko\u015bci i 35 cm szeroko\u015bci. Posiada\u2026","rel":"","context":"Similar post","img":{"alt_text":"","src":"https:\/\/i0.wp.com\/www.ogrodolszanica.pl\/wp-content\/uploads\/2024\/01\/Jezowka-SunMagic-Vintage-Pink-v4-scaled.jpg?fit=904%2C1200&ssl=1&resize=350%2C200","width":350,"height":200},"classes":[]}],"_links":{"self":[{"href":"https:\/\/www.ogrodolszanica.pl\/index.php\/wp-json\/wp\/v2\/product\/4008","targetHints":{"allow":["GET"]}}],"collection":[{"href":"https:\/\/www.ogrodolszanica.pl\/index.php\/wp-json\/wp\/v2\/product"}],"about":[{"href":"https:\/\/www.ogrodolszanica.pl\/index.php\/wp-json\/wp\/v2\/types\/product"}],"replies":[{"embeddable":true,"href":"https:\/\/www.ogrodolszanica.pl\/index.php\/wp-json\/wp\/v2\/comments?post=4008"}],"wp:featuredmedia":[{"embeddable":true,"href":"https:\/\/www.ogrodolszanica.pl\/index.php\/wp-json\/wp\/v2\/media\/4013"}],"wp:attachment":[{"href":"https:\/\/www.ogrodolszanica.pl\/index.php\/wp-json\/wp\/v2\/media?parent=4008"}],"wp:term":[{"taxonomy":"product_cat","embeddable":true,"href":"https:\/\/www.ogrodolszanica.pl\/index.php\/wp-json\/wp\/v2\/product_cat?post=4008"},{"taxonomy":"product_tag","embeddable":true,"href":"https:\/\/www.ogrodolszanica.pl\/index.php\/wp-json\/wp\/v2\/product_tag?post=4008"}],"curies":[{"name":"wp","href":"https:\/\/api.w.org\/{rel}","templated":true}]}}