{"id":3617,"date":"2026-03-02T11:18:14","date_gmt":"2026-03-02T11:18:14","guid":{"rendered":"https:\/\/www.ogrodolszanica.pl\/?post_type=product&#038;p=3617"},"modified":"2026-03-04T20:54:35","modified_gmt":"2026-03-04T20:54:35","slug":"rozchodnik-kamczacki-variegatum","status":"publish","type":"product","link":"https:\/\/www.ogrodolszanica.pl\/index.php\/produkt\/rozchodnik-kamczacki-variegatum\/","title":{"rendered":"Rozchodnik kamczacki Variegatum"},"content":{"rendered":"<div class=\"mpof_ki myre_zn myre_8v_l m389_6m_l\">\n<div class=\"mp4t_16_s mryx_16_s mr3m_1 mli2_1 mh85_56 mh85_0_l\">\n<div class=\"mgn2_16 _0d3bd_am0a-\">\n<h1>Rozchodnik kamczacki Variegatum Sedum kamtschaticum<\/h1>\n<p>Ciekawa, wielobarwna odmiana rozchodnika! Tworzy g\u0119sto rozkrzewione k\u0119py o lu\u017anych p\u0119dach i mi\u0119sistych, kremowo obrze\u017conych li\u015bciach. Na uwag\u0119 zas\u0142uguje opr\u00f3cz ozdobnych li\u015bci tak\u017ce kwitnienie. Latem, zwykle od czerwca do sierpnia, rozchodnik kamczacki wytwarza obficie \u017c\u00f3\u0142te kwiatostany, kt\u00f3re w ko\u0144cowej fazie kwitnienia przekszta\u0142caj\u0105 si\u0119 w gwiazdkowate s\u0142upki o pomara\u0144czowym kolorze. Wyst\u0119powanie wielobarwnych li\u015bci i kwiatostan\u00f3w jednocze\u015bnie daje bardzo ciekawy efekt wizualny. Rozchodnik kamczacki 'Variegatum&#8217; nie jest bylin\u0105 wymagaj\u0105c\u0105. Bardzo dobrze zimuje w Polsce, odporny jest na susz\u0119 i silne nas\u0142onecznienie, nie ma du\u017cych wymaga\u0144 glebowych. Nie lubi jedynie gleb ci\u0119\u017ckich i podmok\u0142ych.<\/p>\n<ul>\n<li>Rodzaj:\u00a0<b>rozchodnik<\/b><\/li>\n<li>Stanowisko:\u00a0<b>s\u0142oneczne<\/b>\u00a0\u2600\ufe0f<\/li>\n<li>Podlewanie:\u00a0<b>przeci\u0119tne<\/b><\/li>\n<li>Barwa kwiatu:\u00a0<b>pomara\u0144czowa<\/b><\/li>\n<li>Barwa li\u015bci:\u00a0<b>wielobarwne<\/b><\/li>\n<li>Szeroko\u015b\u0107 \u2b05\ufe0f\u27a1\ufe0f:\u00a0<b>25-35 cm<\/b><\/li>\n<li>Wysoko\u015b\u0107 kwitnienia \u2b06\ufe0f:\u00a0<b>15-25 cm<\/b><\/li>\n<li>Okres kwitnienia \u27a1\ufe0f\u2b05\ufe0f:\u00a0<b>czerwiec \u00f7 sierpie\u0144<\/b><\/li>\n<li>Mrozoodporno\u015b\u0107:\u00a0<b>tak<\/b><\/li>\n<li>Ro\u015blina wieloletnia:\u00a0<b>tak<\/b><\/li>\n<\/ul>\n<\/div>\n<\/div>\n<div class=\"mp4t_16_s mryx_16_s mr3m_1 mli2_1 mh85_56 mh85_0_l\">\n<div class=\"mg9e_8 mj7a_8 mg9e_0_s mvrt_0_s mj7a_0_s mh36_0_s mzmg_6m munh_16_l m3h2_16_l\">\n<div class=\"mp4t_0 mryx_0 munh_56 m3h2_56\">\n<div class=\"mp7g_oh\"><button class=\"mg9e_0 mvrt_0 mj7a_0 mh36_0 mp4t_0 m3h2_0 mryx_0 munh_0 mqen_m6 mpof_z0 mx7m_0 m7er_k4 mse2_k4 msts_pt\" data-analytics-interaction=\"true\" data-analytics-interaction-label=\"zoomable-image-open\" aria-disabled=\"true\"><img decoding=\"async\" class=\"msub_k4 mupj_5k mjru_k4 mse2_k4 mp7g_f6 mq1m_0 mj7u_0 m7er_k4 mqen_m6 m31c_d8 m0ux_fp lazyloaded\" src=\"https:\/\/a.allegroimg.com\/original\/111a89\/2829f4564831a09511b37ca6123a\/Rozchodnik-kamczacki-Variegatum-pomaranczowe-kwiaty-wielobarwne-liscie\" sizes=\"(min-width: 1200px) 560px, (min-width: 992px) 50vw, 100vw\" srcset=\"https:\/\/a.allegroimg.com\/s360\/111a89\/2829f4564831a09511b37ca6123a\/Rozchodnik-kamczacki-Variegatum-pomaranczowe-kwiaty-wielobarwne-liscie 360w,https:\/\/a.allegroimg.com\/s720\/111a89\/2829f4564831a09511b37ca6123a\/Rozchodnik-kamczacki-Variegatum-pomaranczowe-kwiaty-wielobarwne-liscie 720w,https:\/\/a.allegroimg.com\/s1024\/111a89\/2829f4564831a09511b37ca6123a\/Rozchodnik-kamczacki-Variegatum-pomaranczowe-kwiaty-wielobarwne-liscie 1024w,https:\/\/a.allegroimg.com\/s1440\/111a89\/2829f4564831a09511b37ca6123a\/Rozchodnik-kamczacki-Variegatum-pomaranczowe-kwiaty-wielobarwne-liscie 1200w,https:\/\/a.allegroimg.com\/original\/111a89\/2829f4564831a09511b37ca6123a\/Rozchodnik-kamczacki-Variegatum-pomaranczowe-kwiaty-wielobarwne-liscie 1200w\" alt=\"Rozchodnik kamczacki Variegatum pomara\u0144czowe kwiaty wielobarwne li\u015bcie\" width=\"1200px\" data-srcset=\"\" \/><\/button><\/div>\n<\/div>\n<\/div>\n<\/div>\n<\/div>\n<div class=\"mpof_ki myre_zn myre_8v_l m389_6m_l\">\n<div class=\"mp4t_16_s mryx_16_s mr3m_1 mli2_1 mh85_56 mh85_0_l\">\n<div class=\"mgn2_16 _0d3bd_am0a-\">\n<h1>Uwaga \u2757\u2757\u2757<\/h1>\n<p><b>Jedno zdj\u0119cie przedstawia ro\u015blin\u0119 w pe\u0142ni rozwini\u0119t\u0105, a drugie sadzonk\u0119 kt\u00f3ra jest w sprzeda\u017cy.<\/b><\/p>\n<p><b>Jednak \u017ce s\u0105 to \u017cywe ro\u015bliny i z tygodnia na tydzie\u0144 zmieniaj\u0105 sw\u00f3j wygl\u0105d. Mog\u0105 by\u0107 przyci\u0119te, a w okresie kwitnienia mog\u0105 by\u0107 wi\u0119ksze oraz z kwiatami.<\/b><\/p>\n<\/div>\n<\/div>\n<\/div>\n<div class=\"mpof_ki myre_zn myre_8v_l m389_6m_l\">\n<div class=\"mp4t_16_s mryx_16_s mr3m_1 mli2_1 mh85_56 mh85_0_l\">\n<div class=\"mg9e_8 mj7a_8 mg9e_0_s mvrt_0_s mj7a_0_s mh36_0_s mzmg_6m munh_16_l m3h2_16_l\">\n<div class=\"mp4t_0 mryx_0 munh_56 m3h2_56\">\n<div class=\"mp7g_oh\"><button class=\"mg9e_0 mvrt_0 mj7a_0 mh36_0 mp4t_0 m3h2_0 mryx_0 munh_0 mqen_m6 mpof_z0 mx7m_0 m7er_k4 mse2_k4 msts_pt\" data-analytics-interaction=\"true\" data-analytics-interaction-label=\"zoomable-image-open\" aria-disabled=\"true\"><img decoding=\"async\" class=\"msub_k4 mupj_5k mjru_k4 mse2_k4 mp7g_f6 mq1m_0 mj7u_0 m7er_k4 mqen_m6 m31c_d8 m0ux_fp lazyloaded\" src=\"https:\/\/a.allegroimg.com\/original\/11168b\/c31ba0e04200a75cc07d528a5b5d\/Rozchodnik-kamczacki-Variegatum-pomaranczowe-kwiaty-wielobarwne-liscie-Producent-nieznany-producent\" sizes=\"(min-width: 1200px) 560px, (min-width: 992px) 50vw, 100vw\" srcset=\"https:\/\/a.allegroimg.com\/s360\/11168b\/c31ba0e04200a75cc07d528a5b5d\/Rozchodnik-kamczacki-Variegatum-pomaranczowe-kwiaty-wielobarwne-liscie-Producent-nieznany-producent 270w,https:\/\/a.allegroimg.com\/s720\/11168b\/c31ba0e04200a75cc07d528a5b5d\/Rozchodnik-kamczacki-Variegatum-pomaranczowe-kwiaty-wielobarwne-liscie-Producent-nieznany-producent 541w,https:\/\/a.allegroimg.com\/s1024\/11168b\/c31ba0e04200a75cc07d528a5b5d\/Rozchodnik-kamczacki-Variegatum-pomaranczowe-kwiaty-wielobarwne-liscie-Producent-nieznany-producent 770w,https:\/\/a.allegroimg.com\/s1440\/11168b\/c31ba0e04200a75cc07d528a5b5d\/Rozchodnik-kamczacki-Variegatum-pomaranczowe-kwiaty-wielobarwne-liscie-Producent-nieznany-producent 1083w,https:\/\/a.allegroimg.com\/original\/11168b\/c31ba0e04200a75cc07d528a5b5d\/Rozchodnik-kamczacki-Variegatum-pomaranczowe-kwiaty-wielobarwne-liscie-Producent-nieznany-producent 1927w\" alt=\"Rozchodnik kamczacki Variegatum pomara\u0144czowe kwiaty wielobarwne li\u015bcie Producent nieznany producent\" width=\"1927px\" data-srcset=\"\" \/><\/button><\/div>\n<\/div>\n<\/div>\n<\/div>\n<div class=\"mp4t_16_s mryx_16_s mr3m_1 mli2_1 mh85_56 mh85_0_l\">\n<div class=\"mg9e_8 mj7a_8 mg9e_0_s mvrt_0_s mj7a_0_s mh36_0_s mzmg_6m munh_16_l m3h2_16_l\">\n<div class=\"mp4t_0 mryx_0 munh_56 m3h2_56\">\n<div class=\"mp7g_oh\"><button class=\"mg9e_0 mvrt_0 mj7a_0 mh36_0 mp4t_0 m3h2_0 mryx_0 munh_0 mqen_m6 mpof_z0 mx7m_0 m7er_k4 mse2_k4 msts_pt\" data-analytics-interaction=\"true\" data-analytics-interaction-label=\"zoomable-image-open\" aria-disabled=\"true\"><img decoding=\"async\" class=\"msub_k4 mupj_5k mjru_k4 mse2_k4 mp7g_f6 mq1m_0 mj7u_0 m7er_k4 mqen_m6 m31c_d8 m0ux_fp lazyloaded\" src=\"https:\/\/a.allegroimg.com\/original\/116fde\/d1bd6d8b478194f75f610b05b0d6\/Rozchodnik-kamczacki-Variegatum-pomaranczowe-kwiaty-wielobarwne-liscie-Kolor-kwiatow-pomaranczowy\" sizes=\"(min-width: 1200px) 560px, (min-width: 992px) 50vw, 100vw\" srcset=\"https:\/\/a.allegroimg.com\/s360\/116fde\/d1bd6d8b478194f75f610b05b0d6\/Rozchodnik-kamczacki-Variegatum-pomaranczowe-kwiaty-wielobarwne-liscie-Kolor-kwiatow-pomaranczowy 270w,https:\/\/a.allegroimg.com\/s720\/116fde\/d1bd6d8b478194f75f610b05b0d6\/Rozchodnik-kamczacki-Variegatum-pomaranczowe-kwiaty-wielobarwne-liscie-Kolor-kwiatow-pomaranczowy 541w,https:\/\/a.allegroimg.com\/s1024\/116fde\/d1bd6d8b478194f75f610b05b0d6\/Rozchodnik-kamczacki-Variegatum-pomaranczowe-kwiaty-wielobarwne-liscie-Kolor-kwiatow-pomaranczowy 770w,https:\/\/a.allegroimg.com\/s1440\/116fde\/d1bd6d8b478194f75f610b05b0d6\/Rozchodnik-kamczacki-Variegatum-pomaranczowe-kwiaty-wielobarwne-liscie-Kolor-kwiatow-pomaranczowy 1083w,https:\/\/a.allegroimg.com\/original\/116fde\/d1bd6d8b478194f75f610b05b0d6\/Rozchodnik-kamczacki-Variegatum-pomaranczowe-kwiaty-wielobarwne-liscie-Kolor-kwiatow-pomaranczowy 1927w\" alt=\"Rozchodnik kamczacki Variegatum pomara\u0144czowe kwiaty wielobarwne li\u015bcie Kolor kwiat\u00f3w pomara\u0144czowy\" width=\"1927px\" data-srcset=\"\" \/><\/button><\/div>\n<\/div>\n<\/div>\n<\/div>\n<\/div>\n","protected":false},"excerpt":{"rendered":"<p>Rozchodnik kamczacki Variegatum Sedum kamtschaticum Ciekawa, wielobarwna odmiana rozchodnika! Tworzy g\u0119sto rozkrzewione k\u0119py o lu\u017anych p\u0119dach i mi\u0119sistych, kremowo obrze\u017conych li\u015bciach. Na uwag\u0119 zas\u0142uguje opr\u00f3cz ozdobnych li\u015bci tak\u017ce kwitnienie. Latem, zwykle od czerwca do sierpnia, rozchodnik kamczacki wytwarza obficie \u017c\u00f3\u0142te kwiatostany, kt\u00f3re w ko\u0144cowej fazie kwitnienia przekszta\u0142caj\u0105 si\u0119 w gwiazdkowate s\u0142upki o pomara\u0144czowym kolorze. Wyst\u0119powanie &hellip;<\/p>\n<p class=\"read-more\"> <a class=\"\" href=\"https:\/\/www.ogrodolszanica.pl\/index.php\/produkt\/rozchodnik-kamczacki-variegatum\/\"> <span class=\"screen-reader-text\">Rozchodnik kamczacki Variegatum<\/span> Read More &raquo;<\/a><\/p>\n","protected":false},"featured_media":3619,"comment_status":"open","ping_status":"closed","template":"","meta":{"site-sidebar-layout":"default","site-content-layout":"default","ast-global-header-display":"","ast-main-header-display":"","ast-hfb-above-header-display":"","ast-hfb-below-header-display":"","ast-hfb-mobile-header-display":"","site-post-title":"","ast-breadcrumbs-content":"","ast-featured-img":"","footer-sml-layout":"","theme-transparent-header-meta":"default","adv-header-id-meta":"","stick-header-meta":"","header-above-stick-meta":"","header-main-stick-meta":"","header-below-stick-meta":"","spay_email":""},"product_cat":[29,88],"product_tag":[],"class_list":["post-3617","product","type-product","status-publish","has-post-thumbnail","hentry","product_cat-byliny","product_cat-rozchodniki"],"yoast_head":"<!-- This site is optimized with the Yoast SEO plugin v19.2 - https:\/\/yoast.com\/wordpress\/plugins\/seo\/ -->\n<title>Rozchodnik kamczacki Variegatum - Ogr&oacute;d Olszanica<\/title>\n<meta name=\"robots\" content=\"index, follow, max-snippet:-1, max-image-preview:large, max-video-preview:-1\" \/>\n<link rel=\"canonical\" href=\"https:\/\/www.ogrodolszanica.pl\/index.php\/produkt\/rozchodnik-kamczacki-variegatum\/\" \/>\n<meta property=\"og:locale\" content=\"pl_PL\" \/>\n<meta property=\"og:type\" content=\"article\" \/>\n<meta property=\"og:title\" content=\"Rozchodnik kamczacki Variegatum - Ogr&oacute;d Olszanica\" \/>\n<meta property=\"og:description\" content=\"Rozchodnik kamczacki Variegatum Sedum kamtschaticum Ciekawa, wielobarwna odmiana rozchodnika! Tworzy g\u0119sto rozkrzewione k\u0119py o lu\u017anych p\u0119dach i mi\u0119sistych, kremowo obrze\u017conych li\u015bciach. Na uwag\u0119 zas\u0142uguje opr\u00f3cz ozdobnych li\u015bci tak\u017ce kwitnienie. Latem, zwykle od czerwca do sierpnia, rozchodnik kamczacki wytwarza obficie \u017c\u00f3\u0142te kwiatostany, kt\u00f3re w ko\u0144cowej fazie kwitnienia przekszta\u0142caj\u0105 si\u0119 w gwiazdkowate s\u0142upki o pomara\u0144czowym kolorze. Wyst\u0119powanie &hellip; Rozchodnik kamczacki Variegatum Read More &raquo;\" \/>\n<meta property=\"og:url\" content=\"https:\/\/www.ogrodolszanica.pl\/index.php\/produkt\/rozchodnik-kamczacki-variegatum\/\" \/>\n<meta property=\"og:site_name\" content=\"Ogr&oacute;d Olszanica\" \/>\n<meta property=\"article:publisher\" content=\"https:\/\/www.facebook.com\/Ogrd-Olszanica-100807179225223\" \/>\n<meta property=\"article:modified_time\" content=\"2026-03-04T20:54:35+00:00\" \/>\n<meta property=\"og:image\" content=\"https:\/\/www.ogrodolszanica.pl\/wp-content\/uploads\/2026\/03\/Rozchodnik-kamczacki-Variegatum-v2-scaled.jpg\" \/>\n\t<meta property=\"og:image:width\" content=\"1928\" \/>\n\t<meta property=\"og:image:height\" content=\"2560\" \/>\n\t<meta property=\"og:image:type\" content=\"image\/jpeg\" \/>\n<meta name=\"author\" content=\"admin\" \/>\n<meta name=\"twitter:card\" content=\"summary_large_image\" \/>\n<meta name=\"twitter:label1\" content=\"Szacowany czas czytania\" \/>\n\t<meta name=\"twitter:data1\" content=\"1 minuta\" \/>\n<script type=\"application\/ld+json\" class=\"yoast-schema-graph\">{\"@context\":\"https:\/\/schema.org\",\"@graph\":[{\"@type\":\"Organization\",\"@id\":\"https:\/\/www.ogrodolszanica.pl\/#organization\",\"name\":\"Ogr\u00f3d Olszanica - Krakowskie Centrum Ogrodnicze\",\"url\":\"https:\/\/www.ogrodolszanica.pl\/\",\"sameAs\":[\"https:\/\/www.facebook.com\/Ogrd-Olszanica-100807179225223\"],\"logo\":{\"@type\":\"ImageObject\",\"inLanguage\":\"pl-PL\",\"@id\":\"https:\/\/www.ogrodolszanica.pl\/#\/schema\/logo\/image\/\",\"url\":\"http:\/\/www.ogrodolszanica.pl\/wp-content\/uploads\/2022\/06\/Ogrod-Olszanica1-1.png\",\"contentUrl\":\"http:\/\/www.ogrodolszanica.pl\/wp-content\/uploads\/2022\/06\/Ogrod-Olszanica1-1.png\",\"width\":180,\"height\":60,\"caption\":\"Ogr\u00f3d Olszanica - Krakowskie Centrum Ogrodnicze\"},\"image\":{\"@id\":\"https:\/\/www.ogrodolszanica.pl\/#\/schema\/logo\/image\/\"}},{\"@type\":\"WebSite\",\"@id\":\"https:\/\/www.ogrodolszanica.pl\/#website\",\"url\":\"https:\/\/www.ogrodolszanica.pl\/\",\"name\":\"Ogr&oacute;d Olszanica\",\"description\":\"Centrum Ogrodnicze Krak&oacute;w\",\"publisher\":{\"@id\":\"https:\/\/www.ogrodolszanica.pl\/#organization\"},\"potentialAction\":[{\"@type\":\"SearchAction\",\"target\":{\"@type\":\"EntryPoint\",\"urlTemplate\":\"https:\/\/www.ogrodolszanica.pl\/?s={search_term_string}\"},\"query-input\":\"required name=search_term_string\"}],\"inLanguage\":\"pl-PL\"},{\"@type\":\"ImageObject\",\"inLanguage\":\"pl-PL\",\"@id\":\"https:\/\/www.ogrodolszanica.pl\/index.php\/produkt\/rozchodnik-kamczacki-variegatum\/#primaryimage\",\"url\":\"https:\/\/i0.wp.com\/www.ogrodolszanica.pl\/wp-content\/uploads\/2026\/03\/Rozchodnik-kamczacki-Variegatum-v2-scaled.jpg?fit=1928%2C2560&ssl=1\",\"contentUrl\":\"https:\/\/i0.wp.com\/www.ogrodolszanica.pl\/wp-content\/uploads\/2026\/03\/Rozchodnik-kamczacki-Variegatum-v2-scaled.jpg?fit=1928%2C2560&ssl=1\",\"width\":1928,\"height\":2560},{\"@type\":\"WebPage\",\"@id\":\"https:\/\/www.ogrodolszanica.pl\/index.php\/produkt\/rozchodnik-kamczacki-variegatum\/#webpage\",\"url\":\"https:\/\/www.ogrodolszanica.pl\/index.php\/produkt\/rozchodnik-kamczacki-variegatum\/\",\"name\":\"Rozchodnik kamczacki Variegatum - Ogr&oacute;d Olszanica\",\"isPartOf\":{\"@id\":\"https:\/\/www.ogrodolszanica.pl\/#website\"},\"primaryImageOfPage\":{\"@id\":\"https:\/\/www.ogrodolszanica.pl\/index.php\/produkt\/rozchodnik-kamczacki-variegatum\/#primaryimage\"},\"datePublished\":\"2026-03-02T11:18:14+00:00\",\"dateModified\":\"2026-03-04T20:54:35+00:00\",\"breadcrumb\":{\"@id\":\"https:\/\/www.ogrodolszanica.pl\/index.php\/produkt\/rozchodnik-kamczacki-variegatum\/#breadcrumb\"},\"inLanguage\":\"pl-PL\",\"potentialAction\":[{\"@type\":\"ReadAction\",\"target\":[\"https:\/\/www.ogrodolszanica.pl\/index.php\/produkt\/rozchodnik-kamczacki-variegatum\/\"]}]},{\"@type\":\"BreadcrumbList\",\"@id\":\"https:\/\/www.ogrodolszanica.pl\/index.php\/produkt\/rozchodnik-kamczacki-variegatum\/#breadcrumb\",\"itemListElement\":[{\"@type\":\"ListItem\",\"position\":1,\"name\":\"Strona g\u0142\u00f3wna\",\"item\":\"https:\/\/www.ogrodolszanica.pl\/\"},{\"@type\":\"ListItem\",\"position\":2,\"name\":\"Produkty\",\"item\":\"https:\/\/www.ogrodolszanica.pl\/index.php\/shop\/\"},{\"@type\":\"ListItem\",\"position\":3,\"name\":\"Rozchodnik kamczacki Variegatum\"}]}]}<\/script>\n<!-- \/ Yoast SEO plugin. -->","yoast_head_json":{"title":"Rozchodnik kamczacki Variegatum - Ogr&oacute;d Olszanica","robots":{"index":"index","follow":"follow","max-snippet":"max-snippet:-1","max-image-preview":"max-image-preview:large","max-video-preview":"max-video-preview:-1"},"canonical":"https:\/\/www.ogrodolszanica.pl\/index.php\/produkt\/rozchodnik-kamczacki-variegatum\/","og_locale":"pl_PL","og_type":"article","og_title":"Rozchodnik kamczacki Variegatum - Ogr&oacute;d Olszanica","og_description":"Rozchodnik kamczacki Variegatum Sedum kamtschaticum Ciekawa, wielobarwna odmiana rozchodnika! Tworzy g\u0119sto rozkrzewione k\u0119py o lu\u017anych p\u0119dach i mi\u0119sistych, kremowo obrze\u017conych li\u015bciach. Na uwag\u0119 zas\u0142uguje opr\u00f3cz ozdobnych li\u015bci tak\u017ce kwitnienie. Latem, zwykle od czerwca do sierpnia, rozchodnik kamczacki wytwarza obficie \u017c\u00f3\u0142te kwiatostany, kt\u00f3re w ko\u0144cowej fazie kwitnienia przekszta\u0142caj\u0105 si\u0119 w gwiazdkowate s\u0142upki o pomara\u0144czowym kolorze. Wyst\u0119powanie &hellip; Rozchodnik kamczacki Variegatum Read More &raquo;","og_url":"https:\/\/www.ogrodolszanica.pl\/index.php\/produkt\/rozchodnik-kamczacki-variegatum\/","og_site_name":"Ogr&oacute;d Olszanica","article_publisher":"https:\/\/www.facebook.com\/Ogrd-Olszanica-100807179225223","article_modified_time":"2026-03-04T20:54:35+00:00","og_image":[{"width":1928,"height":2560,"url":"https:\/\/www.ogrodolszanica.pl\/wp-content\/uploads\/2026\/03\/Rozchodnik-kamczacki-Variegatum-v2-scaled.jpg","type":"image\/jpeg"}],"author":"admin","twitter_card":"summary_large_image","twitter_misc":{"Szacowany czas czytania":"1 minuta"},"schema":{"@context":"https:\/\/schema.org","@graph":[{"@type":"Organization","@id":"https:\/\/www.ogrodolszanica.pl\/#organization","name":"Ogr\u00f3d Olszanica - Krakowskie Centrum Ogrodnicze","url":"https:\/\/www.ogrodolszanica.pl\/","sameAs":["https:\/\/www.facebook.com\/Ogrd-Olszanica-100807179225223"],"logo":{"@type":"ImageObject","inLanguage":"pl-PL","@id":"https:\/\/www.ogrodolszanica.pl\/#\/schema\/logo\/image\/","url":"http:\/\/www.ogrodolszanica.pl\/wp-content\/uploads\/2022\/06\/Ogrod-Olszanica1-1.png","contentUrl":"http:\/\/www.ogrodolszanica.pl\/wp-content\/uploads\/2022\/06\/Ogrod-Olszanica1-1.png","width":180,"height":60,"caption":"Ogr\u00f3d Olszanica - Krakowskie Centrum Ogrodnicze"},"image":{"@id":"https:\/\/www.ogrodolszanica.pl\/#\/schema\/logo\/image\/"}},{"@type":"WebSite","@id":"https:\/\/www.ogrodolszanica.pl\/#website","url":"https:\/\/www.ogrodolszanica.pl\/","name":"Ogr&oacute;d Olszanica","description":"Centrum Ogrodnicze Krak&oacute;w","publisher":{"@id":"https:\/\/www.ogrodolszanica.pl\/#organization"},"potentialAction":[{"@type":"SearchAction","target":{"@type":"EntryPoint","urlTemplate":"https:\/\/www.ogrodolszanica.pl\/?s={search_term_string}"},"query-input":"required name=search_term_string"}],"inLanguage":"pl-PL"},{"@type":"ImageObject","inLanguage":"pl-PL","@id":"https:\/\/www.ogrodolszanica.pl\/index.php\/produkt\/rozchodnik-kamczacki-variegatum\/#primaryimage","url":"https:\/\/i0.wp.com\/www.ogrodolszanica.pl\/wp-content\/uploads\/2026\/03\/Rozchodnik-kamczacki-Variegatum-v2-scaled.jpg?fit=1928%2C2560&ssl=1","contentUrl":"https:\/\/i0.wp.com\/www.ogrodolszanica.pl\/wp-content\/uploads\/2026\/03\/Rozchodnik-kamczacki-Variegatum-v2-scaled.jpg?fit=1928%2C2560&ssl=1","width":1928,"height":2560},{"@type":"WebPage","@id":"https:\/\/www.ogrodolszanica.pl\/index.php\/produkt\/rozchodnik-kamczacki-variegatum\/#webpage","url":"https:\/\/www.ogrodolszanica.pl\/index.php\/produkt\/rozchodnik-kamczacki-variegatum\/","name":"Rozchodnik kamczacki Variegatum - Ogr&oacute;d Olszanica","isPartOf":{"@id":"https:\/\/www.ogrodolszanica.pl\/#website"},"primaryImageOfPage":{"@id":"https:\/\/www.ogrodolszanica.pl\/index.php\/produkt\/rozchodnik-kamczacki-variegatum\/#primaryimage"},"datePublished":"2026-03-02T11:18:14+00:00","dateModified":"2026-03-04T20:54:35+00:00","breadcrumb":{"@id":"https:\/\/www.ogrodolszanica.pl\/index.php\/produkt\/rozchodnik-kamczacki-variegatum\/#breadcrumb"},"inLanguage":"pl-PL","potentialAction":[{"@type":"ReadAction","target":["https:\/\/www.ogrodolszanica.pl\/index.php\/produkt\/rozchodnik-kamczacki-variegatum\/"]}]},{"@type":"BreadcrumbList","@id":"https:\/\/www.ogrodolszanica.pl\/index.php\/produkt\/rozchodnik-kamczacki-variegatum\/#breadcrumb","itemListElement":[{"@type":"ListItem","position":1,"name":"Strona g\u0142\u00f3wna","item":"https:\/\/www.ogrodolszanica.pl\/"},{"@type":"ListItem","position":2,"name":"Produkty","item":"https:\/\/www.ogrodolszanica.pl\/index.php\/shop\/"},{"@type":"ListItem","position":3,"name":"Rozchodnik kamczacki Variegatum"}]}]}},"jetpack-related-posts":[{"id":3613,"url":"https:\/\/www.ogrodolszanica.pl\/index.php\/produkt\/rozchodnik-dark-magic\/","url_meta":{"origin":3617,"position":0},"title":"Rozchodnik Dark Magic","date":"2 marca, 2026","format":false,"excerpt":"Rozchodnik karpacki Dark Magic Sedum telephium Nowa, atrakcyjna odmiana rozchodnika o wzniesionym pokroju, dorastaj\u0105ca do 40 cm wysoko\u015bci i 50 cm \u015brednicy. Bardzo wyrazista \u00a0i ciekawa ze wzgl\u0119du na ciemne, fioletowo-czarne, b\u0142yszcz\u0105ce li\u015bcie. Rozchodnik karpacki 'Dark Magic' sw\u0105 pe\u0142n\u0105 kras\u0119 prezentuje w momencie kwitnienia przypadaj\u0105cego na koniec lata (VIII-IX). Na\u2026","rel":"","context":"Similar post","img":{"alt_text":"","src":"https:\/\/i0.wp.com\/www.ogrodolszanica.pl\/wp-content\/uploads\/2026\/03\/Rozchodnik-Dark-Magic-v2-scaled.jpg?fit=904%2C1200&ssl=1&resize=350%2C200","width":350,"height":200},"classes":[]},{"id":2419,"url":"https:\/\/www.ogrodolszanica.pl\/index.php\/produkt\/rozchodnik-sunsparkler-lime-zinger\/","url_meta":{"origin":3617,"position":1},"title":"Rozchodnik SunSparkler\u00ae Lime Zinger","date":"26 sierpnia, 2023","format":false,"excerpt":"Rozchodnik SunSparkler\u00ae Lime Zinger Rozchodniki s\u0105 bylinami s\u0142o\u0144ca - tylko wtedy ukazuj\u0105 wspania\u0142\u0105\u00a0barw\u0119 li\u015bci i kwiatostan\u00f3w. Mog\u0105 by\u0107 ozdob\u0105 ogrodu lub\u00a0pojemnik\u00f3w przez ca\u0142y rok. Odmiana 'Lime Zinger'\u00a0\u015bciele si\u0119 po ziemi kr\u00f3tkimi p\u0119dami. G\u0119sto rosn\u0105ce p\u0119dy s\u0105\u00a0koloru limonkowego z ciemno czerwon\u0105 obw\u00f3dk\u0105 i pokrywaj\u0105\u00a0szczelnie powierzchni\u0119. Pojawiaj\u0105ce si\u0119 kwiaty d\u0142ugo\u00a0nie trac\u0105\u00a0swego r\u00f3\u017cowego\u2026","rel":"","context":"Similar post","img":{"alt_text":"","src":"https:\/\/i0.wp.com\/www.ogrodolszanica.pl\/wp-content\/uploads\/2023\/08\/sedum-sunsparkler-lime-zinger_3.jpg?fit=434%2C650&ssl=1&resize=350%2C200","width":350,"height":200},"classes":[]},{"id":1842,"url":"https:\/\/www.ogrodolszanica.pl\/index.php\/produkt\/rozchodnik-oscisty-angelina\/","url_meta":{"origin":3617,"position":2},"title":"Rozchodnik O\u015bcisty Angelina","date":"23 lipca, 2022","format":false,"excerpt":"Rozchodnik O\u015bcisty Angelina Rozchodniki s\u0105 bylinami s\u0142o\u0144ca - tylko wtedy ukazuj\u0105 wspania\u0142\u0105 barw\u0119 li\u015bci i kwiatostan\u00f3w. Odmiana Angelina wyr\u00f3\u017cnia si\u0119 kolorem li\u015bci. P\u0119dy ze z\u0142oto-\u017c\u00f3\u0142tymi li\u015b\u0107mi pokrywaj\u0105 powierzchni\u0119, wspaniale nadaj\u0105 si\u0119 do uzupe\u0142nienia kompozycji w pojemnikach. Latem ukazuj\u0105 si\u0119 \u017c\u00f3\u0142te kwiatostany. Rodzaj: Rozchodnik Barwa: \u017b\u00f3\u0142ty szeroko\u015b\u0107: 20 cm wysoko\u015b\u0107: 15\u00a0cm\u2026","rel":"","context":"Similar post","img":{"alt_text":"","src":"https:\/\/i0.wp.com\/www.ogrodolszanica.pl\/wp-content\/uploads\/2022\/07\/sedum-angelina_70427_1.jpg?fit=650%2C650&ssl=1&resize=350%2C200","width":350,"height":200},"classes":[]},{"id":2509,"url":"https:\/\/www.ogrodolszanica.pl\/index.php\/produkt\/rozchodnik-oriental-dancer\/","url_meta":{"origin":3617,"position":3},"title":"Rozchodnik Oriental Dancer","date":"28 sierpnia, 2023","format":false,"excerpt":"Rozchodnik Oriental Dancer Atrakcyjna odmiana rozchodnika o czerwono-r\u00f3\u017cowych, obfitych kwiatostanach, kontrastuj\u0105cych z ciemnymi, bordowymi li\u015b\u0107mi. Polecana do kompozycji mieszanych. Po posadzeniu i podlaniu ro\u015bliny nie wymagaj\u0105 \u017cadnej opieki. Ro\u015bliny odporne na upa\u0142y, dobrze znosz\u0105 mrozy, s\u0105 przyjazne dla zapylaczy. rodzaj: Rozchodnik szeroko\u015b\u0107: 40\u00a0cm wysoko\u015b\u0107: 20\u00a0cm wysoko\u015b\u0107 (kwitnienie): 35\u00a0cm kwitnienie: sierpie\u0144\u2026","rel":"","context":"Similar post","img":{"alt_text":"","src":"https:\/\/i0.wp.com\/www.ogrodolszanica.pl\/wp-content\/uploads\/2023\/08\/byliny-i-trawy_s-spectabile-s-telephium-inne_75245_2.jpg?fit=467%2C650&ssl=1&resize=350%2C200","width":350,"height":200},"classes":[]},{"id":2411,"url":"https:\/\/www.ogrodolszanica.pl\/index.php\/produkt\/rozchodnik-hot-stuff\/","url_meta":{"origin":3617,"position":4},"title":"Rozchodnik Hot Stuff","date":"26 sierpnia, 2023","format":false,"excerpt":"Rozchodnik Hot Stuff Rozchodniki s\u0105 bylinami s\u0142o\u0144ca - tylko wtedy ukazuj\u0105 wspania\u0142\u0105 barw\u0119 li\u015bci i kwiatostan\u00f3w. Mog\u0105 by\u0107 ozdob\u0105 ogrodu lub pojemnik\u00f3w przez ca\u0142y rok. 'Hot Stuff' to odmiana o szarozielonym ulistnieniu, kt\u00f3rej du\u017ce kwiatostany, pocz\u0105tkowo w jaskrawor\u00f3\u017cowym kolorze, potrafi\u0105 utrzymywa\u0107 si\u0119 na \u0142odygach do zimy. Powsta\u0142e nasiona mog\u0105 by\u0107\u2026","rel":"","context":"Similar post","img":{"alt_text":"","src":"https:\/\/i0.wp.com\/www.ogrodolszanica.pl\/wp-content\/uploads\/2023\/08\/sedum-hot-stuff_1.jpg?fit=650%2C434&ssl=1&resize=350%2C200","width":350,"height":200},"classes":[]},{"id":1846,"url":"https:\/\/www.ogrodolszanica.pl\/index.php\/produkt\/rozchodnik-thunderhead\/","url_meta":{"origin":3617,"position":5},"title":"Rozchodnik Thunderhead","date":"23 lipca, 2022","format":false,"excerpt":"Rozchodnik Thunderhead Rozchodniki s\u0105 bylinami s\u0142o\u0144ca - tylko wtedy ukazuj\u0105 wspania\u0142\u0105 barw\u0119 li\u015bci i kwiatostan\u00f3w. Odmiana ta wyr\u00f3\u017cnia si\u0119 w ogrodzie okaza\u0142\u0105, wysok\u0105 k\u0119p\u0105 o silnych \u0142odygach z szarozielonymi li\u015b\u0107mi i du\u017cymi, amarantowymi kwiatostanami. \u015aci\u0119te dobrze wygl\u0105daj\u0105 w bukietach, a pozostawione zim\u0105 w ogrodzie s\u0105 jego ozdob\u0105. Rodzaj: Rozchodnik Barwa:\u2026","rel":"","context":"Similar post","img":{"alt_text":"","src":"https:\/\/i0.wp.com\/www.ogrodolszanica.pl\/wp-content\/uploads\/2022\/07\/sedum-thunderhead_71837_1.jpg?fit=650%2C650&ssl=1&resize=350%2C200","width":350,"height":200},"classes":[]}],"_links":{"self":[{"href":"https:\/\/www.ogrodolszanica.pl\/index.php\/wp-json\/wp\/v2\/product\/3617","targetHints":{"allow":["GET"]}}],"collection":[{"href":"https:\/\/www.ogrodolszanica.pl\/index.php\/wp-json\/wp\/v2\/product"}],"about":[{"href":"https:\/\/www.ogrodolszanica.pl\/index.php\/wp-json\/wp\/v2\/types\/product"}],"replies":[{"embeddable":true,"href":"https:\/\/www.ogrodolszanica.pl\/index.php\/wp-json\/wp\/v2\/comments?post=3617"}],"wp:featuredmedia":[{"embeddable":true,"href":"https:\/\/www.ogrodolszanica.pl\/index.php\/wp-json\/wp\/v2\/media\/3619"}],"wp:attachment":[{"href":"https:\/\/www.ogrodolszanica.pl\/index.php\/wp-json\/wp\/v2\/media?parent=3617"}],"wp:term":[{"taxonomy":"product_cat","embeddable":true,"href":"https:\/\/www.ogrodolszanica.pl\/index.php\/wp-json\/wp\/v2\/product_cat?post=3617"},{"taxonomy":"product_tag","embeddable":true,"href":"https:\/\/www.ogrodolszanica.pl\/index.php\/wp-json\/wp\/v2\/product_tag?post=3617"}],"curies":[{"name":"wp","href":"https:\/\/api.w.org\/{rel}","templated":true}]}}