{"id":3239,"date":"2026-02-23T14:36:28","date_gmt":"2026-02-23T14:36:28","guid":{"rendered":"https:\/\/www.ogrodolszanica.pl\/?post_type=product&#038;p=3239"},"modified":"2026-03-03T17:25:35","modified_gmt":"2026-03-03T17:25:35","slug":"hakonechloa-smukla-all-gold-hakonechloa","status":"publish","type":"product","link":"https:\/\/www.ogrodolszanica.pl\/index.php\/produkt\/hakonechloa-smukla-all-gold-hakonechloa\/","title":{"rendered":"Hakonechloa smuk\u0142a All Gold Hakonechloa"},"content":{"rendered":"<div class=\"mpof_ki myre_zn myre_8v_l m389_6m_l\">\n<div class=\"mp4t_16_s mryx_16_s mr3m_1 mli2_1 mh85_56 mh85_0_l\">\n<div class=\"mgn2_16 _0d3bd_am0a-\">\n<p>Hakonechloa to bardzo rzadko spotykana trawa rodem z Japonii. Dorasta maksymalnie do 40 cm wysoko\u015bci tworz\u0105c malownicze, kaskadowe k\u0119py pi\u0119knie uk\u0142adaj\u0105cych si\u0119 szerokich li\u015bci. Odmiana 'All Gold&#8217; charakteryzuje si\u0119 z\u0142otym zabarwieniem ca\u0142ej powierzchni blaszki li\u015bciowej. Hakonechloa wytwarza szerokie li\u015bcie, bardzo podobne kszta\u0142tem i uk\u0142adem na kr\u00f3tkich p\u0119dach do li\u015bci bambusa. Hakonechloa to bardzo efektowny i widowiskowy gatunek ze wzgl\u0119du na nadzwyczajnie lekki, delikatny pokr\u00f3j. Ro\u015bnie do\u015b\u0107 wolno, zachowuj\u0105c pi\u0119kn\u0105 form\u0119 stopniowo rozszerza sw\u00f3j zasi\u0119g. Nie jest gatunkiem inwazyjnym.<\/p>\n<ul>\n<li>Rodzaj:\u00a0<b>hakonechloa<\/b><\/li>\n<li>Stanowisko:<b>\u00a0p\u00f3\u0142cieniste<\/b><\/li>\n<li>Podlewanie:\u00a0<b>obfite<\/b><\/li>\n<li>Barwa kwiatu:\u00a0<b>inna<\/b><\/li>\n<li>Barwa li\u015bci:\u00a0<b>z\u0142ota<\/b><\/li>\n<li>Szeroko\u015b\u0107 \u2b05\ufe0f\u27a1\ufe0f:\u00a0<b>70-80 cm<\/b><\/li>\n<li>Wysoko\u015b\u0107 kwitnienia \u2b06\ufe0f:\u00a0<b>30-50 cm<\/b><\/li>\n<li>Okres kwitnienia \u27a1\ufe0f\u2b05\ufe0f:\u00a0<b>sierpie\u0144 \u00f7 wrzesie\u0144<\/b><\/li>\n<li>Mrozoodporno\u015b\u0107:\u00a0<b>tak<\/b><\/li>\n<li>Ro\u015blina wieloletnia:\u00a0<b>tak<\/b><\/li>\n<\/ul>\n<\/div>\n<\/div>\n<div class=\"mp4t_16_s mryx_16_s mr3m_1 mli2_1 mh85_56 mh85_0_l\">\n<div class=\"mg9e_8 mj7a_8 mg9e_0_s mvrt_0_s mj7a_0_s mh36_0_s mzmg_6m munh_16_l m3h2_16_l\">\n<div class=\"mp4t_0 mryx_0 munh_56 m3h2_56\">\n<div class=\"mp7g_oh\"><button class=\"mg9e_0 mvrt_0 mj7a_0 mh36_0 mp4t_0 m3h2_0 mryx_0 munh_0 mqen_m6 mpof_z0 mx7m_0 m7er_k4 mse2_k4 msts_pt\" data-analytics-interaction=\"true\" data-analytics-interaction-label=\"zoomable-image-open\" aria-disabled=\"true\"><img decoding=\"async\" class=\"msub_k4 mupj_5k mjru_k4 mse2_k4 mp7g_f6 mq1m_0 mj7u_0 m7er_k4 mqen_m6 m31c_d8 m0ux_fp lazyloaded\" src=\"https:\/\/a.allegroimg.com\/original\/116295\/eca60f7e4401910f4b794c5385a8\/Hakonechloa-smukla-All-Gold-Hakonechloa-macra-trawa-ozdobna-Producent-nieznany-producent\" sizes=\"(min-width: 1200px) 560px, (min-width: 992px) 50vw, 100vw\" srcset=\"https:\/\/a.allegroimg.com\/s360\/116295\/eca60f7e4401910f4b794c5385a8\/Hakonechloa-smukla-All-Gold-Hakonechloa-macra-trawa-ozdobna-Producent-nieznany-producent 270w,https:\/\/a.allegroimg.com\/s720\/116295\/eca60f7e4401910f4b794c5385a8\/Hakonechloa-smukla-All-Gold-Hakonechloa-macra-trawa-ozdobna-Producent-nieznany-producent 541w,https:\/\/a.allegroimg.com\/s1024\/116295\/eca60f7e4401910f4b794c5385a8\/Hakonechloa-smukla-All-Gold-Hakonechloa-macra-trawa-ozdobna-Producent-nieznany-producent 770w,https:\/\/a.allegroimg.com\/s1440\/116295\/eca60f7e4401910f4b794c5385a8\/Hakonechloa-smukla-All-Gold-Hakonechloa-macra-trawa-ozdobna-Producent-nieznany-producent 1083w,https:\/\/a.allegroimg.com\/original\/116295\/eca60f7e4401910f4b794c5385a8\/Hakonechloa-smukla-All-Gold-Hakonechloa-macra-trawa-ozdobna-Producent-nieznany-producent 1927w\" alt=\"Hakonechloa smuk\u0142a All Gold Hakonechloa macra trawa ozdobna Producent nieznany producent\" width=\"1927px\" data-srcset=\"\" \/><\/button><\/div>\n<\/div>\n<\/div>\n<\/div>\n<\/div>\n<div class=\"mpof_ki myre_zn myre_8v_l m389_6m_l\">\n<div class=\"mp4t_16_s mryx_16_s mr3m_1 mli2_1 mh85_56 mh85_0_l\">\n<div class=\"mgn2_16 _0d3bd_am0a-\">\n<h1>Uwaga \u2757\u2757\u2757<\/h1>\n<p><b>Jedno zdj\u0119cie przedstawia ro\u015blin\u0119 w pe\u0142ni rozwini\u0119t\u0105, a drugie sadzonk\u0119 kt\u00f3ra jest w sprzeda\u017cy.<\/b><\/p>\n<p><b>Jednak \u017ce s\u0105 to \u017cywe ro\u015bliny i z tygodnia na tydzie\u0144 zmieniaj\u0105 sw\u00f3j wygl\u0105d. Mog\u0105 by\u0107 przyci\u0119te, a w okresie kwitnienia mog\u0105 by\u0107 wi\u0119ksze oraz z kwiatami.<\/b><\/p>\n<\/div>\n<\/div>\n<\/div>\n<div class=\"mpof_ki myre_zn myre_8v_l m389_6m_l\">\n<div class=\"mp4t_16_s mryx_16_s mr3m_1 mli2_1 mh85_56 mh85_0_l\">\n<div class=\"mg9e_8 mj7a_8 mg9e_0_s mvrt_0_s mj7a_0_s mh36_0_s mzmg_6m munh_16_l m3h2_16_l\">\n<div class=\"mp4t_0 mryx_0 munh_56 m3h2_56\">\n<div class=\"mp7g_oh\"><button class=\"mg9e_0 mvrt_0 mj7a_0 mh36_0 mp4t_0 m3h2_0 mryx_0 munh_0 mqen_m6 mpof_z0 mx7m_0 m7er_k4 mse2_k4 msts_pt\" data-analytics-interaction=\"true\" data-analytics-interaction-label=\"zoomable-image-open\" aria-disabled=\"true\"><img decoding=\"async\" class=\"msub_k4 mupj_5k mjru_k4 mse2_k4 mp7g_f6 mq1m_0 mj7u_0 m7er_k4 mqen_m6 m31c_d8 m0ux_fp lazyloaded\" src=\"https:\/\/a.allegroimg.com\/original\/11be2c\/1966f01d4eca950c263a563708eb\/Hakonechloa-smukla-All-Gold-Hakonechloa-macra-trawa-ozdobna-Roslina-w-postaci-sadzonka-w-pojemniku-1-2l\" sizes=\"(min-width: 1200px) 560px, (min-width: 992px) 50vw, 100vw\" srcset=\"https:\/\/a.allegroimg.com\/s360\/11be2c\/1966f01d4eca950c263a563708eb\/Hakonechloa-smukla-All-Gold-Hakonechloa-macra-trawa-ozdobna-Roslina-w-postaci-sadzonka-w-pojemniku-1-2l 270w,https:\/\/a.allegroimg.com\/s720\/11be2c\/1966f01d4eca950c263a563708eb\/Hakonechloa-smukla-All-Gold-Hakonechloa-macra-trawa-ozdobna-Roslina-w-postaci-sadzonka-w-pojemniku-1-2l 541w,https:\/\/a.allegroimg.com\/s1024\/11be2c\/1966f01d4eca950c263a563708eb\/Hakonechloa-smukla-All-Gold-Hakonechloa-macra-trawa-ozdobna-Roslina-w-postaci-sadzonka-w-pojemniku-1-2l 770w,https:\/\/a.allegroimg.com\/s1440\/11be2c\/1966f01d4eca950c263a563708eb\/Hakonechloa-smukla-All-Gold-Hakonechloa-macra-trawa-ozdobna-Roslina-w-postaci-sadzonka-w-pojemniku-1-2l 1083w,https:\/\/a.allegroimg.com\/original\/11be2c\/1966f01d4eca950c263a563708eb\/Hakonechloa-smukla-All-Gold-Hakonechloa-macra-trawa-ozdobna-Roslina-w-postaci-sadzonka-w-pojemniku-1-2l 1927w\" alt=\"Hakonechloa smuk\u0142a All Gold Hakonechloa macra trawa ozdobna Ro\u015blina w postaci sadzonka w pojemniku 1-2l\" width=\"1927px\" data-srcset=\"\" \/><\/button><\/div>\n<\/div>\n<\/div>\n<\/div>\n<div class=\"mp4t_16_s mryx_16_s mr3m_1 mli2_1 mh85_56 mh85_0_l\">\n<div class=\"mg9e_8 mj7a_8 mg9e_0_s mvrt_0_s mj7a_0_s mh36_0_s mzmg_6m munh_16_l m3h2_16_l\">\n<div class=\"mp4t_0 mryx_0 munh_56 m3h2_56\">\n<div class=\"mp7g_oh\"><button class=\"mg9e_0 mvrt_0 mj7a_0 mh36_0 mp4t_0 m3h2_0 mryx_0 munh_0 mqen_m6 mpof_z0 mx7m_0 m7er_k4 mse2_k4 msts_pt\" data-analytics-interaction=\"true\" data-analytics-interaction-label=\"zoomable-image-open\" aria-disabled=\"true\"><img decoding=\"async\" class=\"msub_k4 mupj_5k mjru_k4 mse2_k4 mp7g_f6 mq1m_0 mj7u_0 m7er_k4 mqen_m6 m31c_d8 m0ux_fp lazyloaded\" src=\"https:\/\/a.allegroimg.com\/original\/1194d7\/cb2e238a42b6ad60cd3b05b9e00f\/Hakonechloa-smukla-All-Gold-Hakonechloa-macra-trawa-ozdobna-Wysokosc-sadzonki-25-cm\" sizes=\"(min-width: 1200px) 560px, (min-width: 992px) 50vw, 100vw\" srcset=\"https:\/\/a.allegroimg.com\/s360\/1194d7\/cb2e238a42b6ad60cd3b05b9e00f\/Hakonechloa-smukla-All-Gold-Hakonechloa-macra-trawa-ozdobna-Wysokosc-sadzonki-25-cm 270w,https:\/\/a.allegroimg.com\/s720\/1194d7\/cb2e238a42b6ad60cd3b05b9e00f\/Hakonechloa-smukla-All-Gold-Hakonechloa-macra-trawa-ozdobna-Wysokosc-sadzonki-25-cm 541w,https:\/\/a.allegroimg.com\/s1024\/1194d7\/cb2e238a42b6ad60cd3b05b9e00f\/Hakonechloa-smukla-All-Gold-Hakonechloa-macra-trawa-ozdobna-Wysokosc-sadzonki-25-cm 770w,https:\/\/a.allegroimg.com\/s1440\/1194d7\/cb2e238a42b6ad60cd3b05b9e00f\/Hakonechloa-smukla-All-Gold-Hakonechloa-macra-trawa-ozdobna-Wysokosc-sadzonki-25-cm 1083w,https:\/\/a.allegroimg.com\/original\/1194d7\/cb2e238a42b6ad60cd3b05b9e00f\/Hakonechloa-smukla-All-Gold-Hakonechloa-macra-trawa-ozdobna-Wysokosc-sadzonki-25-cm 1927w\" alt=\"Hakonechloa smuk\u0142a All Gold Hakonechloa macra trawa ozdobna Wysoko\u015b\u0107 sadzonki 25 cm\" width=\"1927px\" data-srcset=\"\" \/><\/button><\/div>\n<\/div>\n<\/div>\n<\/div>\n<\/div>\n","protected":false},"excerpt":{"rendered":"<p>Hakonechloa to bardzo rzadko spotykana trawa rodem z Japonii. Dorasta maksymalnie do 40 cm wysoko\u015bci tworz\u0105c malownicze, kaskadowe k\u0119py pi\u0119knie uk\u0142adaj\u0105cych si\u0119 szerokich li\u015bci. Odmiana 'All Gold&#8217; charakteryzuje si\u0119 z\u0142otym zabarwieniem ca\u0142ej powierzchni blaszki li\u015bciowej. Hakonechloa wytwarza szerokie li\u015bcie, bardzo podobne kszta\u0142tem i uk\u0142adem na kr\u00f3tkich p\u0119dach do li\u015bci bambusa. Hakonechloa to bardzo efektowny i &hellip;<\/p>\n<p class=\"read-more\"> <a class=\"\" href=\"https:\/\/www.ogrodolszanica.pl\/index.php\/produkt\/hakonechloa-smukla-all-gold-hakonechloa\/\"> <span class=\"screen-reader-text\">Hakonechloa smuk\u0142a All Gold Hakonechloa<\/span> Read More &raquo;<\/a><\/p>\n","protected":false},"featured_media":3240,"comment_status":"open","ping_status":"closed","template":"","meta":{"site-sidebar-layout":"default","site-content-layout":"default","ast-global-header-display":"","ast-main-header-display":"","ast-hfb-above-header-display":"","ast-hfb-below-header-display":"","ast-hfb-mobile-header-display":"","site-post-title":"","ast-breadcrumbs-content":"","ast-featured-img":"","footer-sml-layout":"","theme-transparent-header-meta":"default","adv-header-id-meta":"","stick-header-meta":"","header-above-stick-meta":"","header-main-stick-meta":"","header-below-stick-meta":"","spay_email":""},"product_cat":[30],"product_tag":[],"class_list":["post-3239","product","type-product","status-publish","has-post-thumbnail","hentry","product_cat-trawy"],"yoast_head":"<!-- This site is optimized with the Yoast SEO plugin v19.2 - https:\/\/yoast.com\/wordpress\/plugins\/seo\/ -->\n<title>Hakonechloa smuk\u0142a All Gold Hakonechloa - Ogr&oacute;d Olszanica<\/title>\n<meta name=\"robots\" content=\"index, follow, max-snippet:-1, max-image-preview:large, max-video-preview:-1\" \/>\n<link rel=\"canonical\" href=\"https:\/\/www.ogrodolszanica.pl\/index.php\/produkt\/hakonechloa-smukla-all-gold-hakonechloa\/\" \/>\n<meta property=\"og:locale\" content=\"pl_PL\" \/>\n<meta property=\"og:type\" content=\"article\" \/>\n<meta property=\"og:title\" content=\"Hakonechloa smuk\u0142a All Gold Hakonechloa - Ogr&oacute;d Olszanica\" \/>\n<meta property=\"og:description\" content=\"Hakonechloa to bardzo rzadko spotykana trawa rodem z Japonii. Dorasta maksymalnie do 40 cm wysoko\u015bci tworz\u0105c malownicze, kaskadowe k\u0119py pi\u0119knie uk\u0142adaj\u0105cych si\u0119 szerokich li\u015bci. Odmiana &#039;All Gold&#8217; charakteryzuje si\u0119 z\u0142otym zabarwieniem ca\u0142ej powierzchni blaszki li\u015bciowej. Hakonechloa wytwarza szerokie li\u015bcie, bardzo podobne kszta\u0142tem i uk\u0142adem na kr\u00f3tkich p\u0119dach do li\u015bci bambusa. Hakonechloa to bardzo efektowny i &hellip; Hakonechloa smuk\u0142a All Gold Hakonechloa Read More &raquo;\" \/>\n<meta property=\"og:url\" content=\"https:\/\/www.ogrodolszanica.pl\/index.php\/produkt\/hakonechloa-smukla-all-gold-hakonechloa\/\" \/>\n<meta property=\"og:site_name\" content=\"Ogr&oacute;d Olszanica\" \/>\n<meta property=\"article:publisher\" content=\"https:\/\/www.facebook.com\/Ogrd-Olszanica-100807179225223\" \/>\n<meta property=\"article:modified_time\" content=\"2026-03-03T17:25:35+00:00\" \/>\n<meta property=\"og:image\" content=\"https:\/\/www.ogrodolszanica.pl\/wp-content\/uploads\/2026\/02\/Hakonechloa-smukla-All-Gold-Hakonechloa-v1-scaled.jpg\" \/>\n\t<meta property=\"og:image:width\" content=\"1928\" \/>\n\t<meta property=\"og:image:height\" content=\"2560\" \/>\n\t<meta property=\"og:image:type\" content=\"image\/jpeg\" \/>\n<meta name=\"author\" content=\"admin\" \/>\n<meta name=\"twitter:card\" content=\"summary_large_image\" \/>\n<meta name=\"twitter:label1\" content=\"Szacowany czas czytania\" \/>\n\t<meta name=\"twitter:data1\" content=\"1 minuta\" \/>\n<script type=\"application\/ld+json\" class=\"yoast-schema-graph\">{\"@context\":\"https:\/\/schema.org\",\"@graph\":[{\"@type\":\"Organization\",\"@id\":\"https:\/\/www.ogrodolszanica.pl\/#organization\",\"name\":\"Ogr\u00f3d Olszanica - Krakowskie Centrum Ogrodnicze\",\"url\":\"https:\/\/www.ogrodolszanica.pl\/\",\"sameAs\":[\"https:\/\/www.facebook.com\/Ogrd-Olszanica-100807179225223\"],\"logo\":{\"@type\":\"ImageObject\",\"inLanguage\":\"pl-PL\",\"@id\":\"https:\/\/www.ogrodolszanica.pl\/#\/schema\/logo\/image\/\",\"url\":\"http:\/\/www.ogrodolszanica.pl\/wp-content\/uploads\/2022\/06\/Ogrod-Olszanica1-1.png\",\"contentUrl\":\"http:\/\/www.ogrodolszanica.pl\/wp-content\/uploads\/2022\/06\/Ogrod-Olszanica1-1.png\",\"width\":180,\"height\":60,\"caption\":\"Ogr\u00f3d Olszanica - Krakowskie Centrum Ogrodnicze\"},\"image\":{\"@id\":\"https:\/\/www.ogrodolszanica.pl\/#\/schema\/logo\/image\/\"}},{\"@type\":\"WebSite\",\"@id\":\"https:\/\/www.ogrodolszanica.pl\/#website\",\"url\":\"https:\/\/www.ogrodolszanica.pl\/\",\"name\":\"Ogr&oacute;d Olszanica\",\"description\":\"Centrum Ogrodnicze Krak&oacute;w\",\"publisher\":{\"@id\":\"https:\/\/www.ogrodolszanica.pl\/#organization\"},\"potentialAction\":[{\"@type\":\"SearchAction\",\"target\":{\"@type\":\"EntryPoint\",\"urlTemplate\":\"https:\/\/www.ogrodolszanica.pl\/?s={search_term_string}\"},\"query-input\":\"required name=search_term_string\"}],\"inLanguage\":\"pl-PL\"},{\"@type\":\"ImageObject\",\"inLanguage\":\"pl-PL\",\"@id\":\"https:\/\/www.ogrodolszanica.pl\/index.php\/produkt\/hakonechloa-smukla-all-gold-hakonechloa\/#primaryimage\",\"url\":\"https:\/\/i0.wp.com\/www.ogrodolszanica.pl\/wp-content\/uploads\/2026\/02\/Hakonechloa-smukla-All-Gold-Hakonechloa-v1-scaled.jpg?fit=1928%2C2560&ssl=1\",\"contentUrl\":\"https:\/\/i0.wp.com\/www.ogrodolszanica.pl\/wp-content\/uploads\/2026\/02\/Hakonechloa-smukla-All-Gold-Hakonechloa-v1-scaled.jpg?fit=1928%2C2560&ssl=1\",\"width\":1928,\"height\":2560},{\"@type\":\"WebPage\",\"@id\":\"https:\/\/www.ogrodolszanica.pl\/index.php\/produkt\/hakonechloa-smukla-all-gold-hakonechloa\/#webpage\",\"url\":\"https:\/\/www.ogrodolszanica.pl\/index.php\/produkt\/hakonechloa-smukla-all-gold-hakonechloa\/\",\"name\":\"Hakonechloa smuk\u0142a All Gold Hakonechloa - Ogr&oacute;d Olszanica\",\"isPartOf\":{\"@id\":\"https:\/\/www.ogrodolszanica.pl\/#website\"},\"primaryImageOfPage\":{\"@id\":\"https:\/\/www.ogrodolszanica.pl\/index.php\/produkt\/hakonechloa-smukla-all-gold-hakonechloa\/#primaryimage\"},\"datePublished\":\"2026-02-23T14:36:28+00:00\",\"dateModified\":\"2026-03-03T17:25:35+00:00\",\"breadcrumb\":{\"@id\":\"https:\/\/www.ogrodolszanica.pl\/index.php\/produkt\/hakonechloa-smukla-all-gold-hakonechloa\/#breadcrumb\"},\"inLanguage\":\"pl-PL\",\"potentialAction\":[{\"@type\":\"ReadAction\",\"target\":[\"https:\/\/www.ogrodolszanica.pl\/index.php\/produkt\/hakonechloa-smukla-all-gold-hakonechloa\/\"]}]},{\"@type\":\"BreadcrumbList\",\"@id\":\"https:\/\/www.ogrodolszanica.pl\/index.php\/produkt\/hakonechloa-smukla-all-gold-hakonechloa\/#breadcrumb\",\"itemListElement\":[{\"@type\":\"ListItem\",\"position\":1,\"name\":\"Strona g\u0142\u00f3wna\",\"item\":\"https:\/\/www.ogrodolszanica.pl\/\"},{\"@type\":\"ListItem\",\"position\":2,\"name\":\"Produkty\",\"item\":\"https:\/\/www.ogrodolszanica.pl\/index.php\/shop\/\"},{\"@type\":\"ListItem\",\"position\":3,\"name\":\"Hakonechloa smuk\u0142a All Gold Hakonechloa\"}]}]}<\/script>\n<!-- \/ Yoast SEO plugin. -->","yoast_head_json":{"title":"Hakonechloa smuk\u0142a All Gold Hakonechloa - Ogr&oacute;d Olszanica","robots":{"index":"index","follow":"follow","max-snippet":"max-snippet:-1","max-image-preview":"max-image-preview:large","max-video-preview":"max-video-preview:-1"},"canonical":"https:\/\/www.ogrodolszanica.pl\/index.php\/produkt\/hakonechloa-smukla-all-gold-hakonechloa\/","og_locale":"pl_PL","og_type":"article","og_title":"Hakonechloa smuk\u0142a All Gold Hakonechloa - Ogr&oacute;d Olszanica","og_description":"Hakonechloa to bardzo rzadko spotykana trawa rodem z Japonii. Dorasta maksymalnie do 40 cm wysoko\u015bci tworz\u0105c malownicze, kaskadowe k\u0119py pi\u0119knie uk\u0142adaj\u0105cych si\u0119 szerokich li\u015bci. Odmiana 'All Gold&#8217; charakteryzuje si\u0119 z\u0142otym zabarwieniem ca\u0142ej powierzchni blaszki li\u015bciowej. Hakonechloa wytwarza szerokie li\u015bcie, bardzo podobne kszta\u0142tem i uk\u0142adem na kr\u00f3tkich p\u0119dach do li\u015bci bambusa. Hakonechloa to bardzo efektowny i &hellip; Hakonechloa smuk\u0142a All Gold Hakonechloa Read More &raquo;","og_url":"https:\/\/www.ogrodolszanica.pl\/index.php\/produkt\/hakonechloa-smukla-all-gold-hakonechloa\/","og_site_name":"Ogr&oacute;d Olszanica","article_publisher":"https:\/\/www.facebook.com\/Ogrd-Olszanica-100807179225223","article_modified_time":"2026-03-03T17:25:35+00:00","og_image":[{"width":1928,"height":2560,"url":"https:\/\/www.ogrodolszanica.pl\/wp-content\/uploads\/2026\/02\/Hakonechloa-smukla-All-Gold-Hakonechloa-v1-scaled.jpg","type":"image\/jpeg"}],"author":"admin","twitter_card":"summary_large_image","twitter_misc":{"Szacowany czas czytania":"1 minuta"},"schema":{"@context":"https:\/\/schema.org","@graph":[{"@type":"Organization","@id":"https:\/\/www.ogrodolszanica.pl\/#organization","name":"Ogr\u00f3d Olszanica - Krakowskie Centrum Ogrodnicze","url":"https:\/\/www.ogrodolszanica.pl\/","sameAs":["https:\/\/www.facebook.com\/Ogrd-Olszanica-100807179225223"],"logo":{"@type":"ImageObject","inLanguage":"pl-PL","@id":"https:\/\/www.ogrodolszanica.pl\/#\/schema\/logo\/image\/","url":"http:\/\/www.ogrodolszanica.pl\/wp-content\/uploads\/2022\/06\/Ogrod-Olszanica1-1.png","contentUrl":"http:\/\/www.ogrodolszanica.pl\/wp-content\/uploads\/2022\/06\/Ogrod-Olszanica1-1.png","width":180,"height":60,"caption":"Ogr\u00f3d Olszanica - Krakowskie Centrum Ogrodnicze"},"image":{"@id":"https:\/\/www.ogrodolszanica.pl\/#\/schema\/logo\/image\/"}},{"@type":"WebSite","@id":"https:\/\/www.ogrodolszanica.pl\/#website","url":"https:\/\/www.ogrodolszanica.pl\/","name":"Ogr&oacute;d Olszanica","description":"Centrum Ogrodnicze Krak&oacute;w","publisher":{"@id":"https:\/\/www.ogrodolszanica.pl\/#organization"},"potentialAction":[{"@type":"SearchAction","target":{"@type":"EntryPoint","urlTemplate":"https:\/\/www.ogrodolszanica.pl\/?s={search_term_string}"},"query-input":"required name=search_term_string"}],"inLanguage":"pl-PL"},{"@type":"ImageObject","inLanguage":"pl-PL","@id":"https:\/\/www.ogrodolszanica.pl\/index.php\/produkt\/hakonechloa-smukla-all-gold-hakonechloa\/#primaryimage","url":"https:\/\/i0.wp.com\/www.ogrodolszanica.pl\/wp-content\/uploads\/2026\/02\/Hakonechloa-smukla-All-Gold-Hakonechloa-v1-scaled.jpg?fit=1928%2C2560&ssl=1","contentUrl":"https:\/\/i0.wp.com\/www.ogrodolszanica.pl\/wp-content\/uploads\/2026\/02\/Hakonechloa-smukla-All-Gold-Hakonechloa-v1-scaled.jpg?fit=1928%2C2560&ssl=1","width":1928,"height":2560},{"@type":"WebPage","@id":"https:\/\/www.ogrodolszanica.pl\/index.php\/produkt\/hakonechloa-smukla-all-gold-hakonechloa\/#webpage","url":"https:\/\/www.ogrodolszanica.pl\/index.php\/produkt\/hakonechloa-smukla-all-gold-hakonechloa\/","name":"Hakonechloa smuk\u0142a All Gold Hakonechloa - Ogr&oacute;d Olszanica","isPartOf":{"@id":"https:\/\/www.ogrodolszanica.pl\/#website"},"primaryImageOfPage":{"@id":"https:\/\/www.ogrodolszanica.pl\/index.php\/produkt\/hakonechloa-smukla-all-gold-hakonechloa\/#primaryimage"},"datePublished":"2026-02-23T14:36:28+00:00","dateModified":"2026-03-03T17:25:35+00:00","breadcrumb":{"@id":"https:\/\/www.ogrodolszanica.pl\/index.php\/produkt\/hakonechloa-smukla-all-gold-hakonechloa\/#breadcrumb"},"inLanguage":"pl-PL","potentialAction":[{"@type":"ReadAction","target":["https:\/\/www.ogrodolszanica.pl\/index.php\/produkt\/hakonechloa-smukla-all-gold-hakonechloa\/"]}]},{"@type":"BreadcrumbList","@id":"https:\/\/www.ogrodolszanica.pl\/index.php\/produkt\/hakonechloa-smukla-all-gold-hakonechloa\/#breadcrumb","itemListElement":[{"@type":"ListItem","position":1,"name":"Strona g\u0142\u00f3wna","item":"https:\/\/www.ogrodolszanica.pl\/"},{"@type":"ListItem","position":2,"name":"Produkty","item":"https:\/\/www.ogrodolszanica.pl\/index.php\/shop\/"},{"@type":"ListItem","position":3,"name":"Hakonechloa smuk\u0142a All Gold Hakonechloa"}]}]}},"jetpack-related-posts":[{"id":2465,"url":"https:\/\/www.ogrodolszanica.pl\/index.php\/produkt\/hakonechloa-aureola\/","url_meta":{"origin":3239,"position":0},"title":"Hakonechloa macra Aureola","date":"28 sierpnia, 2023","format":false,"excerpt":"Hakonechloa 'Aurea' jest gatunkiem o ciekawym pokroju i ubarwieniu. Jej d\u0142ugie, szerokie li\u015bcie podobne do li\u015bci bambusa uk\u0142adaj\u0105 si\u0119 regularnie w zwiewne k\u0119py. Odmiana 'Aureola' cechuje si\u0119 z\u0142ocist\u0105 barw\u0105 li\u015bci z pod\u0142u\u017cnymi, zielonymi paskami wzd\u0142u\u017c brzeg\u00f3w. Dorasta do wysoko\u015bci oko\u0142o 30-40 cm, przy nieco wi\u0119kszej \u015brednicy, cechuje si\u0119 do\u015b\u0107 wolnym,\u2026","rel":"","context":"Similar post","img":{"alt_text":"","src":"https:\/\/i0.wp.com\/www.ogrodolszanica.pl\/wp-content\/uploads\/2023\/08\/Hakonechloa-macra-Aureola-scaled.jpg?fit=904%2C1200&ssl=1&resize=350%2C200","width":350,"height":200},"classes":[]},{"id":2497,"url":"https:\/\/www.ogrodolszanica.pl\/index.php\/produkt\/hakonechloa-mulled-wine\/","url_meta":{"origin":3239,"position":1},"title":"Hakonechloa Mulled Wine","date":"28 sierpnia, 2023","format":false,"excerpt":"Hakonechloa Mulled Wine rodzaj: Hakonechloa barwa: \u017b\u00f3\u0142to-czerwona szeroko\u015b\u0107: 30\u00a0cm wysoko\u015b\u0107: 15\u00a0cm wysoko\u015b\u0107 (kwitnienie): 20\u00a0cm kwitnienie: wrzesie\u0144 \u00f7 pa\u017adziernik stanowisko: p\u00f3\u0142cieniste Dobierz odpowiednie pod\u0142o\u017ce z wybranych produkt\u00f3w w naszym sklepie: Pod\u0142o\u017ca","rel":"","context":"Similar post","img":{"alt_text":"","src":"https:\/\/i0.wp.com\/www.ogrodolszanica.pl\/wp-content\/uploads\/2023\/08\/byliny-i-trawy_hakonechloa_74872_1.jpg?fit=650%2C486&ssl=1&resize=350%2C200","width":350,"height":200},"classes":[]},{"id":2677,"url":"https:\/\/www.ogrodolszanica.pl\/index.php\/produkt\/hakonechloa-greenhills\/","url_meta":{"origin":3239,"position":2},"title":"Hakonechloa Greenhills","date":"30 stycznia, 2024","format":false,"excerpt":"Hakonechloa Greenhills Atrakcyjna trawa ozdobna pochodz\u0105ca z Japonii o ciemnozielonych li\u015bciach. Tworzy szerokie k\u0119py. Najlepiej ro\u015bnie na stanowiskach wilgotnych, przepuszczalnych. Wygl\u0105da pi\u0119knie w donicach b\u0105d\u017a w kombinacji z innymi ro\u015blinami. W Polsce mo\u017ce nie by\u0107 w pe\u0142ni zimotrwa\u0142a, nale\u017cy zabezpieczy\u0107 ro\u015bliny na zim\u0119. rodzaj: Hakonechloa barwa: \u017b\u00f3\u0142to-zielona szeroko\u015b\u0107: 40\u00a0cm wysoko\u015b\u0107:\u2026","rel":"","context":"Similar post","img":{"alt_text":"","src":"https:\/\/i0.wp.com\/www.ogrodolszanica.pl\/wp-content\/uploads\/2024\/01\/hakonechloa-greenhills_75024_4.jpg?fit=650%2C467&ssl=1&resize=350%2C200","width":350,"height":200},"classes":[]},{"id":2946,"url":"https:\/\/www.ogrodolszanica.pl\/index.php\/produkt\/zurawka-beauty-colour\/","url_meta":{"origin":3239,"position":3},"title":"\u017burawka Beauty Colour","date":"30 wrze\u015bnia, 2024","format":false,"excerpt":"\u017burawka Heuchera Beauty Colour K\u0119piasta bylina o ozdobnych, wielobarwnych li\u015bciach. Ro\u015bnie szybko, osi\u0105ga 35-50 cm wysoko\u015bci. Li\u015bcie p\u00f3\u0142zimozielone, w kszta\u0142cie sercowate, lekko powcinane, do\u015b\u0107 du\u017ce, od spodu bordowe, od g\u00f3ry wielokolorowe: na brzegach jasnozielone i pofalowane, na \u015brodku srebrzyste, z wyra\u017anym, ciemnobordowym unerwieniem. M\u0142ode li\u015bcie s\u0105 ja\u015bniejsze, starsze ciemniejsze, ich\u2026","rel":"","context":"Similar post","img":{"alt_text":"","src":"https:\/\/i0.wp.com\/www.ogrodolszanica.pl\/wp-content\/uploads\/2024\/09\/Zurawka-Heuchera-Beauty-Colour-v1x-scaled.jpg?fit=903%2C1200&ssl=1&resize=350%2C200","width":350,"height":200},"classes":[]},{"id":2620,"url":"https:\/\/www.ogrodolszanica.pl\/index.php\/produkt\/zawciag-splendens\/","url_meta":{"origin":3239,"position":4},"title":"Zawci\u0105g nadmorski Splendens","date":"29 stycznia, 2024","format":false,"excerpt":"Zawci\u0105g nadmorski Splendens Armeria maritima Zawci\u0105g nadmorski tworzy zwarte, soczysto zielone poduchy z\u0142o\u017cone z w\u0105skich li\u015bci. W maju nad k\u0119py li\u015bci w masowych ilo\u015bciach wyrastaj\u0105 pi\u0119kne ciemnor\u00f3\u017cowe kwiatostany na kr\u00f3tkich \u0142ody\u017ckach. Wysoko\u015b\u0107 ro\u015blin w momencie kwitnienia nie przekracza zwykle 20 cm. W kolejnych miesi\u0105cach kwiaty r\u00f3wnie\u017c pojawiaj\u0105 si\u0119, ale w\u2026","rel":"","context":"Similar post","img":{"alt_text":"","src":"https:\/\/i0.wp.com\/www.ogrodolszanica.pl\/wp-content\/uploads\/2024\/01\/byliny-i-trawy_armeria_79855_1.jpg?fit=200%2C200&ssl=1&resize=350%2C200","width":350,"height":200},"classes":[]},{"id":3617,"url":"https:\/\/www.ogrodolszanica.pl\/index.php\/produkt\/rozchodnik-kamczacki-variegatum\/","url_meta":{"origin":3239,"position":5},"title":"Rozchodnik kamczacki Variegatum","date":"2 marca, 2026","format":false,"excerpt":"Rozchodnik kamczacki Variegatum Sedum kamtschaticum Ciekawa, wielobarwna odmiana rozchodnika! Tworzy g\u0119sto rozkrzewione k\u0119py o lu\u017anych p\u0119dach i mi\u0119sistych, kremowo obrze\u017conych li\u015bciach. Na uwag\u0119 zas\u0142uguje opr\u00f3cz ozdobnych li\u015bci tak\u017ce kwitnienie. Latem, zwykle od czerwca do sierpnia, rozchodnik kamczacki wytwarza obficie \u017c\u00f3\u0142te kwiatostany, kt\u00f3re w ko\u0144cowej fazie kwitnienia przekszta\u0142caj\u0105 si\u0119 w gwiazdkowate\u2026","rel":"","context":"Similar post","img":{"alt_text":"","src":"https:\/\/i0.wp.com\/www.ogrodolszanica.pl\/wp-content\/uploads\/2026\/03\/Rozchodnik-kamczacki-Variegatum-v2-scaled.jpg?fit=904%2C1200&ssl=1&resize=350%2C200","width":350,"height":200},"classes":[]}],"_links":{"self":[{"href":"https:\/\/www.ogrodolszanica.pl\/index.php\/wp-json\/wp\/v2\/product\/3239","targetHints":{"allow":["GET"]}}],"collection":[{"href":"https:\/\/www.ogrodolszanica.pl\/index.php\/wp-json\/wp\/v2\/product"}],"about":[{"href":"https:\/\/www.ogrodolszanica.pl\/index.php\/wp-json\/wp\/v2\/types\/product"}],"replies":[{"embeddable":true,"href":"https:\/\/www.ogrodolszanica.pl\/index.php\/wp-json\/wp\/v2\/comments?post=3239"}],"wp:featuredmedia":[{"embeddable":true,"href":"https:\/\/www.ogrodolszanica.pl\/index.php\/wp-json\/wp\/v2\/media\/3240"}],"wp:attachment":[{"href":"https:\/\/www.ogrodolszanica.pl\/index.php\/wp-json\/wp\/v2\/media?parent=3239"}],"wp:term":[{"taxonomy":"product_cat","embeddable":true,"href":"https:\/\/www.ogrodolszanica.pl\/index.php\/wp-json\/wp\/v2\/product_cat?post=3239"},{"taxonomy":"product_tag","embeddable":true,"href":"https:\/\/www.ogrodolszanica.pl\/index.php\/wp-json\/wp\/v2\/product_tag?post=3239"}],"curies":[{"name":"wp","href":"https:\/\/api.w.org\/{rel}","templated":true}]}}