{"id":3190,"date":"2026-02-23T10:09:32","date_gmt":"2026-02-23T10:09:32","guid":{"rendered":"https:\/\/www.ogrodolszanica.pl\/?post_type=product&#038;p=3190"},"modified":"2026-02-23T10:09:33","modified_gmt":"2026-02-23T10:09:33","slug":"zylka-tnaca-gwiazda-30mm-15m","status":"publish","type":"product","link":"https:\/\/www.ogrodolszanica.pl\/index.php\/produkt\/zylka-tnaca-gwiazda-30mm-15m\/","title":{"rendered":"\u017by\u0142ka tn\u0105ca gwiazda 3,0mm 15m"},"content":{"rendered":"<h1 style=\"text-align: center;\">\u017by\u0142ka tn\u0105ca gwiazda 3,0mm 15m<\/h1>\n<h2 style=\"text-align: center;\">VR-7329<\/h2>\n<p style=\"text-align: center;\">Charakterystyka produktu:<\/p>\n<p style=\"text-align: center;\">\u2013 do wykaszarek, podkaszarek r\u0119cznych, kos spalinowych i elektrycznych<\/p>\n<p style=\"text-align: center;\">\u2013 \u017cy\u0142ka typu gwiazdka<\/p>\n","protected":false},"excerpt":{"rendered":"<p>\u017by\u0142ka tn\u0105ca gwiazda 3,0mm 15m VR-7329 Charakterystyka produktu: \u2013 do wykaszarek, podkaszarek r\u0119cznych, kos spalinowych i elektrycznych \u2013 \u017cy\u0142ka typu gwiazdka<\/p>\n","protected":false},"featured_media":3153,"comment_status":"open","ping_status":"closed","template":"","meta":{"site-sidebar-layout":"default","site-content-layout":"default","ast-global-header-display":"","ast-main-header-display":"","ast-hfb-above-header-display":"","ast-hfb-below-header-display":"","ast-hfb-mobile-header-display":"","site-post-title":"","ast-breadcrumbs-content":"","ast-featured-img":"","footer-sml-layout":"","theme-transparent-header-meta":"default","adv-header-id-meta":"","stick-header-meta":"","header-above-stick-meta":"","header-main-stick-meta":"","header-below-stick-meta":"","spay_email":""},"product_cat":[42],"product_tag":[],"class_list":["post-3190","product","type-product","status-publish","has-post-thumbnail","hentry","product_cat-zylki"],"yoast_head":"<!-- This site is optimized with the Yoast SEO plugin v19.2 - https:\/\/yoast.com\/wordpress\/plugins\/seo\/ -->\n<title>\u017by\u0142ka tn\u0105ca gwiazda 3,0mm 15m - Ogr&oacute;d Olszanica<\/title>\n<meta name=\"robots\" content=\"index, follow, max-snippet:-1, max-image-preview:large, max-video-preview:-1\" \/>\n<link rel=\"canonical\" href=\"https:\/\/www.ogrodolszanica.pl\/index.php\/produkt\/zylka-tnaca-gwiazda-30mm-15m\/\" \/>\n<meta property=\"og:locale\" content=\"pl_PL\" \/>\n<meta property=\"og:type\" content=\"article\" \/>\n<meta property=\"og:title\" content=\"\u017by\u0142ka tn\u0105ca gwiazda 3,0mm 15m - Ogr&oacute;d Olszanica\" \/>\n<meta property=\"og:description\" content=\"\u017by\u0142ka tn\u0105ca gwiazda 3,0mm 15m VR-7329 Charakterystyka produktu: \u2013 do wykaszarek, podkaszarek r\u0119cznych, kos spalinowych i elektrycznych \u2013 \u017cy\u0142ka typu gwiazdka\" \/>\n<meta property=\"og:url\" content=\"https:\/\/www.ogrodolszanica.pl\/index.php\/produkt\/zylka-tnaca-gwiazda-30mm-15m\/\" \/>\n<meta property=\"og:site_name\" content=\"Ogr&oacute;d Olszanica\" \/>\n<meta property=\"article:publisher\" content=\"https:\/\/www.facebook.com\/Ogrd-Olszanica-100807179225223\" \/>\n<meta property=\"article:modified_time\" content=\"2026-02-23T10:09:33+00:00\" \/>\n<meta property=\"og:image\" content=\"https:\/\/www.ogrodolszanica.pl\/wp-content\/uploads\/2026\/02\/zylka-3.0-mm-15m-VR-7329-scaled.jpg\" \/>\n\t<meta property=\"og:image:width\" content=\"2560\" \/>\n\t<meta property=\"og:image:height\" content=\"2289\" \/>\n\t<meta property=\"og:image:type\" content=\"image\/jpeg\" \/>\n<meta name=\"author\" content=\"admin\" \/>\n<meta name=\"twitter:card\" content=\"summary_large_image\" \/>\n<script type=\"application\/ld+json\" class=\"yoast-schema-graph\">{\"@context\":\"https:\/\/schema.org\",\"@graph\":[{\"@type\":\"Organization\",\"@id\":\"https:\/\/www.ogrodolszanica.pl\/#organization\",\"name\":\"Ogr\u00f3d Olszanica - Krakowskie Centrum Ogrodnicze\",\"url\":\"https:\/\/www.ogrodolszanica.pl\/\",\"sameAs\":[\"https:\/\/www.facebook.com\/Ogrd-Olszanica-100807179225223\"],\"logo\":{\"@type\":\"ImageObject\",\"inLanguage\":\"pl-PL\",\"@id\":\"https:\/\/www.ogrodolszanica.pl\/#\/schema\/logo\/image\/\",\"url\":\"http:\/\/www.ogrodolszanica.pl\/wp-content\/uploads\/2022\/06\/Ogrod-Olszanica1-1.png\",\"contentUrl\":\"http:\/\/www.ogrodolszanica.pl\/wp-content\/uploads\/2022\/06\/Ogrod-Olszanica1-1.png\",\"width\":180,\"height\":60,\"caption\":\"Ogr\u00f3d Olszanica - Krakowskie Centrum Ogrodnicze\"},\"image\":{\"@id\":\"https:\/\/www.ogrodolszanica.pl\/#\/schema\/logo\/image\/\"}},{\"@type\":\"WebSite\",\"@id\":\"https:\/\/www.ogrodolszanica.pl\/#website\",\"url\":\"https:\/\/www.ogrodolszanica.pl\/\",\"name\":\"Ogr&oacute;d Olszanica\",\"description\":\"Centrum Ogrodnicze Krak&oacute;w\",\"publisher\":{\"@id\":\"https:\/\/www.ogrodolszanica.pl\/#organization\"},\"potentialAction\":[{\"@type\":\"SearchAction\",\"target\":{\"@type\":\"EntryPoint\",\"urlTemplate\":\"https:\/\/www.ogrodolszanica.pl\/?s={search_term_string}\"},\"query-input\":\"required name=search_term_string\"}],\"inLanguage\":\"pl-PL\"},{\"@type\":\"ImageObject\",\"inLanguage\":\"pl-PL\",\"@id\":\"https:\/\/www.ogrodolszanica.pl\/index.php\/produkt\/zylka-tnaca-gwiazda-30mm-15m\/#primaryimage\",\"url\":\"https:\/\/i0.wp.com\/www.ogrodolszanica.pl\/wp-content\/uploads\/2026\/02\/zylka-3.0-mm-15m-VR-7329-scaled.jpg?fit=2560%2C2289&ssl=1\",\"contentUrl\":\"https:\/\/i0.wp.com\/www.ogrodolszanica.pl\/wp-content\/uploads\/2026\/02\/zylka-3.0-mm-15m-VR-7329-scaled.jpg?fit=2560%2C2289&ssl=1\",\"width\":2560,\"height\":2289},{\"@type\":\"WebPage\",\"@id\":\"https:\/\/www.ogrodolszanica.pl\/index.php\/produkt\/zylka-tnaca-gwiazda-30mm-15m\/#webpage\",\"url\":\"https:\/\/www.ogrodolszanica.pl\/index.php\/produkt\/zylka-tnaca-gwiazda-30mm-15m\/\",\"name\":\"\u017by\u0142ka tn\u0105ca gwiazda 3,0mm 15m - Ogr&oacute;d Olszanica\",\"isPartOf\":{\"@id\":\"https:\/\/www.ogrodolszanica.pl\/#website\"},\"primaryImageOfPage\":{\"@id\":\"https:\/\/www.ogrodolszanica.pl\/index.php\/produkt\/zylka-tnaca-gwiazda-30mm-15m\/#primaryimage\"},\"datePublished\":\"2026-02-23T10:09:32+00:00\",\"dateModified\":\"2026-02-23T10:09:33+00:00\",\"breadcrumb\":{\"@id\":\"https:\/\/www.ogrodolszanica.pl\/index.php\/produkt\/zylka-tnaca-gwiazda-30mm-15m\/#breadcrumb\"},\"inLanguage\":\"pl-PL\",\"potentialAction\":[{\"@type\":\"ReadAction\",\"target\":[\"https:\/\/www.ogrodolszanica.pl\/index.php\/produkt\/zylka-tnaca-gwiazda-30mm-15m\/\"]}]},{\"@type\":\"BreadcrumbList\",\"@id\":\"https:\/\/www.ogrodolszanica.pl\/index.php\/produkt\/zylka-tnaca-gwiazda-30mm-15m\/#breadcrumb\",\"itemListElement\":[{\"@type\":\"ListItem\",\"position\":1,\"name\":\"Strona g\u0142\u00f3wna\",\"item\":\"https:\/\/www.ogrodolszanica.pl\/\"},{\"@type\":\"ListItem\",\"position\":2,\"name\":\"Produkty\",\"item\":\"https:\/\/www.ogrodolszanica.pl\/index.php\/shop\/\"},{\"@type\":\"ListItem\",\"position\":3,\"name\":\"\u017by\u0142ka tn\u0105ca gwiazda 3,0mm 15m\"}]}]}<\/script>\n<!-- \/ Yoast SEO plugin. -->","yoast_head_json":{"title":"\u017by\u0142ka tn\u0105ca gwiazda 3,0mm 15m - Ogr&oacute;d Olszanica","robots":{"index":"index","follow":"follow","max-snippet":"max-snippet:-1","max-image-preview":"max-image-preview:large","max-video-preview":"max-video-preview:-1"},"canonical":"https:\/\/www.ogrodolszanica.pl\/index.php\/produkt\/zylka-tnaca-gwiazda-30mm-15m\/","og_locale":"pl_PL","og_type":"article","og_title":"\u017by\u0142ka tn\u0105ca gwiazda 3,0mm 15m - Ogr&oacute;d Olszanica","og_description":"\u017by\u0142ka tn\u0105ca gwiazda 3,0mm 15m VR-7329 Charakterystyka produktu: \u2013 do wykaszarek, podkaszarek r\u0119cznych, kos spalinowych i elektrycznych \u2013 \u017cy\u0142ka typu gwiazdka","og_url":"https:\/\/www.ogrodolszanica.pl\/index.php\/produkt\/zylka-tnaca-gwiazda-30mm-15m\/","og_site_name":"Ogr&oacute;d Olszanica","article_publisher":"https:\/\/www.facebook.com\/Ogrd-Olszanica-100807179225223","article_modified_time":"2026-02-23T10:09:33+00:00","og_image":[{"width":2560,"height":2289,"url":"https:\/\/www.ogrodolszanica.pl\/wp-content\/uploads\/2026\/02\/zylka-3.0-mm-15m-VR-7329-scaled.jpg","type":"image\/jpeg"}],"author":"admin","twitter_card":"summary_large_image","schema":{"@context":"https:\/\/schema.org","@graph":[{"@type":"Organization","@id":"https:\/\/www.ogrodolszanica.pl\/#organization","name":"Ogr\u00f3d Olszanica - Krakowskie Centrum Ogrodnicze","url":"https:\/\/www.ogrodolszanica.pl\/","sameAs":["https:\/\/www.facebook.com\/Ogrd-Olszanica-100807179225223"],"logo":{"@type":"ImageObject","inLanguage":"pl-PL","@id":"https:\/\/www.ogrodolszanica.pl\/#\/schema\/logo\/image\/","url":"http:\/\/www.ogrodolszanica.pl\/wp-content\/uploads\/2022\/06\/Ogrod-Olszanica1-1.png","contentUrl":"http:\/\/www.ogrodolszanica.pl\/wp-content\/uploads\/2022\/06\/Ogrod-Olszanica1-1.png","width":180,"height":60,"caption":"Ogr\u00f3d Olszanica - Krakowskie Centrum Ogrodnicze"},"image":{"@id":"https:\/\/www.ogrodolszanica.pl\/#\/schema\/logo\/image\/"}},{"@type":"WebSite","@id":"https:\/\/www.ogrodolszanica.pl\/#website","url":"https:\/\/www.ogrodolszanica.pl\/","name":"Ogr&oacute;d Olszanica","description":"Centrum Ogrodnicze Krak&oacute;w","publisher":{"@id":"https:\/\/www.ogrodolszanica.pl\/#organization"},"potentialAction":[{"@type":"SearchAction","target":{"@type":"EntryPoint","urlTemplate":"https:\/\/www.ogrodolszanica.pl\/?s={search_term_string}"},"query-input":"required name=search_term_string"}],"inLanguage":"pl-PL"},{"@type":"ImageObject","inLanguage":"pl-PL","@id":"https:\/\/www.ogrodolszanica.pl\/index.php\/produkt\/zylka-tnaca-gwiazda-30mm-15m\/#primaryimage","url":"https:\/\/i0.wp.com\/www.ogrodolszanica.pl\/wp-content\/uploads\/2026\/02\/zylka-3.0-mm-15m-VR-7329-scaled.jpg?fit=2560%2C2289&ssl=1","contentUrl":"https:\/\/i0.wp.com\/www.ogrodolszanica.pl\/wp-content\/uploads\/2026\/02\/zylka-3.0-mm-15m-VR-7329-scaled.jpg?fit=2560%2C2289&ssl=1","width":2560,"height":2289},{"@type":"WebPage","@id":"https:\/\/www.ogrodolszanica.pl\/index.php\/produkt\/zylka-tnaca-gwiazda-30mm-15m\/#webpage","url":"https:\/\/www.ogrodolszanica.pl\/index.php\/produkt\/zylka-tnaca-gwiazda-30mm-15m\/","name":"\u017by\u0142ka tn\u0105ca gwiazda 3,0mm 15m - Ogr&oacute;d Olszanica","isPartOf":{"@id":"https:\/\/www.ogrodolszanica.pl\/#website"},"primaryImageOfPage":{"@id":"https:\/\/www.ogrodolszanica.pl\/index.php\/produkt\/zylka-tnaca-gwiazda-30mm-15m\/#primaryimage"},"datePublished":"2026-02-23T10:09:32+00:00","dateModified":"2026-02-23T10:09:33+00:00","breadcrumb":{"@id":"https:\/\/www.ogrodolszanica.pl\/index.php\/produkt\/zylka-tnaca-gwiazda-30mm-15m\/#breadcrumb"},"inLanguage":"pl-PL","potentialAction":[{"@type":"ReadAction","target":["https:\/\/www.ogrodolszanica.pl\/index.php\/produkt\/zylka-tnaca-gwiazda-30mm-15m\/"]}]},{"@type":"BreadcrumbList","@id":"https:\/\/www.ogrodolszanica.pl\/index.php\/produkt\/zylka-tnaca-gwiazda-30mm-15m\/#breadcrumb","itemListElement":[{"@type":"ListItem","position":1,"name":"Strona g\u0142\u00f3wna","item":"https:\/\/www.ogrodolszanica.pl\/"},{"@type":"ListItem","position":2,"name":"Produkty","item":"https:\/\/www.ogrodolszanica.pl\/index.php\/shop\/"},{"@type":"ListItem","position":3,"name":"\u017by\u0142ka tn\u0105ca gwiazda 3,0mm 15m"}]}]}},"jetpack-related-posts":[{"id":3188,"url":"https:\/\/www.ogrodolszanica.pl\/index.php\/produkt\/zylka-tnaca-gwiazda-13mm-x-15m-verkatto\/","url_meta":{"origin":3190,"position":0},"title":"\u017by\u0142ka tn\u0105ca gwiazda 1,3mm x 15m Verkatto","date":"23 lutego, 2026","format":false,"excerpt":"\u017by\u0142ka tn\u0105ca gwiazda 1.3mm 15m VR-7325 Charakterystyka produktu: \u2013 do wykaszarek, podkaszarek r\u0119cznych, kos spalinowych i elektrycznych \u2013 \u017cy\u0142ka typu gwiazdka","rel":"","context":"Similar post","img":{"alt_text":"","src":"https:\/\/i0.wp.com\/www.ogrodolszanica.pl\/wp-content\/uploads\/2026\/02\/zylka-1.3mm-15m-VR-7325-scaled.jpg?fit=1200%2C876&ssl=1&resize=350%2C200","width":350,"height":200},"classes":[]},{"id":3189,"url":"https:\/\/www.ogrodolszanica.pl\/index.php\/produkt\/zylka-tnaca-gwiazda-16mm-x-15m-verkatto\/","url_meta":{"origin":3190,"position":1},"title":"\u017by\u0142ka tn\u0105ca gwiazda 1,6mm x 15m Verkatto","date":"23 lutego, 2026","format":false,"excerpt":"\u017by\u0142ka tn\u0105ca gwiazda 1,6mm 15m VR-7326 Charakterystyka produktu: \u2013 do wykaszarek, podkaszarek r\u0119cznych, kos spalinowych i elektrycznych \u2013 \u017cy\u0142ka typu gwiazdka","rel":"","context":"Similar post","img":{"alt_text":"","src":"https:\/\/i0.wp.com\/www.ogrodolszanica.pl\/wp-content\/uploads\/2026\/02\/zylka-1.6mm-15m-VR-7326-scaled.jpg?fit=1200%2C1085&ssl=1&resize=350%2C200","width":350,"height":200},"classes":[]},{"id":4029,"url":"https:\/\/www.ogrodolszanica.pl\/index.php\/produkt\/drut-ogrodniczy-30-m-powlekany\/","url_meta":{"origin":3190,"position":2},"title":"Drut ogrodniczy 30 m powlekany","date":"4 marca, 2026","format":false,"excerpt":"Drut ogrodniczy 30 m powlekany RIM KOWALCZYK D\u0142ugo\u015b\u0107 (w m): 30 \u015arednica drutu (w mm): 0.3 \u015arednica \u017cy\u0142y z os\u0142on\u0105 (w mm): 2 Materia\u0142 drutu: Stal galwanizowana z plastikow\u0105 pow\u0142ok\u0105 Kolor: Zielony Drut ogrodniczy p\u0142aski powlekany PVC s\u0142u\u017cy do podwi\u0105zywania pn\u0105czy, ga\u0142\u0119zi drzew, krzew\u00f3w , \u0142odyg kwiat\u00f3w oraz warzyw. Otulina\u2026","rel":"","context":"Similar post","img":{"alt_text":"","src":"https:\/\/i0.wp.com\/www.ogrodolszanica.pl\/wp-content\/uploads\/2026\/03\/IMG20260303163520-scaled.jpg?fit=904%2C1200&ssl=1&resize=350%2C200","width":350,"height":200},"classes":[]}],"_links":{"self":[{"href":"https:\/\/www.ogrodolszanica.pl\/index.php\/wp-json\/wp\/v2\/product\/3190","targetHints":{"allow":["GET"]}}],"collection":[{"href":"https:\/\/www.ogrodolszanica.pl\/index.php\/wp-json\/wp\/v2\/product"}],"about":[{"href":"https:\/\/www.ogrodolszanica.pl\/index.php\/wp-json\/wp\/v2\/types\/product"}],"replies":[{"embeddable":true,"href":"https:\/\/www.ogrodolszanica.pl\/index.php\/wp-json\/wp\/v2\/comments?post=3190"}],"wp:featuredmedia":[{"embeddable":true,"href":"https:\/\/www.ogrodolszanica.pl\/index.php\/wp-json\/wp\/v2\/media\/3153"}],"wp:attachment":[{"href":"https:\/\/www.ogrodolszanica.pl\/index.php\/wp-json\/wp\/v2\/media?parent=3190"}],"wp:term":[{"taxonomy":"product_cat","embeddable":true,"href":"https:\/\/www.ogrodolszanica.pl\/index.php\/wp-json\/wp\/v2\/product_cat?post=3190"},{"taxonomy":"product_tag","embeddable":true,"href":"https:\/\/www.ogrodolszanica.pl\/index.php\/wp-json\/wp\/v2\/product_tag?post=3190"}],"curies":[{"name":"wp","href":"https:\/\/api.w.org\/{rel}","templated":true}]}}