{"id":3185,"date":"2026-02-23T10:04:09","date_gmt":"2026-02-23T10:04:09","guid":{"rendered":"https:\/\/www.ogrodolszanica.pl\/?post_type=product&#038;p=3185"},"modified":"2026-02-23T10:04:09","modified_gmt":"2026-02-23T10:04:09","slug":"grabki-z-drewniana-raczka-ogrodowe-male","status":"publish","type":"product","link":"https:\/\/www.ogrodolszanica.pl\/index.php\/produkt\/grabki-z-drewniana-raczka-ogrodowe-male\/","title":{"rendered":"Grabki z drewnian\u0105 r\u0105czk\u0105 ogrodowe ma\u0142e"},"content":{"rendered":"<h1 style=\"text-align: center;\">Grabki z drewnian\u0105 r\u0105czk\u0105 ogrodowe<\/h1>\n<h2 style=\"text-align: center;\">VR-7292<\/h2>\n<p style=\"text-align: center;\">Charakterystyka produktu:<\/p>\n<p style=\"text-align: center;\">\u2013 wykonane z wysokiej jako\u015bci stali<\/p>\n<p style=\"text-align: center;\">\u2013 wyposa\u017cone drewniany uchwyt<\/p>\n<p style=\"text-align: center;\">\u2013 stosowany do grabienia i spulchniania ziemi pomi\u0119dzy g\u0119sto rosn\u0105cymi ro\u015blinami<\/p>\n","protected":false},"excerpt":{"rendered":"<p>Grabki z drewnian\u0105 r\u0105czk\u0105 ogrodowe VR-7292 Charakterystyka produktu: \u2013 wykonane z wysokiej jako\u015bci stali \u2013 wyposa\u017cone drewniany uchwyt \u2013 stosowany do grabienia i spulchniania ziemi pomi\u0119dzy g\u0119sto rosn\u0105cymi ro\u015blinami<\/p>\n","protected":false},"featured_media":3054,"comment_status":"open","ping_status":"closed","template":"","meta":{"site-sidebar-layout":"default","site-content-layout":"default","ast-global-header-display":"","ast-main-header-display":"","ast-hfb-above-header-display":"","ast-hfb-below-header-display":"","ast-hfb-mobile-header-display":"","site-post-title":"","ast-breadcrumbs-content":"","ast-featured-img":"","footer-sml-layout":"","theme-transparent-header-meta":"default","adv-header-id-meta":"","stick-header-meta":"","header-above-stick-meta":"","header-main-stick-meta":"","header-below-stick-meta":"","spay_email":""},"product_cat":[44],"product_tag":[],"class_list":["post-3185","product","type-product","status-publish","has-post-thumbnail","hentry","product_cat-male-narzedzia"],"yoast_head":"<!-- This site is optimized with the Yoast SEO plugin v19.2 - https:\/\/yoast.com\/wordpress\/plugins\/seo\/ -->\n<title>Grabki z drewnian\u0105 r\u0105czk\u0105 ogrodowe ma\u0142e - Ogr&oacute;d Olszanica<\/title>\n<meta name=\"robots\" content=\"index, follow, max-snippet:-1, max-image-preview:large, max-video-preview:-1\" \/>\n<link rel=\"canonical\" href=\"https:\/\/www.ogrodolszanica.pl\/index.php\/produkt\/grabki-z-drewniana-raczka-ogrodowe-male\/\" \/>\n<meta property=\"og:locale\" content=\"pl_PL\" \/>\n<meta property=\"og:type\" content=\"article\" \/>\n<meta property=\"og:title\" content=\"Grabki z drewnian\u0105 r\u0105czk\u0105 ogrodowe ma\u0142e - Ogr&oacute;d Olszanica\" \/>\n<meta property=\"og:description\" content=\"Grabki z drewnian\u0105 r\u0105czk\u0105 ogrodowe VR-7292 Charakterystyka produktu: \u2013 wykonane z wysokiej jako\u015bci stali \u2013 wyposa\u017cone drewniany uchwyt \u2013 stosowany do grabienia i spulchniania ziemi pomi\u0119dzy g\u0119sto rosn\u0105cymi ro\u015blinami\" \/>\n<meta property=\"og:url\" content=\"https:\/\/www.ogrodolszanica.pl\/index.php\/produkt\/grabki-z-drewniana-raczka-ogrodowe-male\/\" \/>\n<meta property=\"og:site_name\" content=\"Ogr&oacute;d Olszanica\" \/>\n<meta property=\"article:publisher\" content=\"https:\/\/www.facebook.com\/Ogrd-Olszanica-100807179225223\" \/>\n<meta property=\"og:image\" content=\"https:\/\/www.ogrodolszanica.pl\/wp-content\/uploads\/2026\/02\/grabki-z-drewniana-raczka-VR-7292-v3-scaled.jpg\" \/>\n\t<meta property=\"og:image:width\" content=\"2560\" \/>\n\t<meta property=\"og:image:height\" content=\"2454\" \/>\n\t<meta property=\"og:image:type\" content=\"image\/jpeg\" \/>\n<meta name=\"author\" content=\"admin\" \/>\n<meta name=\"twitter:card\" content=\"summary_large_image\" \/>\n<script type=\"application\/ld+json\" class=\"yoast-schema-graph\">{\"@context\":\"https:\/\/schema.org\",\"@graph\":[{\"@type\":\"Organization\",\"@id\":\"https:\/\/www.ogrodolszanica.pl\/#organization\",\"name\":\"Ogr\u00f3d Olszanica - Krakowskie Centrum Ogrodnicze\",\"url\":\"https:\/\/www.ogrodolszanica.pl\/\",\"sameAs\":[\"https:\/\/www.facebook.com\/Ogrd-Olszanica-100807179225223\"],\"logo\":{\"@type\":\"ImageObject\",\"inLanguage\":\"pl-PL\",\"@id\":\"https:\/\/www.ogrodolszanica.pl\/#\/schema\/logo\/image\/\",\"url\":\"http:\/\/www.ogrodolszanica.pl\/wp-content\/uploads\/2022\/06\/Ogrod-Olszanica1-1.png\",\"contentUrl\":\"http:\/\/www.ogrodolszanica.pl\/wp-content\/uploads\/2022\/06\/Ogrod-Olszanica1-1.png\",\"width\":180,\"height\":60,\"caption\":\"Ogr\u00f3d Olszanica - Krakowskie Centrum Ogrodnicze\"},\"image\":{\"@id\":\"https:\/\/www.ogrodolszanica.pl\/#\/schema\/logo\/image\/\"}},{\"@type\":\"WebSite\",\"@id\":\"https:\/\/www.ogrodolszanica.pl\/#website\",\"url\":\"https:\/\/www.ogrodolszanica.pl\/\",\"name\":\"Ogr&oacute;d Olszanica\",\"description\":\"Centrum Ogrodnicze Krak&oacute;w\",\"publisher\":{\"@id\":\"https:\/\/www.ogrodolszanica.pl\/#organization\"},\"potentialAction\":[{\"@type\":\"SearchAction\",\"target\":{\"@type\":\"EntryPoint\",\"urlTemplate\":\"https:\/\/www.ogrodolszanica.pl\/?s={search_term_string}\"},\"query-input\":\"required name=search_term_string\"}],\"inLanguage\":\"pl-PL\"},{\"@type\":\"ImageObject\",\"inLanguage\":\"pl-PL\",\"@id\":\"https:\/\/www.ogrodolszanica.pl\/index.php\/produkt\/grabki-z-drewniana-raczka-ogrodowe-male\/#primaryimage\",\"url\":\"https:\/\/i0.wp.com\/www.ogrodolszanica.pl\/wp-content\/uploads\/2026\/02\/grabki-z-drewniana-raczka-VR-7292-v3-scaled.jpg?fit=2560%2C2454&ssl=1\",\"contentUrl\":\"https:\/\/i0.wp.com\/www.ogrodolszanica.pl\/wp-content\/uploads\/2026\/02\/grabki-z-drewniana-raczka-VR-7292-v3-scaled.jpg?fit=2560%2C2454&ssl=1\",\"width\":2560,\"height\":2454},{\"@type\":\"WebPage\",\"@id\":\"https:\/\/www.ogrodolszanica.pl\/index.php\/produkt\/grabki-z-drewniana-raczka-ogrodowe-male\/#webpage\",\"url\":\"https:\/\/www.ogrodolszanica.pl\/index.php\/produkt\/grabki-z-drewniana-raczka-ogrodowe-male\/\",\"name\":\"Grabki z drewnian\u0105 r\u0105czk\u0105 ogrodowe ma\u0142e - Ogr&oacute;d Olszanica\",\"isPartOf\":{\"@id\":\"https:\/\/www.ogrodolszanica.pl\/#website\"},\"primaryImageOfPage\":{\"@id\":\"https:\/\/www.ogrodolszanica.pl\/index.php\/produkt\/grabki-z-drewniana-raczka-ogrodowe-male\/#primaryimage\"},\"datePublished\":\"2026-02-23T10:04:09+00:00\",\"dateModified\":\"2026-02-23T10:04:09+00:00\",\"breadcrumb\":{\"@id\":\"https:\/\/www.ogrodolszanica.pl\/index.php\/produkt\/grabki-z-drewniana-raczka-ogrodowe-male\/#breadcrumb\"},\"inLanguage\":\"pl-PL\",\"potentialAction\":[{\"@type\":\"ReadAction\",\"target\":[\"https:\/\/www.ogrodolszanica.pl\/index.php\/produkt\/grabki-z-drewniana-raczka-ogrodowe-male\/\"]}]},{\"@type\":\"BreadcrumbList\",\"@id\":\"https:\/\/www.ogrodolszanica.pl\/index.php\/produkt\/grabki-z-drewniana-raczka-ogrodowe-male\/#breadcrumb\",\"itemListElement\":[{\"@type\":\"ListItem\",\"position\":1,\"name\":\"Strona g\u0142\u00f3wna\",\"item\":\"https:\/\/www.ogrodolszanica.pl\/\"},{\"@type\":\"ListItem\",\"position\":2,\"name\":\"Produkty\",\"item\":\"https:\/\/www.ogrodolszanica.pl\/index.php\/shop\/\"},{\"@type\":\"ListItem\",\"position\":3,\"name\":\"Grabki z drewnian\u0105 r\u0105czk\u0105 ogrodowe ma\u0142e\"}]}]}<\/script>\n<!-- \/ Yoast SEO plugin. -->","yoast_head_json":{"title":"Grabki z drewnian\u0105 r\u0105czk\u0105 ogrodowe ma\u0142e - Ogr&oacute;d Olszanica","robots":{"index":"index","follow":"follow","max-snippet":"max-snippet:-1","max-image-preview":"max-image-preview:large","max-video-preview":"max-video-preview:-1"},"canonical":"https:\/\/www.ogrodolszanica.pl\/index.php\/produkt\/grabki-z-drewniana-raczka-ogrodowe-male\/","og_locale":"pl_PL","og_type":"article","og_title":"Grabki z drewnian\u0105 r\u0105czk\u0105 ogrodowe ma\u0142e - Ogr&oacute;d Olszanica","og_description":"Grabki z drewnian\u0105 r\u0105czk\u0105 ogrodowe VR-7292 Charakterystyka produktu: \u2013 wykonane z wysokiej jako\u015bci stali \u2013 wyposa\u017cone drewniany uchwyt \u2013 stosowany do grabienia i spulchniania ziemi pomi\u0119dzy g\u0119sto rosn\u0105cymi ro\u015blinami","og_url":"https:\/\/www.ogrodolszanica.pl\/index.php\/produkt\/grabki-z-drewniana-raczka-ogrodowe-male\/","og_site_name":"Ogr&oacute;d Olszanica","article_publisher":"https:\/\/www.facebook.com\/Ogrd-Olszanica-100807179225223","og_image":[{"width":2560,"height":2454,"url":"https:\/\/www.ogrodolszanica.pl\/wp-content\/uploads\/2026\/02\/grabki-z-drewniana-raczka-VR-7292-v3-scaled.jpg","type":"image\/jpeg"}],"author":"admin","twitter_card":"summary_large_image","schema":{"@context":"https:\/\/schema.org","@graph":[{"@type":"Organization","@id":"https:\/\/www.ogrodolszanica.pl\/#organization","name":"Ogr\u00f3d Olszanica - Krakowskie Centrum Ogrodnicze","url":"https:\/\/www.ogrodolszanica.pl\/","sameAs":["https:\/\/www.facebook.com\/Ogrd-Olszanica-100807179225223"],"logo":{"@type":"ImageObject","inLanguage":"pl-PL","@id":"https:\/\/www.ogrodolszanica.pl\/#\/schema\/logo\/image\/","url":"http:\/\/www.ogrodolszanica.pl\/wp-content\/uploads\/2022\/06\/Ogrod-Olszanica1-1.png","contentUrl":"http:\/\/www.ogrodolszanica.pl\/wp-content\/uploads\/2022\/06\/Ogrod-Olszanica1-1.png","width":180,"height":60,"caption":"Ogr\u00f3d Olszanica - Krakowskie Centrum Ogrodnicze"},"image":{"@id":"https:\/\/www.ogrodolszanica.pl\/#\/schema\/logo\/image\/"}},{"@type":"WebSite","@id":"https:\/\/www.ogrodolszanica.pl\/#website","url":"https:\/\/www.ogrodolszanica.pl\/","name":"Ogr&oacute;d Olszanica","description":"Centrum Ogrodnicze Krak&oacute;w","publisher":{"@id":"https:\/\/www.ogrodolszanica.pl\/#organization"},"potentialAction":[{"@type":"SearchAction","target":{"@type":"EntryPoint","urlTemplate":"https:\/\/www.ogrodolszanica.pl\/?s={search_term_string}"},"query-input":"required name=search_term_string"}],"inLanguage":"pl-PL"},{"@type":"ImageObject","inLanguage":"pl-PL","@id":"https:\/\/www.ogrodolszanica.pl\/index.php\/produkt\/grabki-z-drewniana-raczka-ogrodowe-male\/#primaryimage","url":"https:\/\/i0.wp.com\/www.ogrodolszanica.pl\/wp-content\/uploads\/2026\/02\/grabki-z-drewniana-raczka-VR-7292-v3-scaled.jpg?fit=2560%2C2454&ssl=1","contentUrl":"https:\/\/i0.wp.com\/www.ogrodolszanica.pl\/wp-content\/uploads\/2026\/02\/grabki-z-drewniana-raczka-VR-7292-v3-scaled.jpg?fit=2560%2C2454&ssl=1","width":2560,"height":2454},{"@type":"WebPage","@id":"https:\/\/www.ogrodolszanica.pl\/index.php\/produkt\/grabki-z-drewniana-raczka-ogrodowe-male\/#webpage","url":"https:\/\/www.ogrodolszanica.pl\/index.php\/produkt\/grabki-z-drewniana-raczka-ogrodowe-male\/","name":"Grabki z drewnian\u0105 r\u0105czk\u0105 ogrodowe ma\u0142e - Ogr&oacute;d Olszanica","isPartOf":{"@id":"https:\/\/www.ogrodolszanica.pl\/#website"},"primaryImageOfPage":{"@id":"https:\/\/www.ogrodolszanica.pl\/index.php\/produkt\/grabki-z-drewniana-raczka-ogrodowe-male\/#primaryimage"},"datePublished":"2026-02-23T10:04:09+00:00","dateModified":"2026-02-23T10:04:09+00:00","breadcrumb":{"@id":"https:\/\/www.ogrodolszanica.pl\/index.php\/produkt\/grabki-z-drewniana-raczka-ogrodowe-male\/#breadcrumb"},"inLanguage":"pl-PL","potentialAction":[{"@type":"ReadAction","target":["https:\/\/www.ogrodolszanica.pl\/index.php\/produkt\/grabki-z-drewniana-raczka-ogrodowe-male\/"]}]},{"@type":"BreadcrumbList","@id":"https:\/\/www.ogrodolszanica.pl\/index.php\/produkt\/grabki-z-drewniana-raczka-ogrodowe-male\/#breadcrumb","itemListElement":[{"@type":"ListItem","position":1,"name":"Strona g\u0142\u00f3wna","item":"https:\/\/www.ogrodolszanica.pl\/"},{"@type":"ListItem","position":2,"name":"Produkty","item":"https:\/\/www.ogrodolszanica.pl\/index.php\/shop\/"},{"@type":"ListItem","position":3,"name":"Grabki z drewnian\u0105 r\u0105czk\u0105 ogrodowe ma\u0142e"}]}]}},"jetpack-related-posts":[{"id":3184,"url":"https:\/\/www.ogrodolszanica.pl\/index.php\/produkt\/lopatka-z-drewniana-raczka-ogrodowa-mala\/","url_meta":{"origin":3185,"position":0},"title":"\u0141opatka z drewnian\u0105 r\u0105czk\u0105 ogrodowa ma\u0142a","date":"23 lutego, 2026","format":false,"excerpt":"\u0141opatka z drewnian\u0105 r\u0105czk\u0105 ogrodowa VR-7291 Charakterystyka produktu: \u2013 przeznaczona do przesadzania ro\u015blin \u2013 wykonana z wysokiej jako\u015bci stali \u2013 drewniany uchwyt","rel":"","context":"Similar post","img":{"alt_text":"","src":"https:\/\/i0.wp.com\/www.ogrodolszanica.pl\/wp-content\/uploads\/2026\/02\/lopatka-z-drewniana-raczka-VR-7291-v2-scaled.jpg?fit=1004%2C1200&ssl=1&resize=350%2C200","width":350,"height":200},"classes":[]},{"id":3186,"url":"https:\/\/www.ogrodolszanica.pl\/index.php\/produkt\/haczka-z-drewniana-raczka-ogrodowa-do-kopania-motyka\/","url_meta":{"origin":3185,"position":1},"title":"Haczka z drewnian\u0105 r\u0105czk\u0105 ogrodowa do kopania motyka","date":"23 lutego, 2026","format":false,"excerpt":"Haczka z drewnian\u0105 r\u0105czk\u0105 ogrodowa VR-7294 - ma\u0142a motyka do kopania w ogr\u00f3dku","rel":"","context":"Similar post","img":{"alt_text":"","src":"https:\/\/i0.wp.com\/www.ogrodolszanica.pl\/wp-content\/uploads\/2026\/02\/haczka-z-drewniana-raczka-VR-7294-v3-scaled.jpg?fit=1200%2C1128&ssl=1&resize=350%2C200","width":350,"height":200},"classes":[]},{"id":3187,"url":"https:\/\/www.ogrodolszanica.pl\/index.php\/produkt\/motyka-dwustronna-mala-serce\/","url_meta":{"origin":3185,"position":2},"title":"Motyka dwustronna ma\u0142a serce","date":"23 lutego, 2026","format":false,"excerpt":"Motyczka serce z wide\u0142kami z drewnian\u0105 r\u0105czk\u0105 VR-7295 Charakterystyka produktu: \u2013 stosowane do pielenia, okopywania, napowietrzania gleby i innych prac ogrodniczych \u2013 motyczka w kszta\u0142cie serca, wide\u0142ki z trzema zaostrzonymi z\u0119bami \u2013 drewniany uchwyt","rel":"","context":"Similar post","img":{"alt_text":"","src":"https:\/\/i0.wp.com\/www.ogrodolszanica.pl\/wp-content\/uploads\/2026\/02\/motyka-serce-widelkami-z-drewniana-raczka-VR-7295-v2-scaled.jpg?fit=1200%2C1017&ssl=1&resize=350%2C200","width":350,"height":200},"classes":[]},{"id":3178,"url":"https:\/\/www.ogrodolszanica.pl\/index.php\/produkt\/sekator-kowadelkowy-z-aluminiowa-raczka\/","url_meta":{"origin":3185,"position":3},"title":"Sekator kowade\u0142kowy z aluminiow\u0105 r\u0105czk\u0105","date":"23 lutego, 2026","format":false,"excerpt":"Sekator kowade\u0142kowy z aluminiow\u0105 r\u0105czk\u0105 VR-7265 Charakterystyka produktu: \u2013 stosowany do przycinania kwiat\u00f3w, p\u0119d\u00f3w drzew i krzew\u00f3w \u2013 aluminiowa r\u0105czka pokryta antypo\u015blizgow\u0105 pow\u0142ok\u0105 \u2013 otw\u00f3r do zamocowania zawieszki na nadgarstek","rel":"","context":"Similar post","img":{"alt_text":"","src":"https:\/\/i0.wp.com\/www.ogrodolszanica.pl\/wp-content\/uploads\/2026\/02\/VR-7265.jpg?fit=1024%2C768&ssl=1&resize=350%2C200","width":350,"height":200},"classes":[]},{"id":4143,"url":"https:\/\/www.ogrodolszanica.pl\/index.php\/produkt\/obrzeze-ogrodowe-bradas-50mmx10m-brazowe\/","url_meta":{"origin":3185,"position":4},"title":"Obrze\u017ce ogrodowe Bradas 50mmx10m br\u0105zowe","date":"8 marca, 2026","format":false,"excerpt":"Obrze\u017ce ogrodowe EASY BORDER SET 50mm - br\u0105zowe OBEBR5010SET Obrze\u017ce trawnikowe Bradas\u00a0stosowane jest przy aran\u017cacji ogrodu do oddzielenia trawnika od \u015bcie\u017cki, cz\u0119\u015bci uprawnej ogrodu, rabat kwiatowych, kory czy nawierzchni grysowej. Obrze\u017ce ogrodowe wykonane jest\u00a0z wysokiej jako\u015bci tworzywa sztucznego, odpornego na warunki atmosferyczne. Produkt jest niezwykle elastyczny, co umo\u017cliwia tworzenie oryginalnych\u2026","rel":"","context":"Similar post","img":{"alt_text":"","src":"https:\/\/i0.wp.com\/www.ogrodolszanica.pl\/wp-content\/uploads\/2026\/03\/images-5.jpg?fit=225%2C225&ssl=1&resize=350%2C200","width":350,"height":200},"classes":[]},{"id":3183,"url":"https:\/\/www.ogrodolszanica.pl\/index.php\/produkt\/pazurki-plastikowe-ogrodowe-verkatto\/","url_meta":{"origin":3185,"position":5},"title":"Pazurki plastikowe ogrodowe Verkatto","date":"23 lutego, 2026","format":false,"excerpt":"Pazurki plastikowe ogrodowe VR-7289 Charakterystyka produktu: \u2013 przeznaczone do spulchniania i rozdrabniania gleby \u2013 wykonana z wysokiej jako\u015bci tworzyw sztucznych. \u2013 otw\u00f3r do wieszania","rel":"","context":"Similar post","img":{"alt_text":"","src":"https:\/\/i0.wp.com\/www.ogrodolszanica.pl\/wp-content\/uploads\/2026\/02\/pazurki-plastikowe-VR-7289-v3-scaled.jpg?fit=1200%2C1200&ssl=1&resize=350%2C200","width":350,"height":200},"classes":[]}],"_links":{"self":[{"href":"https:\/\/www.ogrodolszanica.pl\/index.php\/wp-json\/wp\/v2\/product\/3185","targetHints":{"allow":["GET"]}}],"collection":[{"href":"https:\/\/www.ogrodolszanica.pl\/index.php\/wp-json\/wp\/v2\/product"}],"about":[{"href":"https:\/\/www.ogrodolszanica.pl\/index.php\/wp-json\/wp\/v2\/types\/product"}],"replies":[{"embeddable":true,"href":"https:\/\/www.ogrodolszanica.pl\/index.php\/wp-json\/wp\/v2\/comments?post=3185"}],"wp:featuredmedia":[{"embeddable":true,"href":"https:\/\/www.ogrodolszanica.pl\/index.php\/wp-json\/wp\/v2\/media\/3054"}],"wp:attachment":[{"href":"https:\/\/www.ogrodolszanica.pl\/index.php\/wp-json\/wp\/v2\/media?parent=3185"}],"wp:term":[{"taxonomy":"product_cat","embeddable":true,"href":"https:\/\/www.ogrodolszanica.pl\/index.php\/wp-json\/wp\/v2\/product_cat?post=3185"},{"taxonomy":"product_tag","embeddable":true,"href":"https:\/\/www.ogrodolszanica.pl\/index.php\/wp-json\/wp\/v2\/product_tag?post=3185"}],"curies":[{"name":"wp","href":"https:\/\/api.w.org\/{rel}","templated":true}]}}