{"id":2707,"date":"2024-01-31T13:04:45","date_gmt":"2024-01-31T13:04:45","guid":{"rendered":"https:\/\/www.ogrodolszanica.pl\/?post_type=product&#038;p=2707"},"modified":"2026-03-07T19:25:56","modified_gmt":"2026-03-07T19:25:56","slug":"jezowka-echinacea-purpurea-cherry-fluff","status":"publish","type":"product","link":"https:\/\/www.ogrodolszanica.pl\/index.php\/produkt\/jezowka-echinacea-purpurea-cherry-fluff\/","title":{"rendered":"Je\u017c\u00f3wka Cherry Fluff"},"content":{"rendered":"<h1 style=\"text-align: center;\">Je\u017c\u00f3wka Cherry Fluff<\/h1>\n<p>&nbsp;<\/p>\n<p style=\"text-align: center;\">&#8217;Cherry Fluff&#8217; jest pierwsz\u0105 dwubarwn\u0105 odmian\u0105 je\u017c\u00f3wki o pe\u0142nych kwiatach. Pocz\u0105tkowo p\u0142atki s\u0105 kremowo-bia\u0142e z wi\u015bniowo-r\u00f3\u017cowymi przebarwieniami, kt\u00f3re w miar\u0119 starzenia si\u0119 kwiat\u00f3w staj\u0105 si\u0119 coraz bardzie wyra\u017ane. Doskona\u0142a na rabaty, obw\u00f3dki a tak\u017ce na kwiat ci\u0119ty. Najlepiej ro\u015bnie na stanowiskach s\u0142onecznych.<\/p>\n<ul>\n<li>Rodzaj: Je\u017c\u00f3wka<\/li>\n<li>Barwa: Kremowor\u00f3\u017cowa<\/li>\n<li>\n<div>szeroko\u015b\u0107: <strong>35<\/strong><b>\u00a0cm<\/b><\/div>\n<\/li>\n<li>\n<div><b><\/b>wysoko\u015b\u0107: <strong>40<\/strong><b>\u00a0cm<\/b><\/div>\n<\/li>\n<li>\n<div style=\"text-align: left;\"><b><\/b>wysoko\u015b\u0107 (kwitnienie): <strong>55<\/strong><b>\u00a0cm<\/b><\/div>\n<\/li>\n<li>\n<div><b><\/b>kwitnienie: <b>czerwiec \u00f7 wrzesie\u0144<\/b><\/div>\n<\/li>\n<li>\n<div><b><\/b>stanowisko: <strong>s\u0142oneczne<\/strong><\/div>\n<\/li>\n<\/ul>\n<p>Dobierz odpowiednie pod\u0142o\u017ce z wybranych produkt\u00f3w w naszym sklepie: <a href=\"https:\/\/www.ogrodolszanica.pl\/index.php\/kategoria-produktu\/zin\/\">Pod\u0142o\u017ca<\/a><\/p>\n<p>&nbsp;<\/p>\n","protected":false},"excerpt":{"rendered":"<p>Je\u017c\u00f3wka Cherry Fluff &nbsp; &#8217;Cherry Fluff&#8217; jest pierwsz\u0105 dwubarwn\u0105 odmian\u0105 je\u017c\u00f3wki o pe\u0142nych kwiatach. Pocz\u0105tkowo p\u0142atki s\u0105 kremowo-bia\u0142e z wi\u015bniowo-r\u00f3\u017cowymi przebarwieniami, kt\u00f3re w miar\u0119 starzenia si\u0119 kwiat\u00f3w staj\u0105 si\u0119 coraz bardzie wyra\u017ane. Doskona\u0142a na rabaty, obw\u00f3dki a tak\u017ce na kwiat ci\u0119ty. Najlepiej ro\u015bnie na stanowiskach s\u0142onecznych. Rodzaj: Je\u017c\u00f3wka Barwa: Kremowor\u00f3\u017cowa szeroko\u015b\u0107: 35\u00a0cm wysoko\u015b\u0107: 40\u00a0cm wysoko\u015b\u0107 &hellip;<\/p>\n<p class=\"read-more\"> <a class=\"\" href=\"https:\/\/www.ogrodolszanica.pl\/index.php\/produkt\/jezowka-echinacea-purpurea-cherry-fluff\/\"> <span class=\"screen-reader-text\">Je\u017c\u00f3wka Cherry Fluff<\/span> Read More &raquo;<\/a><\/p>\n","protected":false},"featured_media":2708,"comment_status":"open","ping_status":"closed","template":"","meta":{"site-sidebar-layout":"default","site-content-layout":"default","ast-global-header-display":"","ast-main-header-display":"","ast-hfb-above-header-display":"","ast-hfb-below-header-display":"","ast-hfb-mobile-header-display":"","site-post-title":"","ast-breadcrumbs-content":"","ast-featured-img":"","footer-sml-layout":"","theme-transparent-header-meta":"default","adv-header-id-meta":"","stick-header-meta":"","header-above-stick-meta":"","header-main-stick-meta":"","header-below-stick-meta":"","spay_email":""},"product_cat":[29,74,20],"product_tag":[],"class_list":["post-2707","product","type-product","status-publish","has-post-thumbnail","hentry","product_cat-byliny","product_cat-jezowki","product_cat-rosliny"],"yoast_head":"<!-- This site is optimized with the Yoast SEO plugin v19.2 - https:\/\/yoast.com\/wordpress\/plugins\/seo\/ -->\n<title>Je\u017c\u00f3wka Cherry Fluff - Ogr&oacute;d Olszanica<\/title>\n<meta name=\"robots\" content=\"index, follow, max-snippet:-1, max-image-preview:large, max-video-preview:-1\" \/>\n<link rel=\"canonical\" href=\"https:\/\/www.ogrodolszanica.pl\/index.php\/produkt\/jezowka-echinacea-purpurea-cherry-fluff\/\" \/>\n<meta property=\"og:locale\" content=\"pl_PL\" \/>\n<meta property=\"og:type\" content=\"article\" \/>\n<meta property=\"og:title\" content=\"Je\u017c\u00f3wka Cherry Fluff - Ogr&oacute;d Olszanica\" \/>\n<meta property=\"og:description\" content=\"Je\u017c\u00f3wka Cherry Fluff &nbsp; &#8217;Cherry Fluff&#8217; jest pierwsz\u0105 dwubarwn\u0105 odmian\u0105 je\u017c\u00f3wki o pe\u0142nych kwiatach. Pocz\u0105tkowo p\u0142atki s\u0105 kremowo-bia\u0142e z wi\u015bniowo-r\u00f3\u017cowymi przebarwieniami, kt\u00f3re w miar\u0119 starzenia si\u0119 kwiat\u00f3w staj\u0105 si\u0119 coraz bardzie wyra\u017ane. Doskona\u0142a na rabaty, obw\u00f3dki a tak\u017ce na kwiat ci\u0119ty. Najlepiej ro\u015bnie na stanowiskach s\u0142onecznych. Rodzaj: Je\u017c\u00f3wka Barwa: Kremowor\u00f3\u017cowa szeroko\u015b\u0107: 35\u00a0cm wysoko\u015b\u0107: 40\u00a0cm wysoko\u015b\u0107 &hellip; Je\u017c\u00f3wka Cherry Fluff Read More &raquo;\" \/>\n<meta property=\"og:url\" content=\"https:\/\/www.ogrodolszanica.pl\/index.php\/produkt\/jezowka-echinacea-purpurea-cherry-fluff\/\" \/>\n<meta property=\"og:site_name\" content=\"Ogr&oacute;d Olszanica\" \/>\n<meta property=\"article:publisher\" content=\"https:\/\/www.facebook.com\/Ogrd-Olszanica-100807179225223\" \/>\n<meta property=\"article:modified_time\" content=\"2026-03-07T19:25:56+00:00\" \/>\n<meta property=\"og:image\" content=\"https:\/\/www.ogrodolszanica.pl\/wp-content\/uploads\/2024\/01\/byliny-i-trawy_double-medium_74294_1.jpg\" \/>\n\t<meta property=\"og:image:width\" content=\"650\" \/>\n\t<meta property=\"og:image:height\" content=\"650\" \/>\n\t<meta property=\"og:image:type\" content=\"image\/jpeg\" \/>\n<meta name=\"author\" content=\"admin\" \/>\n<meta name=\"twitter:card\" content=\"summary_large_image\" \/>\n<meta name=\"twitter:label1\" content=\"Szacowany czas czytania\" \/>\n\t<meta name=\"twitter:data1\" content=\"1 minuta\" \/>\n<script type=\"application\/ld+json\" class=\"yoast-schema-graph\">{\"@context\":\"https:\/\/schema.org\",\"@graph\":[{\"@type\":\"Organization\",\"@id\":\"https:\/\/www.ogrodolszanica.pl\/#organization\",\"name\":\"Ogr\u00f3d Olszanica - Krakowskie Centrum Ogrodnicze\",\"url\":\"https:\/\/www.ogrodolszanica.pl\/\",\"sameAs\":[\"https:\/\/www.facebook.com\/Ogrd-Olszanica-100807179225223\"],\"logo\":{\"@type\":\"ImageObject\",\"inLanguage\":\"pl-PL\",\"@id\":\"https:\/\/www.ogrodolszanica.pl\/#\/schema\/logo\/image\/\",\"url\":\"http:\/\/www.ogrodolszanica.pl\/wp-content\/uploads\/2022\/06\/Ogrod-Olszanica1-1.png\",\"contentUrl\":\"http:\/\/www.ogrodolszanica.pl\/wp-content\/uploads\/2022\/06\/Ogrod-Olszanica1-1.png\",\"width\":180,\"height\":60,\"caption\":\"Ogr\u00f3d Olszanica - Krakowskie Centrum Ogrodnicze\"},\"image\":{\"@id\":\"https:\/\/www.ogrodolszanica.pl\/#\/schema\/logo\/image\/\"}},{\"@type\":\"WebSite\",\"@id\":\"https:\/\/www.ogrodolszanica.pl\/#website\",\"url\":\"https:\/\/www.ogrodolszanica.pl\/\",\"name\":\"Ogr&oacute;d Olszanica\",\"description\":\"Centrum Ogrodnicze Krak&oacute;w\",\"publisher\":{\"@id\":\"https:\/\/www.ogrodolszanica.pl\/#organization\"},\"potentialAction\":[{\"@type\":\"SearchAction\",\"target\":{\"@type\":\"EntryPoint\",\"urlTemplate\":\"https:\/\/www.ogrodolszanica.pl\/?s={search_term_string}\"},\"query-input\":\"required name=search_term_string\"}],\"inLanguage\":\"pl-PL\"},{\"@type\":\"ImageObject\",\"inLanguage\":\"pl-PL\",\"@id\":\"https:\/\/www.ogrodolszanica.pl\/index.php\/produkt\/jezowka-echinacea-purpurea-cherry-fluff\/#primaryimage\",\"url\":\"https:\/\/i0.wp.com\/www.ogrodolszanica.pl\/wp-content\/uploads\/2024\/01\/byliny-i-trawy_double-medium_74294_1.jpg?fit=650%2C650&ssl=1\",\"contentUrl\":\"https:\/\/i0.wp.com\/www.ogrodolszanica.pl\/wp-content\/uploads\/2024\/01\/byliny-i-trawy_double-medium_74294_1.jpg?fit=650%2C650&ssl=1\",\"width\":650,\"height\":650},{\"@type\":\"WebPage\",\"@id\":\"https:\/\/www.ogrodolszanica.pl\/index.php\/produkt\/jezowka-echinacea-purpurea-cherry-fluff\/#webpage\",\"url\":\"https:\/\/www.ogrodolszanica.pl\/index.php\/produkt\/jezowka-echinacea-purpurea-cherry-fluff\/\",\"name\":\"Je\u017c\u00f3wka Cherry Fluff - Ogr&oacute;d Olszanica\",\"isPartOf\":{\"@id\":\"https:\/\/www.ogrodolszanica.pl\/#website\"},\"primaryImageOfPage\":{\"@id\":\"https:\/\/www.ogrodolszanica.pl\/index.php\/produkt\/jezowka-echinacea-purpurea-cherry-fluff\/#primaryimage\"},\"datePublished\":\"2024-01-31T13:04:45+00:00\",\"dateModified\":\"2026-03-07T19:25:56+00:00\",\"breadcrumb\":{\"@id\":\"https:\/\/www.ogrodolszanica.pl\/index.php\/produkt\/jezowka-echinacea-purpurea-cherry-fluff\/#breadcrumb\"},\"inLanguage\":\"pl-PL\",\"potentialAction\":[{\"@type\":\"ReadAction\",\"target\":[\"https:\/\/www.ogrodolszanica.pl\/index.php\/produkt\/jezowka-echinacea-purpurea-cherry-fluff\/\"]}]},{\"@type\":\"BreadcrumbList\",\"@id\":\"https:\/\/www.ogrodolszanica.pl\/index.php\/produkt\/jezowka-echinacea-purpurea-cherry-fluff\/#breadcrumb\",\"itemListElement\":[{\"@type\":\"ListItem\",\"position\":1,\"name\":\"Strona g\u0142\u00f3wna\",\"item\":\"https:\/\/www.ogrodolszanica.pl\/\"},{\"@type\":\"ListItem\",\"position\":2,\"name\":\"Produkty\",\"item\":\"https:\/\/www.ogrodolszanica.pl\/index.php\/shop\/\"},{\"@type\":\"ListItem\",\"position\":3,\"name\":\"Je\u017c\u00f3wka Cherry Fluff\"}]}]}<\/script>\n<!-- \/ Yoast SEO plugin. -->","yoast_head_json":{"title":"Je\u017c\u00f3wka Cherry Fluff - Ogr&oacute;d Olszanica","robots":{"index":"index","follow":"follow","max-snippet":"max-snippet:-1","max-image-preview":"max-image-preview:large","max-video-preview":"max-video-preview:-1"},"canonical":"https:\/\/www.ogrodolszanica.pl\/index.php\/produkt\/jezowka-echinacea-purpurea-cherry-fluff\/","og_locale":"pl_PL","og_type":"article","og_title":"Je\u017c\u00f3wka Cherry Fluff - Ogr&oacute;d Olszanica","og_description":"Je\u017c\u00f3wka Cherry Fluff &nbsp; &#8217;Cherry Fluff&#8217; jest pierwsz\u0105 dwubarwn\u0105 odmian\u0105 je\u017c\u00f3wki o pe\u0142nych kwiatach. Pocz\u0105tkowo p\u0142atki s\u0105 kremowo-bia\u0142e z wi\u015bniowo-r\u00f3\u017cowymi przebarwieniami, kt\u00f3re w miar\u0119 starzenia si\u0119 kwiat\u00f3w staj\u0105 si\u0119 coraz bardzie wyra\u017ane. Doskona\u0142a na rabaty, obw\u00f3dki a tak\u017ce na kwiat ci\u0119ty. Najlepiej ro\u015bnie na stanowiskach s\u0142onecznych. Rodzaj: Je\u017c\u00f3wka Barwa: Kremowor\u00f3\u017cowa szeroko\u015b\u0107: 35\u00a0cm wysoko\u015b\u0107: 40\u00a0cm wysoko\u015b\u0107 &hellip; Je\u017c\u00f3wka Cherry Fluff Read More &raquo;","og_url":"https:\/\/www.ogrodolszanica.pl\/index.php\/produkt\/jezowka-echinacea-purpurea-cherry-fluff\/","og_site_name":"Ogr&oacute;d Olszanica","article_publisher":"https:\/\/www.facebook.com\/Ogrd-Olszanica-100807179225223","article_modified_time":"2026-03-07T19:25:56+00:00","og_image":[{"width":650,"height":650,"url":"https:\/\/www.ogrodolszanica.pl\/wp-content\/uploads\/2024\/01\/byliny-i-trawy_double-medium_74294_1.jpg","type":"image\/jpeg"}],"author":"admin","twitter_card":"summary_large_image","twitter_misc":{"Szacowany czas czytania":"1 minuta"},"schema":{"@context":"https:\/\/schema.org","@graph":[{"@type":"Organization","@id":"https:\/\/www.ogrodolszanica.pl\/#organization","name":"Ogr\u00f3d Olszanica - Krakowskie Centrum Ogrodnicze","url":"https:\/\/www.ogrodolszanica.pl\/","sameAs":["https:\/\/www.facebook.com\/Ogrd-Olszanica-100807179225223"],"logo":{"@type":"ImageObject","inLanguage":"pl-PL","@id":"https:\/\/www.ogrodolszanica.pl\/#\/schema\/logo\/image\/","url":"http:\/\/www.ogrodolszanica.pl\/wp-content\/uploads\/2022\/06\/Ogrod-Olszanica1-1.png","contentUrl":"http:\/\/www.ogrodolszanica.pl\/wp-content\/uploads\/2022\/06\/Ogrod-Olszanica1-1.png","width":180,"height":60,"caption":"Ogr\u00f3d Olszanica - Krakowskie Centrum Ogrodnicze"},"image":{"@id":"https:\/\/www.ogrodolszanica.pl\/#\/schema\/logo\/image\/"}},{"@type":"WebSite","@id":"https:\/\/www.ogrodolszanica.pl\/#website","url":"https:\/\/www.ogrodolszanica.pl\/","name":"Ogr&oacute;d Olszanica","description":"Centrum Ogrodnicze Krak&oacute;w","publisher":{"@id":"https:\/\/www.ogrodolszanica.pl\/#organization"},"potentialAction":[{"@type":"SearchAction","target":{"@type":"EntryPoint","urlTemplate":"https:\/\/www.ogrodolszanica.pl\/?s={search_term_string}"},"query-input":"required name=search_term_string"}],"inLanguage":"pl-PL"},{"@type":"ImageObject","inLanguage":"pl-PL","@id":"https:\/\/www.ogrodolszanica.pl\/index.php\/produkt\/jezowka-echinacea-purpurea-cherry-fluff\/#primaryimage","url":"https:\/\/i0.wp.com\/www.ogrodolszanica.pl\/wp-content\/uploads\/2024\/01\/byliny-i-trawy_double-medium_74294_1.jpg?fit=650%2C650&ssl=1","contentUrl":"https:\/\/i0.wp.com\/www.ogrodolszanica.pl\/wp-content\/uploads\/2024\/01\/byliny-i-trawy_double-medium_74294_1.jpg?fit=650%2C650&ssl=1","width":650,"height":650},{"@type":"WebPage","@id":"https:\/\/www.ogrodolszanica.pl\/index.php\/produkt\/jezowka-echinacea-purpurea-cherry-fluff\/#webpage","url":"https:\/\/www.ogrodolszanica.pl\/index.php\/produkt\/jezowka-echinacea-purpurea-cherry-fluff\/","name":"Je\u017c\u00f3wka Cherry Fluff - Ogr&oacute;d Olszanica","isPartOf":{"@id":"https:\/\/www.ogrodolszanica.pl\/#website"},"primaryImageOfPage":{"@id":"https:\/\/www.ogrodolszanica.pl\/index.php\/produkt\/jezowka-echinacea-purpurea-cherry-fluff\/#primaryimage"},"datePublished":"2024-01-31T13:04:45+00:00","dateModified":"2026-03-07T19:25:56+00:00","breadcrumb":{"@id":"https:\/\/www.ogrodolszanica.pl\/index.php\/produkt\/jezowka-echinacea-purpurea-cherry-fluff\/#breadcrumb"},"inLanguage":"pl-PL","potentialAction":[{"@type":"ReadAction","target":["https:\/\/www.ogrodolszanica.pl\/index.php\/produkt\/jezowka-echinacea-purpurea-cherry-fluff\/"]}]},{"@type":"BreadcrumbList","@id":"https:\/\/www.ogrodolszanica.pl\/index.php\/produkt\/jezowka-echinacea-purpurea-cherry-fluff\/#breadcrumb","itemListElement":[{"@type":"ListItem","position":1,"name":"Strona g\u0142\u00f3wna","item":"https:\/\/www.ogrodolszanica.pl\/"},{"@type":"ListItem","position":2,"name":"Produkty","item":"https:\/\/www.ogrodolszanica.pl\/index.php\/shop\/"},{"@type":"ListItem","position":3,"name":"Je\u017c\u00f3wka Cherry Fluff"}]}]}},"jetpack-related-posts":[{"id":2308,"url":"https:\/\/www.ogrodolszanica.pl\/index.php\/produkt\/jezowka-fountaimn-red\/","url_meta":{"origin":2707,"position":0},"title":"Je\u017c\u00f3wka Fountain Red","date":"16 lipca, 2023","format":false,"excerpt":"Je\u017c\u00f3wka Fountain Red \u015awietna odmiana do sadzenia w grupach na pierwszym planie. Ro\u015blina o zwartym pokroju krzewi si\u0119 bardzo silnie i wypuszcza bardzo bujne li\u015bcie. Preferuje \u015bwie\u017ce, przepuszczalne pod\u0142o\u017ce na s\u0142onecznym stanowisku. Rodzaj: Je\u017c\u00f3wka Barwa: Czerwony szeroko\u015b\u0107: 40\u00a0cm wysoko\u015b\u0107: 20\u00a0cm wysoko\u015b\u0107 (kwitnienie): 45\u00a0cm kwitnienie: czerwiec \u00f7 wrzesie\u0144 stanowisko: s\u0142oneczne Dobierz\u2026","rel":"","context":"Similar post","img":{"alt_text":"","src":"https:\/\/i0.wp.com\/www.ogrodolszanica.pl\/wp-content\/uploads\/2023\/07\/byliny-i-trawy_fountain_77492_2.jpg?fit=420%2C650&ssl=1&resize=350%2C200","width":350,"height":200},"classes":[]},{"id":2639,"url":"https:\/\/www.ogrodolszanica.pl\/index.php\/produkt\/jezowka-echinacea-purpurea-meditation-cerise\/","url_meta":{"origin":2707,"position":1},"title":"Je\u017c\u00f3wka Meditation Cerise","date":"29 stycznia, 2024","format":false,"excerpt":"Je\u017c\u00f3wka Meditation Cerise \u00a0 Idealna odmiana na przedni\u0105 cz\u0119\u015b\u0107 rabaty. Bardzo trwa\u0142a i obficie kwitn\u0105ca. Znakomicie nadaje si\u0119 na kwiat ci\u0119ty. Nale\u017cy zapewni\u0107 \u015bwie\u017ce, przepuszczalne pod\u0142o\u017ce. Ro\u015blin\u0119 warto oczyszcza\u0107 wiosn\u0105, pomo\u017ce to w przezimowaniu. To istny magnes na owady! \u00a0 Rodzaj: Je\u017c\u00f3wka Barwa: R\u00f3\u017cowa szeroko\u015b\u0107: 35\u00a0cm wysoko\u015b\u0107: 45\u00a0cm wysoko\u015b\u0107 (kwitnienie):\u2026","rel":"","context":"Similar post","img":{"alt_text":"","src":"https:\/\/i0.wp.com\/www.ogrodolszanica.pl\/wp-content\/uploads\/2024\/01\/echinacea-meditation-cerise_6.jpg?fit=433%2C650&ssl=1&resize=350%2C200","width":350,"height":200},"classes":[]},{"id":2655,"url":"https:\/\/www.ogrodolszanica.pl\/index.php\/produkt\/jezowka-echinacea-purpurea-big-kahuna\/","url_meta":{"origin":2707,"position":2},"title":"Je\u017c\u00f3wka Big Kahuna","date":"30 stycznia, 2024","format":false,"excerpt":"Je\u017c\u00f3wka Big Kahuna \u00a0 Odmiana tworz\u0105ca du\u017ce, wysokie i wytrzyma\u0142e k\u0119py. Kwiaty s\u0105 mieszank\u0105 ciep\u0142ych kolor\u00f3w, ko\u0144c\u00f3wki p\u0142atk\u00f3w maj\u0105 kolor mango, bli\u017cej \u015brodka przebarwiaj\u0105c si\u0119 na miodowo i pomara\u0144czowo kontrastuj\u0105 z czerwono-pomara\u0144czowym \u015brodkiem. S\u0142odko pachn\u0105ca, lecz bardzo wyrazista stanie si\u0119 \"szefem\" ogrodu. Rodzaj: Je\u017c\u00f3wka Barwa: Pomara\u0144czowa szeroko\u015b\u0107: 50\u00a0cm wysoko\u015b\u0107: 50\u00a0cm\u2026","rel":"","context":"Similar post","img":{"alt_text":"","src":"https:\/\/i0.wp.com\/www.ogrodolszanica.pl\/wp-content\/uploads\/2024\/01\/byliny-i-trawy_standard-tall_74244_1.jpg?fit=650%2C650&ssl=1&resize=350%2C200","width":350,"height":200},"classes":[]},{"id":2657,"url":"https:\/\/www.ogrodolszanica.pl\/index.php\/produkt\/jezowka-echinacea-purpurea-parrot\/","url_meta":{"origin":2707,"position":3},"title":"Je\u017c\u00f3wka Parrot","date":"30 stycznia, 2024","format":false,"excerpt":"Je\u017c\u00f3wka Parrot \u00a0 Ta je\u017c\u00f3wka to spektakularna nowo\u015b\u0107! \u017b\u00f3\u0142to-czerwonep\u0142omieniste du\u017ce kwiaty na mocnych \u0142odygach ciesz\u0105oko\u00a0od czerwca do wrze\u015bnia. Preferowane miejsces\u0142oneczne\u00a0o przepuszczalnej glebie z dobrym\u00a0drena\u017cem.\u00a0Nale\u017cy mocno nawadnia\u0107, szczeg\u00f3lnie\u00a0latem.\u00a0Oczyszczanie na wiosn\u0119\u00a0pomo\u017ce w przezimowaniu. Rodzaj: Je\u017c\u00f3wka Barwa: \u017b\u00f3\u0142ta z czerwonym \u015brodkiem szeroko\u015b\u0107: 40\u00a0cm wysoko\u015b\u0107: 30\u00a0cm wysoko\u015b\u0107 (kwitnienie): 45\u00a0cm kwitnienie: czerwiec \u00f7 wrzesie\u0144 stanowisko:\u2026","rel":"","context":"Similar post","img":{"alt_text":"","src":"https:\/\/i0.wp.com\/www.ogrodolszanica.pl\/wp-content\/uploads\/2024\/01\/echinacea-parrot_4.jpg?fit=435%2C650&ssl=1&resize=350%2C200","width":350,"height":200},"classes":[]},{"id":2345,"url":"https:\/\/www.ogrodolszanica.pl\/index.php\/produkt\/jezowka-innocent-meadow-mama\/","url_meta":{"origin":2707,"position":4},"title":"Je\u017c\u00f3wka Innocent Meadow Mama","date":"21 lipca, 2023","format":false,"excerpt":"Je\u017c\u00f3wka Innocent Meadow Mama Nowa odmiana o bardzo dobrym krzewieniu. Kwitnie licznymi kwiatostanami w kolorze czystej bielu ju\u017c na pocz\u0105tku sezonu. Odmiana ta nadaje si\u0119 bardzo dobrze do nasadze\u0144 w terenach zieleni poniewa\u017c jest bardziej wytrzyma\u0142a i pozostaje w dobrej kondycji przez kilka lat. Rodzaj: Je\u017c\u00f3wka Barwa: Bia\u0142a szeroko\u015b\u0107: 30\u00a0cm\u2026","rel":"","context":"Similar post","img":{"alt_text":"","src":"https:\/\/i0.wp.com\/www.ogrodolszanica.pl\/wp-content\/uploads\/2023\/07\/echinacea-innocent-meadow-mama_77404_1.jpg?fit=650%2C650&ssl=1&resize=350%2C200","width":350,"height":200},"classes":[]},{"id":2721,"url":"https:\/\/www.ogrodolszanica.pl\/index.php\/produkt\/jezowka-echinacea-purpurea-aloha\/","url_meta":{"origin":2707,"position":5},"title":"Je\u017c\u00f3wka Aloha","date":"31 stycznia, 2024","format":false,"excerpt":"Je\u017c\u00f3wka Aloha \u00a0 \u0141agodna odmiana o szerokich, melonowo-\u017c\u00f3\u0142tych, prawie kremowych p\u0142atkach, kt\u00f3re otaczaj\u0105 ciemno-pomara\u0144czowy \u015brodek. Wyr\u00f3\u017cnia si\u0119 w\u015br\u00f3d innych je\u017c\u00f3wek wyj\u0105tkow\u0105 delikatno\u015bci\u0105 barwy. To ro\u015blina pachn\u0105ca i elegancka, atrakcyjna dla motyli. \u015awietnie sprawdza si\u0119 jako kwiat ci\u0119ty, a dzi\u0119ki zwartej k\u0119pie jest doskona\u0142a na obw\u00f3dki i mieszane rabaty. Rodzaj: Je\u017c\u00f3wka\u2026","rel":"","context":"Similar post","img":{"alt_text":"","src":"https:\/\/i0.wp.com\/www.ogrodolszanica.pl\/wp-content\/uploads\/2024\/01\/echinacea-aloha_79233_2.jpg?fit=650%2C467&ssl=1&resize=350%2C200","width":350,"height":200},"classes":[]}],"_links":{"self":[{"href":"https:\/\/www.ogrodolszanica.pl\/index.php\/wp-json\/wp\/v2\/product\/2707","targetHints":{"allow":["GET"]}}],"collection":[{"href":"https:\/\/www.ogrodolszanica.pl\/index.php\/wp-json\/wp\/v2\/product"}],"about":[{"href":"https:\/\/www.ogrodolszanica.pl\/index.php\/wp-json\/wp\/v2\/types\/product"}],"replies":[{"embeddable":true,"href":"https:\/\/www.ogrodolszanica.pl\/index.php\/wp-json\/wp\/v2\/comments?post=2707"}],"wp:featuredmedia":[{"embeddable":true,"href":"https:\/\/www.ogrodolszanica.pl\/index.php\/wp-json\/wp\/v2\/media\/2708"}],"wp:attachment":[{"href":"https:\/\/www.ogrodolszanica.pl\/index.php\/wp-json\/wp\/v2\/media?parent=2707"}],"wp:term":[{"taxonomy":"product_cat","embeddable":true,"href":"https:\/\/www.ogrodolszanica.pl\/index.php\/wp-json\/wp\/v2\/product_cat?post=2707"},{"taxonomy":"product_tag","embeddable":true,"href":"https:\/\/www.ogrodolszanica.pl\/index.php\/wp-json\/wp\/v2\/product_tag?post=2707"}],"curies":[{"name":"wp","href":"https:\/\/api.w.org\/{rel}","templated":true}]}}