{"id":2610,"date":"2024-01-24T18:55:48","date_gmt":"2024-01-24T18:55:48","guid":{"rendered":"https:\/\/www.ogrodolszanica.pl\/?post_type=product&#038;p=2610"},"modified":"2026-03-07T19:39:43","modified_gmt":"2026-03-07T19:39:43","slug":"slonecznica-jewel-of-desert-topaz","status":"publish","type":"product","link":"https:\/\/www.ogrodolszanica.pl\/index.php\/produkt\/slonecznica-jewel-of-desert-topaz\/","title":{"rendered":"S\u0142onecznica Jewel of Desert Topaz"},"content":{"rendered":"<h2 style=\"text-align: center;\">S\u0142onecznica Jewel of Desert Topaz<\/h2>\n<p style=\"text-align: center;\">Topaz to kolejny klejnot pustyni, wysoce odporny na susz\u0119, \u0142atwy w uprawie i doskona\u0142y do obsadze\u0144 nas\u0142onecznionych po\u0142aci ogrodu.<\/p>\n<p style=\"text-align: center;\">Oznacza si\u0119 p\u0142atkami\u00a0jakby z br\u0105zu w odcieniu pomara\u0144czowym oraz bia\u0142ym\u00a0\u015brodkiem. To szlachetne i pi\u0119kne dope\u0142nienie rabaty.<\/p>\n<ul>\n<li>Rodzaj: Delosperma<\/li>\n<li>Barwa: pomara\u0144czowo- bia\u0142a<\/li>\n<li>\n<div>szeroko\u015b\u0107: <strong>25<\/strong><b>\u00a0cm<\/b><\/div>\n<\/li>\n<li>\n<div><b><\/b>wysoko\u015b\u0107: <strong>10<\/strong><b>\u00a0cm<\/b><\/div>\n<\/li>\n<li>\n<div><b><\/b>wysoko\u015b\u0107 (kwitnienie): <strong>12<\/strong> <b>cm<\/b><\/div>\n<\/li>\n<li>\n<div><b><\/b>kwitnienie: <b>maj \u00f7 pa\u017adziernik<\/b><\/div>\n<\/li>\n<li>\n<div><b><\/b>stanowisko: <b>s\u0142oneczne<\/b><\/div>\n<\/li>\n<\/ul>\n<p>Dobierz odpowiednie pod\u0142o\u017ce z wybranych produkt\u00f3w w naszym sklepie: <a href=\"https:\/\/www.ogrodolszanica.pl\/index.php\/kategoria-produktu\/zin\/\">Pod\u0142o\u017ca<\/a><\/p>\n<p>&nbsp;<\/p>\n","protected":false},"excerpt":{"rendered":"<p>S\u0142onecznica Jewel of Desert Topaz Topaz to kolejny klejnot pustyni, wysoce odporny na susz\u0119, \u0142atwy w uprawie i doskona\u0142y do obsadze\u0144 nas\u0142onecznionych po\u0142aci ogrodu. Oznacza si\u0119 p\u0142atkami\u00a0jakby z br\u0105zu w odcieniu pomara\u0144czowym oraz bia\u0142ym\u00a0\u015brodkiem. To szlachetne i pi\u0119kne dope\u0142nienie rabaty. Rodzaj: Delosperma Barwa: pomara\u0144czowo- bia\u0142a szeroko\u015b\u0107: 25\u00a0cm wysoko\u015b\u0107: 10\u00a0cm wysoko\u015b\u0107 (kwitnienie): 12 cm kwitnienie: maj &hellip;<\/p>\n<p class=\"read-more\"> <a class=\"\" href=\"https:\/\/www.ogrodolszanica.pl\/index.php\/produkt\/slonecznica-jewel-of-desert-topaz\/\"> <span class=\"screen-reader-text\">S\u0142onecznica Jewel of Desert Topaz<\/span> Read More &raquo;<\/a><\/p>\n","protected":false},"featured_media":2611,"comment_status":"open","ping_status":"closed","template":"","meta":{"site-sidebar-layout":"default","site-content-layout":"default","ast-global-header-display":"","ast-main-header-display":"","ast-hfb-above-header-display":"","ast-hfb-below-header-display":"","ast-hfb-mobile-header-display":"","site-post-title":"","ast-breadcrumbs-content":"","ast-featured-img":"","footer-sml-layout":"","theme-transparent-header-meta":"default","adv-header-id-meta":"","stick-header-meta":"","header-above-stick-meta":"","header-main-stick-meta":"","header-below-stick-meta":"","spay_email":""},"product_cat":[29,98,20],"product_tag":[],"class_list":["post-2610","product","type-product","status-publish","has-post-thumbnail","hentry","product_cat-byliny","product_cat-inne","product_cat-rosliny"],"yoast_head":"<!-- This site is optimized with the Yoast SEO plugin v19.2 - https:\/\/yoast.com\/wordpress\/plugins\/seo\/ -->\n<title>S\u0142onecznica Jewel of Desert Topaz - Ogr&oacute;d Olszanica<\/title>\n<meta name=\"robots\" content=\"index, follow, max-snippet:-1, max-image-preview:large, max-video-preview:-1\" \/>\n<link rel=\"canonical\" href=\"https:\/\/www.ogrodolszanica.pl\/index.php\/produkt\/slonecznica-jewel-of-desert-topaz\/\" \/>\n<meta property=\"og:locale\" content=\"pl_PL\" \/>\n<meta property=\"og:type\" content=\"article\" \/>\n<meta property=\"og:title\" content=\"S\u0142onecznica Jewel of Desert Topaz - Ogr&oacute;d Olszanica\" \/>\n<meta property=\"og:description\" content=\"S\u0142onecznica Jewel of Desert Topaz Topaz to kolejny klejnot pustyni, wysoce odporny na susz\u0119, \u0142atwy w uprawie i doskona\u0142y do obsadze\u0144 nas\u0142onecznionych po\u0142aci ogrodu. Oznacza si\u0119 p\u0142atkami\u00a0jakby z br\u0105zu w odcieniu pomara\u0144czowym oraz bia\u0142ym\u00a0\u015brodkiem. To szlachetne i pi\u0119kne dope\u0142nienie rabaty. Rodzaj: Delosperma Barwa: pomara\u0144czowo- bia\u0142a szeroko\u015b\u0107: 25\u00a0cm wysoko\u015b\u0107: 10\u00a0cm wysoko\u015b\u0107 (kwitnienie): 12 cm kwitnienie: maj &hellip; S\u0142onecznica Jewel of Desert Topaz Read More &raquo;\" \/>\n<meta property=\"og:url\" content=\"https:\/\/www.ogrodolszanica.pl\/index.php\/produkt\/slonecznica-jewel-of-desert-topaz\/\" \/>\n<meta property=\"og:site_name\" content=\"Ogr&oacute;d Olszanica\" \/>\n<meta property=\"article:publisher\" content=\"https:\/\/www.facebook.com\/Ogrd-Olszanica-100807179225223\" \/>\n<meta property=\"article:modified_time\" content=\"2026-03-07T19:39:43+00:00\" \/>\n<meta property=\"og:image\" content=\"https:\/\/www.ogrodolszanica.pl\/wp-content\/uploads\/2024\/01\/delosperma-jewel-of-desert-topaz_78113_1.jpg\" \/>\n\t<meta property=\"og:image:width\" content=\"650\" \/>\n\t<meta property=\"og:image:height\" content=\"650\" \/>\n\t<meta property=\"og:image:type\" content=\"image\/jpeg\" \/>\n<meta name=\"author\" content=\"admin\" \/>\n<meta name=\"twitter:card\" content=\"summary_large_image\" \/>\n<meta name=\"twitter:label1\" content=\"Szacowany czas czytania\" \/>\n\t<meta name=\"twitter:data1\" content=\"1 minuta\" \/>\n<script type=\"application\/ld+json\" class=\"yoast-schema-graph\">{\"@context\":\"https:\/\/schema.org\",\"@graph\":[{\"@type\":\"Organization\",\"@id\":\"https:\/\/www.ogrodolszanica.pl\/#organization\",\"name\":\"Ogr\u00f3d Olszanica - Krakowskie Centrum Ogrodnicze\",\"url\":\"https:\/\/www.ogrodolszanica.pl\/\",\"sameAs\":[\"https:\/\/www.facebook.com\/Ogrd-Olszanica-100807179225223\"],\"logo\":{\"@type\":\"ImageObject\",\"inLanguage\":\"pl-PL\",\"@id\":\"https:\/\/www.ogrodolszanica.pl\/#\/schema\/logo\/image\/\",\"url\":\"http:\/\/www.ogrodolszanica.pl\/wp-content\/uploads\/2022\/06\/Ogrod-Olszanica1-1.png\",\"contentUrl\":\"http:\/\/www.ogrodolszanica.pl\/wp-content\/uploads\/2022\/06\/Ogrod-Olszanica1-1.png\",\"width\":180,\"height\":60,\"caption\":\"Ogr\u00f3d Olszanica - Krakowskie Centrum Ogrodnicze\"},\"image\":{\"@id\":\"https:\/\/www.ogrodolszanica.pl\/#\/schema\/logo\/image\/\"}},{\"@type\":\"WebSite\",\"@id\":\"https:\/\/www.ogrodolszanica.pl\/#website\",\"url\":\"https:\/\/www.ogrodolszanica.pl\/\",\"name\":\"Ogr&oacute;d Olszanica\",\"description\":\"Centrum Ogrodnicze Krak&oacute;w\",\"publisher\":{\"@id\":\"https:\/\/www.ogrodolszanica.pl\/#organization\"},\"potentialAction\":[{\"@type\":\"SearchAction\",\"target\":{\"@type\":\"EntryPoint\",\"urlTemplate\":\"https:\/\/www.ogrodolszanica.pl\/?s={search_term_string}\"},\"query-input\":\"required name=search_term_string\"}],\"inLanguage\":\"pl-PL\"},{\"@type\":\"ImageObject\",\"inLanguage\":\"pl-PL\",\"@id\":\"https:\/\/www.ogrodolszanica.pl\/index.php\/produkt\/slonecznica-jewel-of-desert-topaz\/#primaryimage\",\"url\":\"https:\/\/i0.wp.com\/www.ogrodolszanica.pl\/wp-content\/uploads\/2024\/01\/delosperma-jewel-of-desert-topaz_78113_1.jpg?fit=650%2C650&ssl=1\",\"contentUrl\":\"https:\/\/i0.wp.com\/www.ogrodolszanica.pl\/wp-content\/uploads\/2024\/01\/delosperma-jewel-of-desert-topaz_78113_1.jpg?fit=650%2C650&ssl=1\",\"width\":650,\"height\":650},{\"@type\":\"WebPage\",\"@id\":\"https:\/\/www.ogrodolszanica.pl\/index.php\/produkt\/slonecznica-jewel-of-desert-topaz\/#webpage\",\"url\":\"https:\/\/www.ogrodolszanica.pl\/index.php\/produkt\/slonecznica-jewel-of-desert-topaz\/\",\"name\":\"S\u0142onecznica Jewel of Desert Topaz - Ogr&oacute;d Olszanica\",\"isPartOf\":{\"@id\":\"https:\/\/www.ogrodolszanica.pl\/#website\"},\"primaryImageOfPage\":{\"@id\":\"https:\/\/www.ogrodolszanica.pl\/index.php\/produkt\/slonecznica-jewel-of-desert-topaz\/#primaryimage\"},\"datePublished\":\"2024-01-24T18:55:48+00:00\",\"dateModified\":\"2026-03-07T19:39:43+00:00\",\"breadcrumb\":{\"@id\":\"https:\/\/www.ogrodolszanica.pl\/index.php\/produkt\/slonecznica-jewel-of-desert-topaz\/#breadcrumb\"},\"inLanguage\":\"pl-PL\",\"potentialAction\":[{\"@type\":\"ReadAction\",\"target\":[\"https:\/\/www.ogrodolszanica.pl\/index.php\/produkt\/slonecznica-jewel-of-desert-topaz\/\"]}]},{\"@type\":\"BreadcrumbList\",\"@id\":\"https:\/\/www.ogrodolszanica.pl\/index.php\/produkt\/slonecznica-jewel-of-desert-topaz\/#breadcrumb\",\"itemListElement\":[{\"@type\":\"ListItem\",\"position\":1,\"name\":\"Strona g\u0142\u00f3wna\",\"item\":\"https:\/\/www.ogrodolszanica.pl\/\"},{\"@type\":\"ListItem\",\"position\":2,\"name\":\"Produkty\",\"item\":\"https:\/\/www.ogrodolszanica.pl\/index.php\/shop\/\"},{\"@type\":\"ListItem\",\"position\":3,\"name\":\"S\u0142onecznica Jewel of Desert Topaz\"}]}]}<\/script>\n<!-- \/ Yoast SEO plugin. -->","yoast_head_json":{"title":"S\u0142onecznica Jewel of Desert Topaz - Ogr&oacute;d Olszanica","robots":{"index":"index","follow":"follow","max-snippet":"max-snippet:-1","max-image-preview":"max-image-preview:large","max-video-preview":"max-video-preview:-1"},"canonical":"https:\/\/www.ogrodolszanica.pl\/index.php\/produkt\/slonecznica-jewel-of-desert-topaz\/","og_locale":"pl_PL","og_type":"article","og_title":"S\u0142onecznica Jewel of Desert Topaz - Ogr&oacute;d Olszanica","og_description":"S\u0142onecznica Jewel of Desert Topaz Topaz to kolejny klejnot pustyni, wysoce odporny na susz\u0119, \u0142atwy w uprawie i doskona\u0142y do obsadze\u0144 nas\u0142onecznionych po\u0142aci ogrodu. Oznacza si\u0119 p\u0142atkami\u00a0jakby z br\u0105zu w odcieniu pomara\u0144czowym oraz bia\u0142ym\u00a0\u015brodkiem. To szlachetne i pi\u0119kne dope\u0142nienie rabaty. Rodzaj: Delosperma Barwa: pomara\u0144czowo- bia\u0142a szeroko\u015b\u0107: 25\u00a0cm wysoko\u015b\u0107: 10\u00a0cm wysoko\u015b\u0107 (kwitnienie): 12 cm kwitnienie: maj &hellip; S\u0142onecznica Jewel of Desert Topaz Read More &raquo;","og_url":"https:\/\/www.ogrodolszanica.pl\/index.php\/produkt\/slonecznica-jewel-of-desert-topaz\/","og_site_name":"Ogr&oacute;d Olszanica","article_publisher":"https:\/\/www.facebook.com\/Ogrd-Olszanica-100807179225223","article_modified_time":"2026-03-07T19:39:43+00:00","og_image":[{"width":650,"height":650,"url":"https:\/\/www.ogrodolszanica.pl\/wp-content\/uploads\/2024\/01\/delosperma-jewel-of-desert-topaz_78113_1.jpg","type":"image\/jpeg"}],"author":"admin","twitter_card":"summary_large_image","twitter_misc":{"Szacowany czas czytania":"1 minuta"},"schema":{"@context":"https:\/\/schema.org","@graph":[{"@type":"Organization","@id":"https:\/\/www.ogrodolszanica.pl\/#organization","name":"Ogr\u00f3d Olszanica - Krakowskie Centrum Ogrodnicze","url":"https:\/\/www.ogrodolszanica.pl\/","sameAs":["https:\/\/www.facebook.com\/Ogrd-Olszanica-100807179225223"],"logo":{"@type":"ImageObject","inLanguage":"pl-PL","@id":"https:\/\/www.ogrodolszanica.pl\/#\/schema\/logo\/image\/","url":"http:\/\/www.ogrodolszanica.pl\/wp-content\/uploads\/2022\/06\/Ogrod-Olszanica1-1.png","contentUrl":"http:\/\/www.ogrodolszanica.pl\/wp-content\/uploads\/2022\/06\/Ogrod-Olszanica1-1.png","width":180,"height":60,"caption":"Ogr\u00f3d Olszanica - Krakowskie Centrum Ogrodnicze"},"image":{"@id":"https:\/\/www.ogrodolszanica.pl\/#\/schema\/logo\/image\/"}},{"@type":"WebSite","@id":"https:\/\/www.ogrodolszanica.pl\/#website","url":"https:\/\/www.ogrodolszanica.pl\/","name":"Ogr&oacute;d Olszanica","description":"Centrum Ogrodnicze Krak&oacute;w","publisher":{"@id":"https:\/\/www.ogrodolszanica.pl\/#organization"},"potentialAction":[{"@type":"SearchAction","target":{"@type":"EntryPoint","urlTemplate":"https:\/\/www.ogrodolszanica.pl\/?s={search_term_string}"},"query-input":"required name=search_term_string"}],"inLanguage":"pl-PL"},{"@type":"ImageObject","inLanguage":"pl-PL","@id":"https:\/\/www.ogrodolszanica.pl\/index.php\/produkt\/slonecznica-jewel-of-desert-topaz\/#primaryimage","url":"https:\/\/i0.wp.com\/www.ogrodolszanica.pl\/wp-content\/uploads\/2024\/01\/delosperma-jewel-of-desert-topaz_78113_1.jpg?fit=650%2C650&ssl=1","contentUrl":"https:\/\/i0.wp.com\/www.ogrodolszanica.pl\/wp-content\/uploads\/2024\/01\/delosperma-jewel-of-desert-topaz_78113_1.jpg?fit=650%2C650&ssl=1","width":650,"height":650},{"@type":"WebPage","@id":"https:\/\/www.ogrodolszanica.pl\/index.php\/produkt\/slonecznica-jewel-of-desert-topaz\/#webpage","url":"https:\/\/www.ogrodolszanica.pl\/index.php\/produkt\/slonecznica-jewel-of-desert-topaz\/","name":"S\u0142onecznica Jewel of Desert Topaz - Ogr&oacute;d Olszanica","isPartOf":{"@id":"https:\/\/www.ogrodolszanica.pl\/#website"},"primaryImageOfPage":{"@id":"https:\/\/www.ogrodolszanica.pl\/index.php\/produkt\/slonecznica-jewel-of-desert-topaz\/#primaryimage"},"datePublished":"2024-01-24T18:55:48+00:00","dateModified":"2026-03-07T19:39:43+00:00","breadcrumb":{"@id":"https:\/\/www.ogrodolszanica.pl\/index.php\/produkt\/slonecznica-jewel-of-desert-topaz\/#breadcrumb"},"inLanguage":"pl-PL","potentialAction":[{"@type":"ReadAction","target":["https:\/\/www.ogrodolszanica.pl\/index.php\/produkt\/slonecznica-jewel-of-desert-topaz\/"]}]},{"@type":"BreadcrumbList","@id":"https:\/\/www.ogrodolszanica.pl\/index.php\/produkt\/slonecznica-jewel-of-desert-topaz\/#breadcrumb","itemListElement":[{"@type":"ListItem","position":1,"name":"Strona g\u0142\u00f3wna","item":"https:\/\/www.ogrodolszanica.pl\/"},{"@type":"ListItem","position":2,"name":"Produkty","item":"https:\/\/www.ogrodolszanica.pl\/index.php\/shop\/"},{"@type":"ListItem","position":3,"name":"S\u0142onecznica Jewel of Desert Topaz"}]}]}},"jetpack-related-posts":[{"id":2559,"url":"https:\/\/www.ogrodolszanica.pl\/index.php\/produkt\/slonecznica-jewel-of-desert-amethyst\/","url_meta":{"origin":2610,"position":0},"title":"S\u0142onecznica Jewel of Desert Amethyst","date":"23 stycznia, 2024","format":false,"excerpt":"S\u0142onecznica Jewel of Desert Amethyst Ten wyj\u0105tkowy Przypo\u0142udnik kwitnie przez ca\u0142e lato. Liczne kwiatostany rozwijaj\u0105 si\u0119 w formie r\u00f3\u017cowej rozety z bia\u0142o-\u017c\u00f3\u0142tym \u015brodkiem. Nie toleruje zbyt du\u017cej wilgoci i preferuje s\u0142oneczne stanowisko. Ro\u015blina ta jest bardzo \u0142atwa w uprawie. Rodzaj: Delosperma Barwa: R\u00f3\u017cowa z oczkiem szeroko\u015b\u0107: 25\u00a0cm wysoko\u015b\u0107: 10\u00a0cm wysoko\u015b\u0107\u2026","rel":"","context":"Similar post","img":{"alt_text":"","src":"https:\/\/i0.wp.com\/www.ogrodolszanica.pl\/wp-content\/uploads\/2024\/01\/byliny-i-trawy_jewel-of-desert_78169_1.jpg?fit=650%2C650&ssl=1&resize=350%2C200","width":350,"height":200},"classes":[]},{"id":2586,"url":"https:\/\/www.ogrodolszanica.pl\/index.php\/produkt\/slonecznica-jewel-of-desert-garnet\/","url_meta":{"origin":2610,"position":1},"title":"S\u0142onecznica Jewel of Desert Garnet","date":"24 stycznia, 2024","format":false,"excerpt":"S\u0142onecznica Jewel of Desert Garnet Odmiana o niepowtarzalnych, w\u0105skich niczym igie\u0142ki, mieni\u0105cych si\u0119, czerwonych p\u0142atkach nasyconych barw\u0105 jak owoc granatu. Doskona\u0142y wyb\u00f3r na pokrycie gruntu w nas\u0142onecznionych miejscach, gdy\u017c ta wysoce odporna na susz\u0119 odmiana b\u0119dzie po\u0142aci\u0105 intensywnego koloru od p\u00f3\u017anej wiosny do jesieni. \u0141atwa w uprawie i bardzo wytrzyma\u0142a.\u2026","rel":"","context":"Similar post","img":{"alt_text":"","src":"https:\/\/i0.wp.com\/www.ogrodolszanica.pl\/wp-content\/uploads\/2024\/01\/byliny-i-trawy_jewel-of-desert_78114_1.jpg?fit=650%2C650&ssl=1&resize=350%2C200","width":350,"height":200},"classes":[]},{"id":2703,"url":"https:\/\/www.ogrodolszanica.pl\/index.php\/produkt\/slonecznica-alba\/","url_meta":{"origin":2610,"position":2},"title":"S\u0142onecznica Alba","date":"31 stycznia, 2024","format":false,"excerpt":"S\u0142onecznica Alba Rodzaj: Delosperma Barwa: Bia\u0142a szeroko\u015b\u0107: 25\u00a0cm wysoko\u015b\u0107: 5 cm wysoko\u015b\u0107 (kwitnienie): 10 cm kwitnienie: maj \u00f7 czerwiec stanowisko: s\u0142oneczne Dobierz odpowiednie pod\u0142o\u017ce z wybranych produkt\u00f3w w naszym sklepie: Pod\u0142o\u017ca \u00a0","rel":"","context":"Similar post","img":{"alt_text":"","src":"https:\/\/i0.wp.com\/www.ogrodolszanica.pl\/wp-content\/uploads\/2024\/01\/byliny-i-trawy_delosperma_77624_3.jpg?fit=434%2C650&ssl=1&resize=350%2C200","width":350,"height":200},"classes":[]},{"id":1591,"url":"https:\/\/www.ogrodolszanica.pl\/index.php\/produkt\/slonecznica-sundella-orange\/","url_meta":{"origin":2610,"position":3},"title":"S\u0142onecznica Sundella Orange","date":"13 lipca, 2022","format":false,"excerpt":"S\u0142oneZawci\u0105g Armada Rose Ro\u015blina ta tworzy zwarte k\u0119py b\u0105d\u017a g\u0119ste darnie z zimozielonych, mi\u0119sistych li\u015bci. Na wiosn\u0119 obsypuje si\u0119 licznymi tr\u00f3jkolorowymi kwiatami z mieszank\u0105 barw pomara\u0144czu, czerwieni i fioletu. Kwitnie latem ale mniej obficie ni\u017c na wiosn\u0119. Idealna na rabaty skalne z przepuszczaln\u0105 ziemi\u0105. Rodzaj: Delosperma Barwa: Pomara\u0144cz szeroko\u015b\u0107: 20\u00a0cm\u2026","rel":"","context":"Similar post","img":{"alt_text":"","src":"https:\/\/i0.wp.com\/www.ogrodolszanica.pl\/wp-content\/uploads\/2022\/07\/delosperma-sundella-orange_78184_1.jpg?fit=320%2C320&ssl=1&resize=350%2C200","width":350,"height":200},"classes":[]},{"id":1549,"url":"https:\/\/www.ogrodolszanica.pl\/index.php\/produkt\/jezowka-echinacea-green-jewel\/","url_meta":{"origin":2610,"position":4},"title":"Je\u017c\u00f3wka Green Jewel","date":"11 lipca, 2022","format":false,"excerpt":"Je\u017c\u00f3wka Echinacea Green Jewel Bardzo charakterystyczna odmiana kt\u00f3rej nie mo\u017cna przegapi\u0107. Liczne jasnozielone kwiaty otaczaj\u0105 ciemnozielony \u015brodek. Prawdziwie zielony kolor jest \u015bwietnym dodatkiem do ka\u017cdego ogrodu czy teren\u00f3w zieleni. Dodatkow\u0105 zalet\u0105 jest zwarty pokr\u00f3j. Jest to wytrzyma\u0142a i ma\u0142o wymagaj\u0105ca odmiana. Rodzaj: Je\u017c\u00f3wka Barwa: Zielono-bia\u0142y szeroko\u015b\u0107: 20\u00a0cm wysoko\u015b\u0107: 30\u00a0cm wysoko\u015b\u0107\u2026","rel":"","context":"Similar post","img":{"alt_text":"","src":"https:\/\/i0.wp.com\/www.ogrodolszanica.pl\/wp-content\/uploads\/2022\/07\/byliny-i-trawy_echinacea-jezowka_74296_1.jpg?fit=650%2C650&ssl=1&resize=350%2C200","width":350,"height":200},"classes":[]},{"id":2426,"url":"https:\/\/www.ogrodolszanica.pl\/index.php\/produkt\/miskant-punktchen\/","url_meta":{"origin":2610,"position":5},"title":"Miskant P\u00fcnktchen","date":"26 sierpnia, 2023","format":false,"excerpt":"Miskant P\u00fcnktchen Miskant kt\u00f3ry w przeciwie\u0144stwie do odmiany 'Strictus' posiada \u0142ukowato zwisaj\u0105ce zielone li\u015bcie z \u017c\u00f3\u0142tymi punktami. Zakwita w przypadku wystarczaj\u0105co ciep\u0142ego roku. Rodzaj: Miskant Barwa: Zielono-bia\u0142y szeroko\u015b\u0107: 40 cm wysoko\u015b\u0107: 150\u00a0cm wysoko\u015b\u0107 (kwitnienie): 200\u00a0cm kwitnienie: wrzesie\u0144 \u00f7 pa\u017adziernik stanowisko:\u00a0s\u0142oneczne Dobierz odpowiednie pod\u0142o\u017ce z wybranych produkt\u00f3w w naszym sklepie: Pod\u0142o\u017ca\u2026","rel":"","context":"Similar post","img":{"alt_text":"","src":"https:\/\/i0.wp.com\/www.ogrodolszanica.pl\/wp-content\/uploads\/2023\/08\/miscanthus-pznktchen_3.jpg?fit=435%2C650&ssl=1&resize=350%2C200","width":350,"height":200},"classes":[]}],"_links":{"self":[{"href":"https:\/\/www.ogrodolszanica.pl\/index.php\/wp-json\/wp\/v2\/product\/2610","targetHints":{"allow":["GET"]}}],"collection":[{"href":"https:\/\/www.ogrodolszanica.pl\/index.php\/wp-json\/wp\/v2\/product"}],"about":[{"href":"https:\/\/www.ogrodolszanica.pl\/index.php\/wp-json\/wp\/v2\/types\/product"}],"replies":[{"embeddable":true,"href":"https:\/\/www.ogrodolszanica.pl\/index.php\/wp-json\/wp\/v2\/comments?post=2610"}],"wp:featuredmedia":[{"embeddable":true,"href":"https:\/\/www.ogrodolszanica.pl\/index.php\/wp-json\/wp\/v2\/media\/2611"}],"wp:attachment":[{"href":"https:\/\/www.ogrodolszanica.pl\/index.php\/wp-json\/wp\/v2\/media?parent=2610"}],"wp:term":[{"taxonomy":"product_cat","embeddable":true,"href":"https:\/\/www.ogrodolszanica.pl\/index.php\/wp-json\/wp\/v2\/product_cat?post=2610"},{"taxonomy":"product_tag","embeddable":true,"href":"https:\/\/www.ogrodolszanica.pl\/index.php\/wp-json\/wp\/v2\/product_tag?post=2610"}],"curies":[{"name":"wp","href":"https:\/\/api.w.org\/{rel}","templated":true}]}}