{"id":1860,"date":"2022-07-23T14:41:55","date_gmt":"2022-07-23T14:41:55","guid":{"rendered":"https:\/\/www.ogrodolszanica.pl\/?post_type=product&#038;p=1860"},"modified":"2026-03-03T17:45:19","modified_gmt":"2026-03-03T17:45:19","slug":"forsycja-maluch","status":"publish","type":"product","link":"https:\/\/www.ogrodolszanica.pl\/index.php\/produkt\/forsycja-maluch\/","title":{"rendered":"Forsycja Maluch"},"content":{"rendered":"<h2 style=\"text-align: center;\">Forsycja Maluch<\/h2>\n<p>Wolnorosn\u0105ca odmiana forsycji wyr\u00f3\u017cniaj\u0105ca si\u0119 regularnym, zaokr\u0105glonym pokrojem, du\u017c\u0105 mrozoodporno\u015bci\u0105 p\u0105k\u00f3w kwiatowych i obfitym kwitnieniem wczesn\u0105 wiosn\u0105. Kwiaty jasno\u017c\u00f3\u0142te, niedu\u017ce, do 2 cm d\u0142ugo\u015bci, g\u0119sto osadzone wzd\u0142u\u017c ca\u0142ych ga\u0142\u0105zek, ukazuj\u0105 si\u0119 na prze\u0142omie marca i kwietnia. Idealna dla ma\u0142ych ogrod\u00f3w, \u0142adny akcent wiosn\u0105, mo\u017cna j\u0105 sadzi\u0107 pojedynczo, w grupie lub w kompozycji z innymi ro\u015blinami. Forsycja Maluch jest odporna na niskie temperatury. Jest gatunkiem bardzo rzadko atakowanym przez choroby i szkodniki. Forsycja nie wymaga corocznego ci\u0119cia. Ewentualnym zabiegiem piel\u0119gnacyjnym stosowanym na starszych krzewach, jest usuwanie po wiosennym kwitnieniu najstarszych p\u0119d\u00f3w co stymuluje wyrastanie nowych, m\u0142odych p\u0119d\u00f3w, kt\u00f3re z czasem zast\u0105pi\u0105 wyeksploatowane p\u0119dy i zintensyfikuj\u0105 kwitnienie ro\u015blin.<\/p>\n<ul>\n<li>Rodzaj: Forsycja<\/li>\n<li>Barwa: \u017b\u00f3\u0142ty<\/li>\n<li>\n<div>szeroko\u015b\u0107: <strong>40 cm<\/strong><\/div>\n<\/li>\n<li>\n<div><b><\/b>wysoko\u015b\u0107: <strong>70<\/strong><b>\u00a0cm<\/b><\/div>\n<\/li>\n<li>\n<div><b><\/b>wysoko\u015b\u0107 (kwitnienie): <strong>100<\/strong><b>\u00a0cm<\/b><\/div>\n<\/li>\n<li>\n<div><b><\/b>kwitnienie: <b>maj \u00f7 czerwiec<\/b><\/div>\n<\/li>\n<li>\n<div><b><\/b>stanowisko:\u00a0<b>s\u0142oneczne, p\u00f3\u0142cieniste<\/b><\/div>\n<\/li>\n<\/ul>\n<p>Dobierz odpowiednie pod\u0142o\u017ce z wybranych produkt\u00f3w w naszym sklepie: <a href=\"https:\/\/www.ogrodolszanica.pl\/index.php\/kategoria-produktu\/zin\/\">Pod\u0142o\u017ca<\/a><\/p>\n<p>&nbsp;<\/p>\n<p>&nbsp;<\/p>\n","protected":false},"excerpt":{"rendered":"<p>Forsycja Maluch Wolnorosn\u0105ca odmiana forsycji wyr\u00f3\u017cniaj\u0105ca si\u0119 regularnym, zaokr\u0105glonym pokrojem, du\u017c\u0105 mrozoodporno\u015bci\u0105 p\u0105k\u00f3w kwiatowych i obfitym kwitnieniem wczesn\u0105 wiosn\u0105. Kwiaty jasno\u017c\u00f3\u0142te, niedu\u017ce, do 2 cm d\u0142ugo\u015bci, g\u0119sto osadzone wzd\u0142u\u017c ca\u0142ych ga\u0142\u0105zek, ukazuj\u0105 si\u0119 na prze\u0142omie marca i kwietnia. Idealna dla ma\u0142ych ogrod\u00f3w, \u0142adny akcent wiosn\u0105, mo\u017cna j\u0105 sadzi\u0107 pojedynczo, w grupie lub w kompozycji z &hellip;<\/p>\n<p class=\"read-more\"> <a class=\"\" href=\"https:\/\/www.ogrodolszanica.pl\/index.php\/produkt\/forsycja-maluch\/\"> <span class=\"screen-reader-text\">Forsycja Maluch<\/span> Read More &raquo;<\/a><\/p>\n","protected":false},"featured_media":1861,"comment_status":"open","ping_status":"closed","template":"","meta":{"site-sidebar-layout":"default","site-content-layout":"default","ast-global-header-display":"","ast-main-header-display":"","ast-hfb-above-header-display":"","ast-hfb-below-header-display":"","ast-hfb-mobile-header-display":"","site-post-title":"","ast-breadcrumbs-content":"","ast-featured-img":"","footer-sml-layout":"","theme-transparent-header-meta":"default","adv-header-id-meta":"","stick-header-meta":"","header-above-stick-meta":"","header-main-stick-meta":"","header-below-stick-meta":"","spay_email":""},"product_cat":[39,20],"product_tag":[],"class_list":["post-1860","product","type-product","status-publish","has-post-thumbnail","hentry","product_cat-krzewy","product_cat-rosliny"],"yoast_head":"<!-- This site is optimized with the Yoast SEO plugin v19.2 - https:\/\/yoast.com\/wordpress\/plugins\/seo\/ -->\n<title>Forsycja Maluch - Ogr&oacute;d Olszanica<\/title>\n<meta name=\"robots\" content=\"index, follow, max-snippet:-1, max-image-preview:large, max-video-preview:-1\" \/>\n<link rel=\"canonical\" href=\"https:\/\/www.ogrodolszanica.pl\/index.php\/produkt\/forsycja-maluch\/\" \/>\n<meta property=\"og:locale\" content=\"pl_PL\" \/>\n<meta property=\"og:type\" content=\"article\" \/>\n<meta property=\"og:title\" content=\"Forsycja Maluch - Ogr&oacute;d Olszanica\" \/>\n<meta property=\"og:description\" content=\"Forsycja Maluch Wolnorosn\u0105ca odmiana forsycji wyr\u00f3\u017cniaj\u0105ca si\u0119 regularnym, zaokr\u0105glonym pokrojem, du\u017c\u0105 mrozoodporno\u015bci\u0105 p\u0105k\u00f3w kwiatowych i obfitym kwitnieniem wczesn\u0105 wiosn\u0105. Kwiaty jasno\u017c\u00f3\u0142te, niedu\u017ce, do 2 cm d\u0142ugo\u015bci, g\u0119sto osadzone wzd\u0142u\u017c ca\u0142ych ga\u0142\u0105zek, ukazuj\u0105 si\u0119 na prze\u0142omie marca i kwietnia. Idealna dla ma\u0142ych ogrod\u00f3w, \u0142adny akcent wiosn\u0105, mo\u017cna j\u0105 sadzi\u0107 pojedynczo, w grupie lub w kompozycji z &hellip; Forsycja Maluch Read More &raquo;\" \/>\n<meta property=\"og:url\" content=\"https:\/\/www.ogrodolszanica.pl\/index.php\/produkt\/forsycja-maluch\/\" \/>\n<meta property=\"og:site_name\" content=\"Ogr&oacute;d Olszanica\" \/>\n<meta property=\"article:publisher\" content=\"https:\/\/www.facebook.com\/Ogrd-Olszanica-100807179225223\" \/>\n<meta property=\"article:modified_time\" content=\"2026-03-03T17:45:19+00:00\" \/>\n<meta property=\"og:image\" content=\"https:\/\/www.ogrodolszanica.pl\/wp-content\/uploads\/2022\/07\/293439227_457635415873058_3865768687236356939_n.jpg\" \/>\n\t<meta property=\"og:image:width\" content=\"1500\" \/>\n\t<meta property=\"og:image:height\" content=\"2000\" \/>\n\t<meta property=\"og:image:type\" content=\"image\/jpeg\" \/>\n<meta name=\"author\" content=\"admin\" \/>\n<meta name=\"twitter:card\" content=\"summary_large_image\" \/>\n<meta name=\"twitter:label1\" content=\"Szacowany czas czytania\" \/>\n\t<meta name=\"twitter:data1\" content=\"1 minuta\" \/>\n<script type=\"application\/ld+json\" class=\"yoast-schema-graph\">{\"@context\":\"https:\/\/schema.org\",\"@graph\":[{\"@type\":\"Organization\",\"@id\":\"https:\/\/www.ogrodolszanica.pl\/#organization\",\"name\":\"Ogr\u00f3d Olszanica - Krakowskie Centrum Ogrodnicze\",\"url\":\"https:\/\/www.ogrodolszanica.pl\/\",\"sameAs\":[\"https:\/\/www.facebook.com\/Ogrd-Olszanica-100807179225223\"],\"logo\":{\"@type\":\"ImageObject\",\"inLanguage\":\"pl-PL\",\"@id\":\"https:\/\/www.ogrodolszanica.pl\/#\/schema\/logo\/image\/\",\"url\":\"http:\/\/www.ogrodolszanica.pl\/wp-content\/uploads\/2022\/06\/Ogrod-Olszanica1-1.png\",\"contentUrl\":\"http:\/\/www.ogrodolszanica.pl\/wp-content\/uploads\/2022\/06\/Ogrod-Olszanica1-1.png\",\"width\":180,\"height\":60,\"caption\":\"Ogr\u00f3d Olszanica - Krakowskie Centrum Ogrodnicze\"},\"image\":{\"@id\":\"https:\/\/www.ogrodolszanica.pl\/#\/schema\/logo\/image\/\"}},{\"@type\":\"WebSite\",\"@id\":\"https:\/\/www.ogrodolszanica.pl\/#website\",\"url\":\"https:\/\/www.ogrodolszanica.pl\/\",\"name\":\"Ogr&oacute;d Olszanica\",\"description\":\"Centrum Ogrodnicze Krak&oacute;w\",\"publisher\":{\"@id\":\"https:\/\/www.ogrodolszanica.pl\/#organization\"},\"potentialAction\":[{\"@type\":\"SearchAction\",\"target\":{\"@type\":\"EntryPoint\",\"urlTemplate\":\"https:\/\/www.ogrodolszanica.pl\/?s={search_term_string}\"},\"query-input\":\"required name=search_term_string\"}],\"inLanguage\":\"pl-PL\"},{\"@type\":\"ImageObject\",\"inLanguage\":\"pl-PL\",\"@id\":\"https:\/\/www.ogrodolszanica.pl\/index.php\/produkt\/forsycja-maluch\/#primaryimage\",\"url\":\"https:\/\/i0.wp.com\/www.ogrodolszanica.pl\/wp-content\/uploads\/2022\/07\/293439227_457635415873058_3865768687236356939_n.jpg?fit=1500%2C2000&ssl=1\",\"contentUrl\":\"https:\/\/i0.wp.com\/www.ogrodolszanica.pl\/wp-content\/uploads\/2022\/07\/293439227_457635415873058_3865768687236356939_n.jpg?fit=1500%2C2000&ssl=1\",\"width\":1500,\"height\":2000},{\"@type\":\"WebPage\",\"@id\":\"https:\/\/www.ogrodolszanica.pl\/index.php\/produkt\/forsycja-maluch\/#webpage\",\"url\":\"https:\/\/www.ogrodolszanica.pl\/index.php\/produkt\/forsycja-maluch\/\",\"name\":\"Forsycja Maluch - Ogr&oacute;d Olszanica\",\"isPartOf\":{\"@id\":\"https:\/\/www.ogrodolszanica.pl\/#website\"},\"primaryImageOfPage\":{\"@id\":\"https:\/\/www.ogrodolszanica.pl\/index.php\/produkt\/forsycja-maluch\/#primaryimage\"},\"datePublished\":\"2022-07-23T14:41:55+00:00\",\"dateModified\":\"2026-03-03T17:45:19+00:00\",\"breadcrumb\":{\"@id\":\"https:\/\/www.ogrodolszanica.pl\/index.php\/produkt\/forsycja-maluch\/#breadcrumb\"},\"inLanguage\":\"pl-PL\",\"potentialAction\":[{\"@type\":\"ReadAction\",\"target\":[\"https:\/\/www.ogrodolszanica.pl\/index.php\/produkt\/forsycja-maluch\/\"]}]},{\"@type\":\"BreadcrumbList\",\"@id\":\"https:\/\/www.ogrodolszanica.pl\/index.php\/produkt\/forsycja-maluch\/#breadcrumb\",\"itemListElement\":[{\"@type\":\"ListItem\",\"position\":1,\"name\":\"Strona g\u0142\u00f3wna\",\"item\":\"https:\/\/www.ogrodolszanica.pl\/\"},{\"@type\":\"ListItem\",\"position\":2,\"name\":\"Produkty\",\"item\":\"https:\/\/www.ogrodolszanica.pl\/index.php\/shop\/\"},{\"@type\":\"ListItem\",\"position\":3,\"name\":\"Forsycja Maluch\"}]}]}<\/script>\n<!-- \/ Yoast SEO plugin. -->","yoast_head_json":{"title":"Forsycja Maluch - Ogr&oacute;d Olszanica","robots":{"index":"index","follow":"follow","max-snippet":"max-snippet:-1","max-image-preview":"max-image-preview:large","max-video-preview":"max-video-preview:-1"},"canonical":"https:\/\/www.ogrodolszanica.pl\/index.php\/produkt\/forsycja-maluch\/","og_locale":"pl_PL","og_type":"article","og_title":"Forsycja Maluch - Ogr&oacute;d Olszanica","og_description":"Forsycja Maluch Wolnorosn\u0105ca odmiana forsycji wyr\u00f3\u017cniaj\u0105ca si\u0119 regularnym, zaokr\u0105glonym pokrojem, du\u017c\u0105 mrozoodporno\u015bci\u0105 p\u0105k\u00f3w kwiatowych i obfitym kwitnieniem wczesn\u0105 wiosn\u0105. Kwiaty jasno\u017c\u00f3\u0142te, niedu\u017ce, do 2 cm d\u0142ugo\u015bci, g\u0119sto osadzone wzd\u0142u\u017c ca\u0142ych ga\u0142\u0105zek, ukazuj\u0105 si\u0119 na prze\u0142omie marca i kwietnia. Idealna dla ma\u0142ych ogrod\u00f3w, \u0142adny akcent wiosn\u0105, mo\u017cna j\u0105 sadzi\u0107 pojedynczo, w grupie lub w kompozycji z &hellip; Forsycja Maluch Read More &raquo;","og_url":"https:\/\/www.ogrodolszanica.pl\/index.php\/produkt\/forsycja-maluch\/","og_site_name":"Ogr&oacute;d Olszanica","article_publisher":"https:\/\/www.facebook.com\/Ogrd-Olszanica-100807179225223","article_modified_time":"2026-03-03T17:45:19+00:00","og_image":[{"width":1500,"height":2000,"url":"https:\/\/www.ogrodolszanica.pl\/wp-content\/uploads\/2022\/07\/293439227_457635415873058_3865768687236356939_n.jpg","type":"image\/jpeg"}],"author":"admin","twitter_card":"summary_large_image","twitter_misc":{"Szacowany czas czytania":"1 minuta"},"schema":{"@context":"https:\/\/schema.org","@graph":[{"@type":"Organization","@id":"https:\/\/www.ogrodolszanica.pl\/#organization","name":"Ogr\u00f3d Olszanica - Krakowskie Centrum Ogrodnicze","url":"https:\/\/www.ogrodolszanica.pl\/","sameAs":["https:\/\/www.facebook.com\/Ogrd-Olszanica-100807179225223"],"logo":{"@type":"ImageObject","inLanguage":"pl-PL","@id":"https:\/\/www.ogrodolszanica.pl\/#\/schema\/logo\/image\/","url":"http:\/\/www.ogrodolszanica.pl\/wp-content\/uploads\/2022\/06\/Ogrod-Olszanica1-1.png","contentUrl":"http:\/\/www.ogrodolszanica.pl\/wp-content\/uploads\/2022\/06\/Ogrod-Olszanica1-1.png","width":180,"height":60,"caption":"Ogr\u00f3d Olszanica - Krakowskie Centrum Ogrodnicze"},"image":{"@id":"https:\/\/www.ogrodolszanica.pl\/#\/schema\/logo\/image\/"}},{"@type":"WebSite","@id":"https:\/\/www.ogrodolszanica.pl\/#website","url":"https:\/\/www.ogrodolszanica.pl\/","name":"Ogr&oacute;d Olszanica","description":"Centrum Ogrodnicze Krak&oacute;w","publisher":{"@id":"https:\/\/www.ogrodolszanica.pl\/#organization"},"potentialAction":[{"@type":"SearchAction","target":{"@type":"EntryPoint","urlTemplate":"https:\/\/www.ogrodolszanica.pl\/?s={search_term_string}"},"query-input":"required name=search_term_string"}],"inLanguage":"pl-PL"},{"@type":"ImageObject","inLanguage":"pl-PL","@id":"https:\/\/www.ogrodolszanica.pl\/index.php\/produkt\/forsycja-maluch\/#primaryimage","url":"https:\/\/i0.wp.com\/www.ogrodolszanica.pl\/wp-content\/uploads\/2022\/07\/293439227_457635415873058_3865768687236356939_n.jpg?fit=1500%2C2000&ssl=1","contentUrl":"https:\/\/i0.wp.com\/www.ogrodolszanica.pl\/wp-content\/uploads\/2022\/07\/293439227_457635415873058_3865768687236356939_n.jpg?fit=1500%2C2000&ssl=1","width":1500,"height":2000},{"@type":"WebPage","@id":"https:\/\/www.ogrodolszanica.pl\/index.php\/produkt\/forsycja-maluch\/#webpage","url":"https:\/\/www.ogrodolszanica.pl\/index.php\/produkt\/forsycja-maluch\/","name":"Forsycja Maluch - Ogr&oacute;d Olszanica","isPartOf":{"@id":"https:\/\/www.ogrodolszanica.pl\/#website"},"primaryImageOfPage":{"@id":"https:\/\/www.ogrodolszanica.pl\/index.php\/produkt\/forsycja-maluch\/#primaryimage"},"datePublished":"2022-07-23T14:41:55+00:00","dateModified":"2026-03-03T17:45:19+00:00","breadcrumb":{"@id":"https:\/\/www.ogrodolszanica.pl\/index.php\/produkt\/forsycja-maluch\/#breadcrumb"},"inLanguage":"pl-PL","potentialAction":[{"@type":"ReadAction","target":["https:\/\/www.ogrodolszanica.pl\/index.php\/produkt\/forsycja-maluch\/"]}]},{"@type":"BreadcrumbList","@id":"https:\/\/www.ogrodolszanica.pl\/index.php\/produkt\/forsycja-maluch\/#breadcrumb","itemListElement":[{"@type":"ListItem","position":1,"name":"Strona g\u0142\u00f3wna","item":"https:\/\/www.ogrodolszanica.pl\/"},{"@type":"ListItem","position":2,"name":"Produkty","item":"https:\/\/www.ogrodolszanica.pl\/index.php\/shop\/"},{"@type":"ListItem","position":3,"name":"Forsycja Maluch"}]}]}},"jetpack-related-posts":[{"id":1931,"url":"https:\/\/www.ogrodolszanica.pl\/index.php\/produkt\/swierk-bialy-rainbows-end\/","url_meta":{"origin":1860,"position":0},"title":"\u015awierk Bia\u0142y Rainbow&#8217;s End","date":"3 sierpnia, 2022","format":false,"excerpt":"\u015awierk Bia\u0142y Rainbow's End Kar\u0142owa, bardzo wolno rosn\u0105ca forma \u015bwierka, tworz\u0105ca g\u0119ste, regularne sto\u017cki, rocznie przyrasta zaledwie o 5-6 cm. Ig\u0142y s\u0105 kr\u00f3tkie, lekko k\u0142uj\u0105ce, osadzone wok\u00f3\u0142 p\u0119d\u00f3w. \u00a0Pierwszy, wiosenny przyrost jest jasnozielony. Cech\u0105 charakterystyczn\u0105 odmiany jest \u017c\u00f3\u0142tokremowa barwa m\u0142odych p\u0119d\u00f3w pojawiaj\u0105cych si\u0119 w drugim, letnim przyro\u015bcie. Ro\u015blina odporna na\u2026","rel":"","context":"Similar post","img":{"alt_text":"","src":"https:\/\/i0.wp.com\/www.ogrodolszanica.pl\/wp-content\/uploads\/2022\/08\/295939151_329930719259367_7068881054949268080_n.jpg?fit=1200%2C596&ssl=1&resize=350%2C200","width":350,"height":200},"classes":[]},{"id":3499,"url":"https:\/\/www.ogrodolszanica.pl\/index.php\/produkt\/przetacznik-klosowy-ulster-dwarf-blue\/","url_meta":{"origin":1860,"position":1},"title":"Przetacznik k\u0142osowy Ulster Dwarf Blue","date":"27 lutego, 2026","format":false,"excerpt":"Przetacznik k\u0142osowy Ulster Dwarf Blue Veronica spicata Niewysoka bylina wytwarzaj\u0105ca wyprostowane p\u0119dy z du\u017cymi, lancetowatymi li\u015b\u0107mi. W okresie od maja do sierpnia na szczytach p\u0119d\u00f3w wyrastaj\u0105 k\u0142osy intensywnie niebieskich kwiat\u00f3w. Kwitnienie jest najbardziej obfite wiosn\u0105. Na p\u0119dach kwiatostanowych przeplata si\u0119 atramentowa barwa p\u0142atk\u00f3w kwiat\u00f3w ze srebrzystym kolorem p\u0105k\u00f3w. Ca\u0142o\u015b\u0107 pi\u0119knie\u2026","rel":"","context":"Similar post","img":{"alt_text":"","src":"https:\/\/i0.wp.com\/www.ogrodolszanica.pl\/wp-content\/uploads\/2026\/02\/Przetacznik-klosowy-Ulster-Dwarf-Blue-v2-scaled.jpg?fit=904%2C1200&ssl=1&resize=350%2C200","width":350,"height":200},"classes":[]},{"id":1876,"url":"https:\/\/www.ogrodolszanica.pl\/index.php\/produkt\/zawilec-whirlwind\/","url_meta":{"origin":1860,"position":2},"title":"Zawilec Whirlwind","date":"23 lipca, 2022","format":false,"excerpt":"Zawilec miesza\u0144cowy Whirlwind Anemone x hybrida Zawilec 'Whirlwind' jest bylin\u0105 ozdobn\u0105 od lata do p\u00f3\u017anej jesieni. Cieszy si\u0119 d\u0142ugim i obfitym kwitnieniem, kt\u00f3re mo\u017ce trwa\u0107 od sierpnia do pa\u017adziernika, a nawet do listopada. Odmiana ta w czasie kwitnienia osi\u0105ga oko\u0142o 80-120 cm wysoko\u015bci i 60-100 cm \u015brednicy. Zawilec 'Whirlwind' rozrasta\u2026","rel":"","context":"Similar post","img":{"alt_text":"","src":"https:\/\/i0.wp.com\/www.ogrodolszanica.pl\/wp-content\/uploads\/2022\/07\/anemone-whirlwind_5.jpg?fit=464%2C650&ssl=1&resize=350%2C200","width":350,"height":200},"classes":[]},{"id":2569,"url":"https:\/\/www.ogrodolszanica.pl\/index.php\/produkt\/carex-vanilla-ice\/","url_meta":{"origin":1860,"position":3},"title":"Turzyca Vanilla Ice","date":"23 stycznia, 2024","format":false,"excerpt":"Turzyca Morrowa Vanilla Ice Carex morrowii Turzyca Morrowa 'Vanilla Ice' jest zimozielon\u0105, bardzo dekoracyjn\u0105 traw\u0105 ozdobn\u0105 o w\u0105skich, \u0142ukowato przewieszaj\u0105cych si\u0119, dwubarwnych li\u015bciach. Tworzy szerokie i g\u0119ste k\u0119py osi\u0105gaj\u0105ce 40 cm wysoko\u015bci. Li\u015bcie s\u0105 paskowane, maj\u0105 kremowo-\u017c\u00f3\u0142ty, szeroki margines, a przez \u015brodek, przez ca\u0142\u0105 d\u0142ugo\u015b\u0107 li\u015bcia, przebiega szeroki pas zieleni\u2026","rel":"","context":"Similar post","img":{"alt_text":"","src":"https:\/\/i0.wp.com\/www.ogrodolszanica.pl\/wp-content\/uploads\/2024\/01\/Turzyca-Vanilla-Ice-scaled.jpg?fit=904%2C1200&ssl=1&resize=350%2C200","width":350,"height":200},"classes":[]},{"id":3235,"url":"https:\/\/www.ogrodolszanica.pl\/index.php\/produkt\/kuklik-mango-lassi\/","url_meta":{"origin":1860,"position":4},"title":"Kuklik Mango Lassi","date":"23 lutego, 2026","format":false,"excerpt":"Kuklik Mango Lassi 'Kuklik 'Mango Lassi' to niezwykle atrakcyjna bylina, kt\u00f3ra oczarowuje swoimi kwiatami o nietypowym, ciep\u0142ym odcieniu mango. Jest idealnym wyborem dla os\u00f3b pragn\u0105cych wprowadzi\u0107 intensywne barwy do swojego ogrodu lub na taras, nadaj\u0105c przestrzeni przyjemny, tropikalny klimat. Oferowana odmiana wyr\u00f3\u017cnia si\u0119 nie tylko kolorem, ale r\u00f3wnie\u017c d\u0142ugim okresem\u2026","rel":"","context":"Similar post","img":{"alt_text":"","src":"https:\/\/i0.wp.com\/www.ogrodolszanica.pl\/wp-content\/uploads\/2026\/02\/Kuklik-Mango-Lassi-v1-scaled.jpg?fit=904%2C1200&ssl=1&resize=350%2C200","width":350,"height":200},"classes":[]},{"id":2600,"url":"https:\/\/www.ogrodolszanica.pl\/index.php\/produkt\/zagwin-audrey-sky-blue\/","url_meta":{"origin":1860,"position":5},"title":"\u017bagwin ogrodowy Audrey Sky Blue","date":"24 stycznia, 2024","format":false,"excerpt":"\u017bagwin drobny Audrey Sky Blue\u00a0jest wieloletni\u0105 bylin\u0105 k\u0119piast\u0105, zadarniaj\u0105c\u0105. Tworzy dywany dorastaj\u0105ce do 20 cm w trakcie kwitnienia. Bylina na pocz\u0105tku wiosny zakwita obficie jasnofioletowymi kwiatami. \u017bagwin ogrodowy kwitnie wiosn\u0105 (IV-V), jako jedna z pierwszych ro\u015blin na rabacie. Na jesieni mo\u017ce powt\u00f3rzy\u0107 kwitnienie, ale nie jest ono tak obfite jak\u2026","rel":"","context":"Similar post","img":{"alt_text":"","src":"https:\/\/i0.wp.com\/www.ogrodolszanica.pl\/wp-content\/uploads\/2024\/01\/zagwin-ogrodowy-glacier-sky-blue-aubrieta-cultorum-glacier-sky-blue.jpg?fit=350%2C350&ssl=1&resize=350%2C200","width":350,"height":200},"classes":[]}],"_links":{"self":[{"href":"https:\/\/www.ogrodolszanica.pl\/index.php\/wp-json\/wp\/v2\/product\/1860","targetHints":{"allow":["GET"]}}],"collection":[{"href":"https:\/\/www.ogrodolszanica.pl\/index.php\/wp-json\/wp\/v2\/product"}],"about":[{"href":"https:\/\/www.ogrodolszanica.pl\/index.php\/wp-json\/wp\/v2\/types\/product"}],"replies":[{"embeddable":true,"href":"https:\/\/www.ogrodolszanica.pl\/index.php\/wp-json\/wp\/v2\/comments?post=1860"}],"wp:featuredmedia":[{"embeddable":true,"href":"https:\/\/www.ogrodolszanica.pl\/index.php\/wp-json\/wp\/v2\/media\/1861"}],"wp:attachment":[{"href":"https:\/\/www.ogrodolszanica.pl\/index.php\/wp-json\/wp\/v2\/media?parent=1860"}],"wp:term":[{"taxonomy":"product_cat","embeddable":true,"href":"https:\/\/www.ogrodolszanica.pl\/index.php\/wp-json\/wp\/v2\/product_cat?post=1860"},{"taxonomy":"product_tag","embeddable":true,"href":"https:\/\/www.ogrodolszanica.pl\/index.php\/wp-json\/wp\/v2\/product_tag?post=1860"}],"curies":[{"name":"wp","href":"https:\/\/api.w.org\/{rel}","templated":true}]}}