{"id":1763,"date":"2022-07-18T14:28:12","date_gmt":"2022-07-18T14:28:12","guid":{"rendered":"https:\/\/www.ogrodolszanica.pl\/?post_type=product&#038;p=1763"},"modified":"2026-03-03T17:50:44","modified_gmt":"2026-03-03T17:50:44","slug":"hortensja-bukietowa-grandiflora","status":"publish","type":"product","link":"https:\/\/www.ogrodolszanica.pl\/index.php\/produkt\/hortensja-bukietowa-grandiflora\/","title":{"rendered":"Hortensja Bukietowa Grandiflora"},"content":{"rendered":"<h1 style=\"text-align: center;\"><strong>Hortensja Bukietowa Grandiflora<\/strong><\/h1>\n<p>Hortensja bukietowa Grandiflora posiada sztywne, wyprostowane, br\u0105zowe p\u0119dy, kt\u00f3re opieraj\u0105 si\u0119 wiatrom i deszczom, nie uginaj\u0105 si\u0119 te\u017c pod ci\u0119\u017carem wiech. Li\u015bcie, kt\u00f3re w du\u017cej ilo\u015bci oplataj\u0105 \u0142odygi, s\u0105 d\u0142ugie, jajowate i ostro zako\u0144czone, a ich barwa ciemnozielona. Kwiatostany hortensji bukietowej Grandiflora dorastaj\u0105 do 30 centymetr\u00f3w i s\u0105 szerokimi sto\u017ckami. Buduj\u0105 je kwiaty p\u0142onne (dekoracyjne) i p\u0142odne (niepozorne), kt\u00f3re nawzajem si\u0119 przeplataj\u0105. S\u0105 one niewielkie, zbudowane z czterech zachodz\u0105cych na siebie p\u0142atk\u00f3w.<\/p>\n<ul>\n<li>Rodzaj: Hortensja<\/li>\n<li>Barwa: Kremowo-bia\u0142y<\/li>\n<li>\n<div>szeroko\u015b\u0107: <strong>60 cm<\/strong><\/div>\n<\/li>\n<li>\n<div><b><\/b>wysoko\u015b\u0107: <strong>50<\/strong><b>\u00a0cm<\/b><\/div>\n<\/li>\n<li>\n<div><b><\/b>wysoko\u015b\u0107 (kwitnienie): <strong>200<\/strong><b>\u00a0cm<\/b><\/div>\n<\/li>\n<li>\n<div><b><\/b>kwitnienie: <b>sierpie\u0144 \u00f7 wrzesie\u0144<\/b><\/div>\n<\/li>\n<li>\n<div><b><\/b>stanowisko: <strong>s\u0142oneczne,<\/strong> <b>p\u00f3\u0142cieniste<\/b><\/div>\n<\/li>\n<\/ul>\n<p>Dobierz odpowiednie pod\u0142o\u017ce z wybranych produkt\u00f3w w naszym sklepie: <a href=\"https:\/\/www.ogrodolszanica.pl\/index.php\/kategoria-produktu\/zin\/\">Pod\u0142o\u017ca<\/a><\/p>\n<p>&nbsp;<\/p>\n","protected":false},"excerpt":{"rendered":"<p>Hortensja Bukietowa Grandiflora Hortensja bukietowa Grandiflora posiada sztywne, wyprostowane, br\u0105zowe p\u0119dy, kt\u00f3re opieraj\u0105 si\u0119 wiatrom i deszczom, nie uginaj\u0105 si\u0119 te\u017c pod ci\u0119\u017carem wiech. Li\u015bcie, kt\u00f3re w du\u017cej ilo\u015bci oplataj\u0105 \u0142odygi, s\u0105 d\u0142ugie, jajowate i ostro zako\u0144czone, a ich barwa ciemnozielona. Kwiatostany hortensji bukietowej Grandiflora dorastaj\u0105 do 30 centymetr\u00f3w i s\u0105 szerokimi sto\u017ckami. Buduj\u0105 je &hellip;<\/p>\n<p class=\"read-more\"> <a class=\"\" href=\"https:\/\/www.ogrodolszanica.pl\/index.php\/produkt\/hortensja-bukietowa-grandiflora\/\"> <span class=\"screen-reader-text\">Hortensja Bukietowa Grandiflora<\/span> Read More &raquo;<\/a><\/p>\n","protected":false},"featured_media":1764,"comment_status":"open","ping_status":"closed","template":"","meta":{"site-sidebar-layout":"default","site-content-layout":"default","ast-global-header-display":"","ast-main-header-display":"","ast-hfb-above-header-display":"","ast-hfb-below-header-display":"","ast-hfb-mobile-header-display":"","site-post-title":"","ast-breadcrumbs-content":"","ast-featured-img":"","footer-sml-layout":"","theme-transparent-header-meta":"default","adv-header-id-meta":"","stick-header-meta":"","header-above-stick-meta":"","header-main-stick-meta":"","header-below-stick-meta":"","spay_email":""},"product_cat":[39,20],"product_tag":[],"class_list":["post-1763","product","type-product","status-publish","has-post-thumbnail","hentry","product_cat-krzewy","product_cat-rosliny"],"yoast_head":"<!-- This site is optimized with the Yoast SEO plugin v19.2 - https:\/\/yoast.com\/wordpress\/plugins\/seo\/ -->\n<title>Hortensja Bukietowa Grandiflora - Ogr&oacute;d Olszanica<\/title>\n<meta name=\"robots\" content=\"index, follow, max-snippet:-1, max-image-preview:large, max-video-preview:-1\" \/>\n<link rel=\"canonical\" href=\"https:\/\/www.ogrodolszanica.pl\/index.php\/produkt\/hortensja-bukietowa-grandiflora\/\" \/>\n<meta property=\"og:locale\" content=\"pl_PL\" \/>\n<meta property=\"og:type\" content=\"article\" \/>\n<meta property=\"og:title\" content=\"Hortensja Bukietowa Grandiflora - Ogr&oacute;d Olszanica\" \/>\n<meta property=\"og:description\" content=\"Hortensja Bukietowa Grandiflora Hortensja bukietowa Grandiflora posiada sztywne, wyprostowane, br\u0105zowe p\u0119dy, kt\u00f3re opieraj\u0105 si\u0119 wiatrom i deszczom, nie uginaj\u0105 si\u0119 te\u017c pod ci\u0119\u017carem wiech. Li\u015bcie, kt\u00f3re w du\u017cej ilo\u015bci oplataj\u0105 \u0142odygi, s\u0105 d\u0142ugie, jajowate i ostro zako\u0144czone, a ich barwa ciemnozielona. Kwiatostany hortensji bukietowej Grandiflora dorastaj\u0105 do 30 centymetr\u00f3w i s\u0105 szerokimi sto\u017ckami. Buduj\u0105 je &hellip; Hortensja Bukietowa Grandiflora Read More &raquo;\" \/>\n<meta property=\"og:url\" content=\"https:\/\/www.ogrodolszanica.pl\/index.php\/produkt\/hortensja-bukietowa-grandiflora\/\" \/>\n<meta property=\"og:site_name\" content=\"Ogr&oacute;d Olszanica\" \/>\n<meta property=\"article:publisher\" content=\"https:\/\/www.facebook.com\/Ogrd-Olszanica-100807179225223\" \/>\n<meta property=\"article:modified_time\" content=\"2026-03-03T17:50:44+00:00\" \/>\n<meta property=\"og:image\" content=\"https:\/\/www.ogrodolszanica.pl\/wp-content\/uploads\/2022\/07\/291741209_4909638245808516_4296828263222913731_n.jpg\" \/>\n\t<meta property=\"og:image:width\" content=\"1500\" \/>\n\t<meta property=\"og:image:height\" content=\"2000\" \/>\n\t<meta property=\"og:image:type\" content=\"image\/jpeg\" \/>\n<meta name=\"author\" content=\"admin\" \/>\n<meta name=\"twitter:card\" content=\"summary_large_image\" \/>\n<meta name=\"twitter:label1\" content=\"Szacowany czas czytania\" \/>\n\t<meta name=\"twitter:data1\" content=\"1 minuta\" \/>\n<script type=\"application\/ld+json\" class=\"yoast-schema-graph\">{\"@context\":\"https:\/\/schema.org\",\"@graph\":[{\"@type\":\"Organization\",\"@id\":\"https:\/\/www.ogrodolszanica.pl\/#organization\",\"name\":\"Ogr\u00f3d Olszanica - Krakowskie Centrum Ogrodnicze\",\"url\":\"https:\/\/www.ogrodolszanica.pl\/\",\"sameAs\":[\"https:\/\/www.facebook.com\/Ogrd-Olszanica-100807179225223\"],\"logo\":{\"@type\":\"ImageObject\",\"inLanguage\":\"pl-PL\",\"@id\":\"https:\/\/www.ogrodolszanica.pl\/#\/schema\/logo\/image\/\",\"url\":\"http:\/\/www.ogrodolszanica.pl\/wp-content\/uploads\/2022\/06\/Ogrod-Olszanica1-1.png\",\"contentUrl\":\"http:\/\/www.ogrodolszanica.pl\/wp-content\/uploads\/2022\/06\/Ogrod-Olszanica1-1.png\",\"width\":180,\"height\":60,\"caption\":\"Ogr\u00f3d Olszanica - Krakowskie Centrum Ogrodnicze\"},\"image\":{\"@id\":\"https:\/\/www.ogrodolszanica.pl\/#\/schema\/logo\/image\/\"}},{\"@type\":\"WebSite\",\"@id\":\"https:\/\/www.ogrodolszanica.pl\/#website\",\"url\":\"https:\/\/www.ogrodolszanica.pl\/\",\"name\":\"Ogr&oacute;d Olszanica\",\"description\":\"Centrum Ogrodnicze Krak&oacute;w\",\"publisher\":{\"@id\":\"https:\/\/www.ogrodolszanica.pl\/#organization\"},\"potentialAction\":[{\"@type\":\"SearchAction\",\"target\":{\"@type\":\"EntryPoint\",\"urlTemplate\":\"https:\/\/www.ogrodolszanica.pl\/?s={search_term_string}\"},\"query-input\":\"required name=search_term_string\"}],\"inLanguage\":\"pl-PL\"},{\"@type\":\"ImageObject\",\"inLanguage\":\"pl-PL\",\"@id\":\"https:\/\/www.ogrodolszanica.pl\/index.php\/produkt\/hortensja-bukietowa-grandiflora\/#primaryimage\",\"url\":\"https:\/\/i0.wp.com\/www.ogrodolszanica.pl\/wp-content\/uploads\/2022\/07\/291741209_4909638245808516_4296828263222913731_n.jpg?fit=1500%2C2000&ssl=1\",\"contentUrl\":\"https:\/\/i0.wp.com\/www.ogrodolszanica.pl\/wp-content\/uploads\/2022\/07\/291741209_4909638245808516_4296828263222913731_n.jpg?fit=1500%2C2000&ssl=1\",\"width\":1500,\"height\":2000},{\"@type\":\"WebPage\",\"@id\":\"https:\/\/www.ogrodolszanica.pl\/index.php\/produkt\/hortensja-bukietowa-grandiflora\/#webpage\",\"url\":\"https:\/\/www.ogrodolszanica.pl\/index.php\/produkt\/hortensja-bukietowa-grandiflora\/\",\"name\":\"Hortensja Bukietowa Grandiflora - Ogr&oacute;d Olszanica\",\"isPartOf\":{\"@id\":\"https:\/\/www.ogrodolszanica.pl\/#website\"},\"primaryImageOfPage\":{\"@id\":\"https:\/\/www.ogrodolszanica.pl\/index.php\/produkt\/hortensja-bukietowa-grandiflora\/#primaryimage\"},\"datePublished\":\"2022-07-18T14:28:12+00:00\",\"dateModified\":\"2026-03-03T17:50:44+00:00\",\"breadcrumb\":{\"@id\":\"https:\/\/www.ogrodolszanica.pl\/index.php\/produkt\/hortensja-bukietowa-grandiflora\/#breadcrumb\"},\"inLanguage\":\"pl-PL\",\"potentialAction\":[{\"@type\":\"ReadAction\",\"target\":[\"https:\/\/www.ogrodolszanica.pl\/index.php\/produkt\/hortensja-bukietowa-grandiflora\/\"]}]},{\"@type\":\"BreadcrumbList\",\"@id\":\"https:\/\/www.ogrodolszanica.pl\/index.php\/produkt\/hortensja-bukietowa-grandiflora\/#breadcrumb\",\"itemListElement\":[{\"@type\":\"ListItem\",\"position\":1,\"name\":\"Strona g\u0142\u00f3wna\",\"item\":\"https:\/\/www.ogrodolszanica.pl\/\"},{\"@type\":\"ListItem\",\"position\":2,\"name\":\"Produkty\",\"item\":\"https:\/\/www.ogrodolszanica.pl\/index.php\/shop\/\"},{\"@type\":\"ListItem\",\"position\":3,\"name\":\"Hortensja Bukietowa Grandiflora\"}]}]}<\/script>\n<!-- \/ Yoast SEO plugin. -->","yoast_head_json":{"title":"Hortensja Bukietowa Grandiflora - Ogr&oacute;d Olszanica","robots":{"index":"index","follow":"follow","max-snippet":"max-snippet:-1","max-image-preview":"max-image-preview:large","max-video-preview":"max-video-preview:-1"},"canonical":"https:\/\/www.ogrodolszanica.pl\/index.php\/produkt\/hortensja-bukietowa-grandiflora\/","og_locale":"pl_PL","og_type":"article","og_title":"Hortensja Bukietowa Grandiflora - Ogr&oacute;d Olszanica","og_description":"Hortensja Bukietowa Grandiflora Hortensja bukietowa Grandiflora posiada sztywne, wyprostowane, br\u0105zowe p\u0119dy, kt\u00f3re opieraj\u0105 si\u0119 wiatrom i deszczom, nie uginaj\u0105 si\u0119 te\u017c pod ci\u0119\u017carem wiech. Li\u015bcie, kt\u00f3re w du\u017cej ilo\u015bci oplataj\u0105 \u0142odygi, s\u0105 d\u0142ugie, jajowate i ostro zako\u0144czone, a ich barwa ciemnozielona. Kwiatostany hortensji bukietowej Grandiflora dorastaj\u0105 do 30 centymetr\u00f3w i s\u0105 szerokimi sto\u017ckami. Buduj\u0105 je &hellip; Hortensja Bukietowa Grandiflora Read More &raquo;","og_url":"https:\/\/www.ogrodolszanica.pl\/index.php\/produkt\/hortensja-bukietowa-grandiflora\/","og_site_name":"Ogr&oacute;d Olszanica","article_publisher":"https:\/\/www.facebook.com\/Ogrd-Olszanica-100807179225223","article_modified_time":"2026-03-03T17:50:44+00:00","og_image":[{"width":1500,"height":2000,"url":"https:\/\/www.ogrodolszanica.pl\/wp-content\/uploads\/2022\/07\/291741209_4909638245808516_4296828263222913731_n.jpg","type":"image\/jpeg"}],"author":"admin","twitter_card":"summary_large_image","twitter_misc":{"Szacowany czas czytania":"1 minuta"},"schema":{"@context":"https:\/\/schema.org","@graph":[{"@type":"Organization","@id":"https:\/\/www.ogrodolszanica.pl\/#organization","name":"Ogr\u00f3d Olszanica - Krakowskie Centrum Ogrodnicze","url":"https:\/\/www.ogrodolszanica.pl\/","sameAs":["https:\/\/www.facebook.com\/Ogrd-Olszanica-100807179225223"],"logo":{"@type":"ImageObject","inLanguage":"pl-PL","@id":"https:\/\/www.ogrodolszanica.pl\/#\/schema\/logo\/image\/","url":"http:\/\/www.ogrodolszanica.pl\/wp-content\/uploads\/2022\/06\/Ogrod-Olszanica1-1.png","contentUrl":"http:\/\/www.ogrodolszanica.pl\/wp-content\/uploads\/2022\/06\/Ogrod-Olszanica1-1.png","width":180,"height":60,"caption":"Ogr\u00f3d Olszanica - Krakowskie Centrum Ogrodnicze"},"image":{"@id":"https:\/\/www.ogrodolszanica.pl\/#\/schema\/logo\/image\/"}},{"@type":"WebSite","@id":"https:\/\/www.ogrodolszanica.pl\/#website","url":"https:\/\/www.ogrodolszanica.pl\/","name":"Ogr&oacute;d Olszanica","description":"Centrum Ogrodnicze Krak&oacute;w","publisher":{"@id":"https:\/\/www.ogrodolszanica.pl\/#organization"},"potentialAction":[{"@type":"SearchAction","target":{"@type":"EntryPoint","urlTemplate":"https:\/\/www.ogrodolszanica.pl\/?s={search_term_string}"},"query-input":"required name=search_term_string"}],"inLanguage":"pl-PL"},{"@type":"ImageObject","inLanguage":"pl-PL","@id":"https:\/\/www.ogrodolszanica.pl\/index.php\/produkt\/hortensja-bukietowa-grandiflora\/#primaryimage","url":"https:\/\/i0.wp.com\/www.ogrodolszanica.pl\/wp-content\/uploads\/2022\/07\/291741209_4909638245808516_4296828263222913731_n.jpg?fit=1500%2C2000&ssl=1","contentUrl":"https:\/\/i0.wp.com\/www.ogrodolszanica.pl\/wp-content\/uploads\/2022\/07\/291741209_4909638245808516_4296828263222913731_n.jpg?fit=1500%2C2000&ssl=1","width":1500,"height":2000},{"@type":"WebPage","@id":"https:\/\/www.ogrodolszanica.pl\/index.php\/produkt\/hortensja-bukietowa-grandiflora\/#webpage","url":"https:\/\/www.ogrodolszanica.pl\/index.php\/produkt\/hortensja-bukietowa-grandiflora\/","name":"Hortensja Bukietowa Grandiflora - Ogr&oacute;d Olszanica","isPartOf":{"@id":"https:\/\/www.ogrodolszanica.pl\/#website"},"primaryImageOfPage":{"@id":"https:\/\/www.ogrodolszanica.pl\/index.php\/produkt\/hortensja-bukietowa-grandiflora\/#primaryimage"},"datePublished":"2022-07-18T14:28:12+00:00","dateModified":"2026-03-03T17:50:44+00:00","breadcrumb":{"@id":"https:\/\/www.ogrodolszanica.pl\/index.php\/produkt\/hortensja-bukietowa-grandiflora\/#breadcrumb"},"inLanguage":"pl-PL","potentialAction":[{"@type":"ReadAction","target":["https:\/\/www.ogrodolszanica.pl\/index.php\/produkt\/hortensja-bukietowa-grandiflora\/"]}]},{"@type":"BreadcrumbList","@id":"https:\/\/www.ogrodolszanica.pl\/index.php\/produkt\/hortensja-bukietowa-grandiflora\/#breadcrumb","itemListElement":[{"@type":"ListItem","position":1,"name":"Strona g\u0142\u00f3wna","item":"https:\/\/www.ogrodolszanica.pl\/"},{"@type":"ListItem","position":2,"name":"Produkty","item":"https:\/\/www.ogrodolszanica.pl\/index.php\/shop\/"},{"@type":"ListItem","position":3,"name":"Hortensja Bukietowa Grandiflora"}]}]}},"jetpack-related-posts":[{"id":1765,"url":"https:\/\/www.ogrodolszanica.pl\/index.php\/produkt\/hortensja-ogrodowa-white-delight\/","url_meta":{"origin":1763,"position":0},"title":"Hortensja Ogrodowa White Delight","date":"18 lipca, 2022","format":false,"excerpt":"Hortensja Bukietowa Grandiflora Hortensja bukietowa Grandiflora posiada sztywne, wyprostowane, br\u0105zowe p\u0119dy, kt\u00f3re opieraj\u0105 si\u0119 wiatrom i deszczom, nie uginaj\u0105 si\u0119 te\u017c pod ci\u0119\u017carem wiech. Li\u015bcie, kt\u00f3re w du\u017cej ilo\u015bci oplataj\u0105 \u0142odygi, s\u0105 d\u0142ugie, jajowate i ostro zako\u0144czone, a ich barwa ciemnozielona. Kwiatostany hortensji bukietowej Grandiflora dorastaj\u0105 do 30 centymetr\u00f3w i\u2026","rel":"","context":"Similar post","img":{"alt_text":"","src":"https:\/\/i0.wp.com\/www.ogrodolszanica.pl\/wp-content\/uploads\/2022\/07\/289060411_707885513646665_3843825511941365086_n.jpg?fit=900%2C1200&ssl=1&resize=350%2C200","width":350,"height":200},"classes":[]},{"id":1475,"url":"https:\/\/www.ogrodolszanica.pl\/index.php\/produkt\/sedum-cauticola-lidakense\/","url_meta":{"origin":1763,"position":1},"title":"Rozchodnik Cauticola Lidakense","date":"7 lipca, 2022","format":false,"excerpt":"Sedum Cauticola Lidakense Rozchodniki s\u0105 bylinami s\u0142o\u0144ca - tylko wtedy ukazuj\u0105wspania\u0142\u0105 barw\u0119 li\u015bci i kwiatostan\u00f3w. Odmiana\u00a0'Lidakense' \u015bciele si\u0119 po pod\u0142o\u017cu p\u0119dami o niebieskozielonych, okr\u0105g\u0142ych li\u015bciach, kt\u00f3re nabieraj\u0105\u00a0te\u017c r\u00f3\u017cowego odcienia. L\u015bni\u0105ce, r\u00f3\u017cowe kwiatostany\u00a0s\u0105 letni\u0105 ozdob\u0105 ro\u015bliny. Sadzi si\u0119 j\u0105 w ogr\u00f3dkach\u00a0skalnych lub w kompozycjach pojemnikowych. Rodzaj: Rozchodnik Barwa: Ciemnor\u00f3\u017cowy szeroko\u015b\u0107: 40\u00a0cm\u2026","rel":"","context":"Similar post","img":{"alt_text":"","src":"https:\/\/i0.wp.com\/www.ogrodolszanica.pl\/wp-content\/uploads\/2022\/07\/sedum-lidakense_71888_1.jpg?fit=650%2C650&ssl=1&resize=350%2C200","width":350,"height":200},"classes":[]},{"id":3300,"url":"https:\/\/www.ogrodolszanica.pl\/index.php\/produkt\/glowienka-wielkokwiatowa-gruss-aus-isernhagen\/","url_meta":{"origin":1763,"position":2},"title":"G\u0142owienka wielkokwiatowa Gruss aus Isernhagen","date":"23 lutego, 2026","format":false,"excerpt":"G\u0142owienka wielkokwiatowa Gruss aus Isernhagen Prunella grandiflora G\u0142owienka 'Gruss aus Isernhagen' to niewysoka bylina okrywowa, wyr\u00f3\u017cniaj\u0105ca si\u0119 d\u0142ugim, obfitym kwitnieniem oraz niewielkimi wymaganiami uprawowymi. Maksymalnie osi\u0105ga oko\u0142o 20 cm wysoko\u015bci. Bardzo szybko si\u0119 rozrasta, tworz\u0105c urokliwe, zwarte kobierce, kt\u00f3re szczelnie okrywaj\u0105 pod\u0142o\u017ce. Ro\u015blina doskonale nadaje si\u0119 do wype\u0142niania pustych przestrzeni\u2026","rel":"","context":"Similar post","img":{"alt_text":"","src":"https:\/\/i0.wp.com\/www.ogrodolszanica.pl\/wp-content\/uploads\/2026\/02\/Glowienka-wielkokwiatowa-Gruss-aus-Isernhagen-v5-scaled.jpg?fit=904%2C1200&ssl=1&resize=350%2C200","width":350,"height":200},"classes":[]},{"id":1713,"url":"https:\/\/www.ogrodolszanica.pl\/index.php\/produkt\/miskant-gracillimus\/","url_meta":{"origin":1763,"position":3},"title":"Miskant Gracillimus","date":"17 lipca, 2022","format":false,"excerpt":"Miskant Gracillimus Zimotrwa\u0142a odmiana miskanta o zielonych li\u015bciach, kt\u00f3re zim\u0105 przebarwiaj\u0105 si\u0119 na kolor jasno-br\u0105zowy. Na koniec sezonu pojawiaj\u0105 si\u0119 pierzaste, miedziano-br\u0105zowe kwiatostany, kt\u00f3re zdobi\u0105 ro\u015blin\u0119 do wiosny i nadaj\u0105 si\u0119 tak\u017ce do suszenia. W ch\u0142odne lata zdarza si\u0119, \u017ce ro\u015bliny nie zd\u0105\u017c\u0105 zakwitn\u0105\u0107. Najlepiej ro\u015bnie na stanowiskach umiarkowanie wilgotnych\u2026","rel":"","context":"Similar post","img":{"alt_text":"","src":"https:\/\/i0.wp.com\/www.ogrodolszanica.pl\/wp-content\/uploads\/2022\/07\/byliny-i-trawy_miscanthus-miskant_75027_2.jpg?fit=650%2C467&ssl=1&resize=350%2C200","width":350,"height":200},"classes":[]},{"id":2471,"url":"https:\/\/www.ogrodolszanica.pl\/index.php\/produkt\/miskant-graciella\/","url_meta":{"origin":1763,"position":4},"title":"Miskant Graciella","date":"28 sierpnia, 2023","format":false,"excerpt":"Miskant Graciella Zimotrwa\u0142a odmiana miskanta o zielonych li\u015bciach, kt\u00f3re jesieni\u0105 przebarwiaj\u0105 si\u0119 na kolor miedziano-pomara\u0144czowy, a zim\u0105 na jasno-br\u0105zowy. W sierpniu pojawiaj\u0105 si\u0119 efektowne, pierzaste, miedziano-br\u0105zowe kwiatostany, kt\u00f3re zdobi\u0105 ro\u015blin\u0119 do wiosny i nadaj\u0105 si\u0119 tak\u017ce do suszenia. Najlepiej ro\u015bnie na stanowiskach umiarkowanie wilgotnych i wilgotnych, przepuszczalnych. Na wiosn\u0119 nale\u017cy\u2026","rel":"","context":"Similar post","img":{"alt_text":"","src":"https:\/\/i0.wp.com\/www.ogrodolszanica.pl\/wp-content\/uploads\/2023\/08\/miscanthus-graciella_71593_1.jpg?fit=650%2C650&ssl=1&resize=350%2C200","width":350,"height":200},"classes":[]},{"id":2707,"url":"https:\/\/www.ogrodolszanica.pl\/index.php\/produkt\/jezowka-echinacea-purpurea-cherry-fluff\/","url_meta":{"origin":1763,"position":5},"title":"Je\u017c\u00f3wka Cherry Fluff","date":"31 stycznia, 2024","format":false,"excerpt":"Je\u017c\u00f3wka Cherry Fluff \u00a0 'Cherry Fluff' jest pierwsz\u0105 dwubarwn\u0105 odmian\u0105 je\u017c\u00f3wki o pe\u0142nych kwiatach. Pocz\u0105tkowo p\u0142atki s\u0105 kremowo-bia\u0142e z wi\u015bniowo-r\u00f3\u017cowymi przebarwieniami, kt\u00f3re w miar\u0119 starzenia si\u0119 kwiat\u00f3w staj\u0105 si\u0119 coraz bardzie wyra\u017ane. Doskona\u0142a na rabaty, obw\u00f3dki a tak\u017ce na kwiat ci\u0119ty. Najlepiej ro\u015bnie na stanowiskach s\u0142onecznych. Rodzaj: Je\u017c\u00f3wka Barwa: Kremowor\u00f3\u017cowa\u2026","rel":"","context":"Similar post","img":{"alt_text":"","src":"https:\/\/i0.wp.com\/www.ogrodolszanica.pl\/wp-content\/uploads\/2024\/01\/byliny-i-trawy_double-medium_74294_1.jpg?fit=650%2C650&ssl=1&resize=350%2C200","width":350,"height":200},"classes":[]}],"_links":{"self":[{"href":"https:\/\/www.ogrodolszanica.pl\/index.php\/wp-json\/wp\/v2\/product\/1763","targetHints":{"allow":["GET"]}}],"collection":[{"href":"https:\/\/www.ogrodolszanica.pl\/index.php\/wp-json\/wp\/v2\/product"}],"about":[{"href":"https:\/\/www.ogrodolszanica.pl\/index.php\/wp-json\/wp\/v2\/types\/product"}],"replies":[{"embeddable":true,"href":"https:\/\/www.ogrodolszanica.pl\/index.php\/wp-json\/wp\/v2\/comments?post=1763"}],"wp:featuredmedia":[{"embeddable":true,"href":"https:\/\/www.ogrodolszanica.pl\/index.php\/wp-json\/wp\/v2\/media\/1764"}],"wp:attachment":[{"href":"https:\/\/www.ogrodolszanica.pl\/index.php\/wp-json\/wp\/v2\/media?parent=1763"}],"wp:term":[{"taxonomy":"product_cat","embeddable":true,"href":"https:\/\/www.ogrodolszanica.pl\/index.php\/wp-json\/wp\/v2\/product_cat?post=1763"},{"taxonomy":"product_tag","embeddable":true,"href":"https:\/\/www.ogrodolszanica.pl\/index.php\/wp-json\/wp\/v2\/product_tag?post=1763"}],"curies":[{"name":"wp","href":"https:\/\/api.w.org\/{rel}","templated":true}]}}